{"id":157,"date":"2023-03-02T11:06:08","date_gmt":"2023-03-02T14:06:08","guid":{"rendered":"https:\/\/www2.uepg.br\/testeppgagro\/?page_id=157"},"modified":"2024-09-23T10:45:39","modified_gmt":"2024-09-23T13:45:39","slug":"formularios","status":"publish","type":"page","link":"https:\/\/www2.uepg.br\/ppgagro\/formularios\/","title":{"rendered":"Formul\u00e1rios"},"content":{"rendered":"<div id=\"pl-157\"  class=\"panel-layout\" ><div id=\"pg-157-0\"  class=\"panel-grid panel-no-style\" ><div id=\"pgc-157-0-0\"  class=\"panel-grid-cell\" ><div id=\"panel-157-0-0-0\" class=\"so-panel widget widget_sow-editor panel-first-child panel-last-child\" data-index=\"0\" ><div\n\t\t\t\n\t\t\tclass=\"so-widget-sow-editor so-widget-sow-editor-base\"\n\t\t\t\n\t\t>\n<div class=\"siteorigin-widget-tinymce textwidget\">\n\t<h4><strong>GERAIS<\/strong><\/h4>\n<\/div>\n<\/div><\/div><\/div><div id=\"pgc-157-0-1\"  class=\"panel-grid-cell\" ><div id=\"panel-157-0-1-0\" class=\"so-panel widget widget_sow-editor panel-first-child panel-last-child\" data-index=\"1\" ><div\n\t\t\t\n\t\t\tclass=\"so-widget-sow-editor so-widget-sow-editor-base\"\n\t\t\t\n\t\t>\n<div class=\"siteorigin-widget-tinymce textwidget\">\n\t<h4><strong>DOUTORADO<\/strong><\/h4>\n<\/div>\n<\/div><\/div><\/div><div id=\"pgc-157-0-2\"  class=\"panel-grid-cell\" ><div id=\"panel-157-0-2-0\" class=\"so-panel widget widget_sow-editor panel-first-child panel-last-child\" data-index=\"2\" ><div\n\t\t\t\n\t\t\tclass=\"so-widget-sow-editor so-widget-sow-editor-base\"\n\t\t\t\n\t\t>\n<div class=\"siteorigin-widget-tinymce textwidget\">\n\t<h4><strong>MESTRADO<\/strong><\/h4>\n<\/div>\n<\/div><\/div><\/div><\/div><div id=\"pg-157-1\"  class=\"panel-grid panel-no-style\" ><div id=\"pgc-157-1-0\"  class=\"panel-grid-cell\" ><div id=\"panel-157-1-0-0\" class=\"so-panel widget widget_sow-editor panel-first-child\" data-index=\"3\" ><div\n\t\t\t\n\t\t\tclass=\"so-widget-sow-editor so-widget-sow-editor-base\"\n\t\t\t\n\t\t>\n<div class=\"siteorigin-widget-tinymce textwidget\">\n\t<p><strong><a href=\"https:\/\/www2.uepg.br\/ppgagro\/wp-content\/uploads\/sites\/276\/2024\/09\/Carta_de_referencia.doc\"><img loading=\"lazy\" class=\"size-full wp-image-1040 alignleft\" src=\"https:\/\/www2.uepg.br\/testeppgagro\/wp-content\/uploads\/sites\/276\/2024\/09\/ico_word.png\" alt=\"\" width=\"52\" height=\"52\" \/><\/a> <a href=\"https:\/\/www2.uepg.br\/ppgagro\/wp-content\/uploads\/sites\/276\/2024\/09\/Carta_de_referencia.doc\">CARTA DE REFER\u00caNCIA<\/a><\/strong><\/p>\n<\/div>\n<\/div><\/div><div id=\"panel-157-1-0-1\" class=\"so-panel widget widget_sow-editor\" data-index=\"4\" ><div\n\t\t\t\n\t\t\tclass=\"so-widget-sow-editor so-widget-sow-editor-base\"\n\t\t\t\n\t\t>\n<div class=\"siteorigin-widget-tinymce textwidget\">\n\t<p><a href=\"https:\/\/www2.uepg.br\/ppgagro\/wp-content\/uploads\/sites\/276\/2024\/09\/plano-de-atividades-de-estagio-de-docencia-2021-1.docx\"><strong><img loading=\"lazy\" class=\"size-full wp-image-1040 alignleft\" src=\"https:\/\/www2.uepg.br\/testeppgagro\/wp-content\/uploads\/sites\/276\/2024\/09\/ico_word.png\" alt=\"\" width=\"52\" height=\"52\" \/>Plano de Atividades de Est\u00e1gio de Doc\u00eancia<\/strong><\/a><\/p>\n<\/div>\n<\/div><\/div><div id=\"panel-157-1-0-2\" class=\"so-panel widget widget_sow-editor\" data-index=\"5\" ><div\n\t\t\t\n\t\t\tclass=\"so-widget-sow-editor so-widget-sow-editor-base\"\n\t\t\t\n\t\t>\n<div class=\"siteorigin-widget-tinymce textwidget\">\n\t<p><a href=\"https:\/\/www2.uepg.br\/ppgagro\/wp-content\/uploads\/sites\/276\/2024\/09\/Relatorio_de_Atividades_de_Estagio_de_Docencia.doc\"><strong><img loading=\"lazy\" class=\"size-full wp-image-1040 alignleft\" src=\"https:\/\/www2.uepg.br\/testeppgagro\/wp-content\/uploads\/sites\/276\/2024\/09\/ico_word.png\" alt=\"\" width=\"52\" height=\"52\" \/>Relat\u00f3rio de Atividades de Est\u00e1gio de Doc\u00eancia<\/strong><\/a><\/p>\n<\/div>\n<\/div><\/div><div id=\"panel-157-1-0-3\" class=\"so-panel widget widget_sow-editor\" data-index=\"6\" ><div\n\t\t\t\n\t\t\tclass=\"so-widget-sow-editor so-widget-sow-editor-base\"\n\t\t\t\n\t\t>\n<div class=\"siteorigin-widget-tinymce textwidget\">\n\t<p><a href=\"https:\/\/www2.uepg.br\/ppgagro\/wp-content\/uploads\/sites\/276\/2024\/09\/relatorio-semestral-de-atividades-discentes-atualizado-2021.docx\"><strong><img loading=\"lazy\" class=\"size-full wp-image-1040 alignleft\" src=\"https:\/\/www2.uepg.br\/testeppgagro\/wp-content\/uploads\/sites\/276\/2024\/09\/ico_word.png\" alt=\"\" width=\"52\" height=\"52\" \/>Relat\u00f3rio Semestral de Atividades Discentes<\/strong><\/a><\/p>\n<\/div>\n<\/div><\/div><div id=\"panel-157-1-0-4\" class=\"so-panel widget widget_sow-editor\" data-index=\"7\" ><div\n\t\t\t\n\t\t\tclass=\"so-widget-sow-editor so-widget-sow-editor-base\"\n\t\t\t\n\t\t>\n<div class=\"siteorigin-widget-tinymce textwidget\">\n\t<p><a href=\"https:\/\/www2.uepg.br\/ppgagro\/wp-content\/uploads\/sites\/276\/2024\/09\/Requerimento_geral_aluno_regular.docx\"><strong><img loading=\"lazy\" class=\"size-full wp-image-1040 alignleft\" src=\"https:\/\/www2.uepg.br\/testeppgagro\/wp-content\/uploads\/sites\/276\/2024\/09\/ico_word.png\" alt=\"\" width=\"52\" height=\"52\" \/>Requerimento geral - aluno regular<\/strong><\/a><\/p>\n<\/div>\n<\/div><\/div><div id=\"panel-157-1-0-5\" class=\"so-panel widget widget_sow-editor\" data-index=\"8\" ><div\n\t\t\t\n\t\t\tclass=\"so-widget-sow-editor so-widget-sow-editor-base\"\n\t\t\t\n\t\t>\n<div class=\"siteorigin-widget-tinymce textwidget\">\n\t<p><a href=\"https:\/\/www2.uepg.br\/ppgagro\/wp-content\/uploads\/sites\/276\/2024\/09\/Solicitacao_de_uso_da_casa_de_vegetacao.docx\"><strong><img loading=\"lazy\" class=\"size-full wp-image-1040 alignleft\" src=\"https:\/\/www2.uepg.br\/testeppgagro\/wp-content\/uploads\/sites\/276\/2024\/09\/ico_word.png\" alt=\"\" width=\"52\" height=\"52\" \/>Solicita\u00e7\u00e3o de uso da casa de vegeta\u00e7\u00e3o<\/strong><\/a><\/p>\n<\/div>\n<\/div><\/div><div id=\"panel-157-1-0-6\" class=\"so-panel widget widget_sow-editor\" data-index=\"9\" ><div\n\t\t\t\n\t\t\tclass=\"so-widget-sow-editor so-widget-sow-editor-base\"\n\t\t\t\n\t\t>\n<div class=\"siteorigin-widget-tinymce textwidget\">\n\t<p><a href=\"https:\/\/www2.uepg.br\/ppgagro\/wp-content\/uploads\/sites\/276\/2024\/09\/Validacao_de_Credito_Oriundo_de_Publicacao_de_artigo_em_Periodico.docx\"><strong><img loading=\"lazy\" class=\"size-full wp-image-1040 alignleft\" src=\"https:\/\/www2.uepg.br\/testeppgagro\/wp-content\/uploads\/sites\/276\/2024\/09\/ico_word.png\" alt=\"\" width=\"52\" height=\"52\" \/>Valida\u00e7\u00e3o de Cr\u00e9dito(s) Oriundo(s) de Publica\u00e7\u00e3o de artigo em Peri\u00f3dico<\/strong><\/a><\/p>\n<\/div>\n<\/div><\/div><div id=\"panel-157-1-0-7\" class=\"so-panel widget widget_sow-editor panel-last-child\" data-index=\"10\" ><div\n\t\t\t\n\t\t\tclass=\"so-widget-sow-editor so-widget-sow-editor-base\"\n\t\t\t\n\t\t>\n<div class=\"siteorigin-widget-tinymce textwidget\">\n\t<p><a href=\"https:\/\/www2.uepg.br\/ppgagro\/wp-content\/uploads\/sites\/276\/2024\/09\/Requerimento_Disciplina_Isolada_aluno_nao_regular.doc\"><strong><img loading=\"lazy\" class=\"size-full wp-image-1040 alignleft\" src=\"https:\/\/www2.uepg.br\/testeppgagro\/wp-content\/uploads\/sites\/276\/2024\/09\/ico_word.png\" alt=\"\" width=\"52\" height=\"52\" \/>Requerimento Disciplina Isolada- aluno n\u00e3o regular<\/strong><\/a><\/p>\n<\/div>\n<\/div><\/div><\/div><div id=\"pgc-157-1-1\"  class=\"panel-grid-cell\" ><div id=\"panel-157-1-1-0\" class=\"so-panel widget widget_sow-editor panel-first-child\" data-index=\"11\" ><div\n\t\t\t\n\t\t\tclass=\"so-widget-sow-editor so-widget-sow-editor-base\"\n\t\t\t\n\t\t>\n<div class=\"siteorigin-widget-tinymce textwidget\">\n\t<p><a href=\"https:\/\/www2.uepg.br\/ppgagro\/wp-content\/uploads\/sites\/276\/2024\/09\/DOUTORADO_Carta_de_ciencia_do_orientador_artigo.doc\"><strong><img loading=\"lazy\" class=\"size-full wp-image-1040 alignleft\" src=\"https:\/\/www2.uepg.br\/testeppgagro\/wp-content\/uploads\/sites\/276\/2024\/09\/ico_word.png\" alt=\"\" width=\"52\" height=\"52\" \/>DOUTORADO - Carta de ci\u00eancia do orientador para artigo<\/strong><\/a><\/p>\n<\/div>\n<\/div><\/div><div id=\"panel-157-1-1-1\" class=\"so-panel widget widget_sow-editor\" data-index=\"12\" ><div\n\t\t\t\n\t\t\tclass=\"so-widget-sow-editor so-widget-sow-editor-base\"\n\t\t\t\n\t\t>\n<div class=\"siteorigin-widget-tinymce textwidget\">\n\t<p><a href=\"https:\/\/www2.uepg.br\/ppgagro\/wp-content\/uploads\/sites\/276\/2024\/09\/DOUTORADO_Solicitacao_de_Defesa_e_indicacao_dos_membros_da_banca.docx\"><strong><img loading=\"lazy\" class=\"size-full wp-image-1040 alignleft\" src=\"https:\/\/www2.uepg.br\/testeppgagro\/wp-content\/uploads\/sites\/276\/2024\/09\/ico_word.png\" alt=\"\" width=\"52\" height=\"52\" \/>DOUTORADO - Solicita\u00e7\u00e3o de Defesa e indica\u00e7\u00e3o dos membros da banca<\/strong><\/a><\/p>\n<\/div>\n<\/div><\/div><div id=\"panel-157-1-1-2\" class=\"so-panel widget widget_sow-editor\" data-index=\"13\" ><div\n\t\t\t\n\t\t\tclass=\"so-widget-sow-editor so-widget-sow-editor-base\"\n\t\t\t\n\t\t>\n<div class=\"siteorigin-widget-tinymce textwidget\">\n\t<p><a href=\"https:\/\/www2.uepg.br\/ppgagro\/wp-content\/uploads\/sites\/276\/2024\/09\/DOUTORADO_Solicitacao_de_Exame_de_Qualificacao_e_indicacao_dos_membros_da_banca.docx\"><strong><img loading=\"lazy\" class=\"size-full wp-image-1040 alignleft\" src=\"https:\/\/www2.uepg.br\/testeppgagro\/wp-content\/uploads\/sites\/276\/2024\/09\/ico_word.png\" alt=\"\" width=\"52\" height=\"52\" \/>DOUTORADO - Solicita\u00e7\u00e3o de Exame de Qualifica\u00e7\u00e3o e indica\u00e7\u00e3o dos membros da banca<\/strong><\/a><\/p>\n<\/div>\n<\/div><\/div><div id=\"panel-157-1-1-3\" class=\"so-panel widget widget_sow-editor\" data-index=\"14\" ><div\n\t\t\t\n\t\t\tclass=\"so-widget-sow-editor so-widget-sow-editor-base\"\n\t\t\t\n\t\t>\n<div class=\"siteorigin-widget-tinymce textwidget\">\n\t<p><a href=\"https:\/\/www2.uepg.br\/ppgagro\/wp-content\/uploads\/sites\/276\/2024\/09\/DOUTORADO_Detalhes_membros_da_Banca_do_Exame_de_Qualificacao.docx\"><strong><img loading=\"lazy\" class=\"size-full wp-image-1040 alignleft\" src=\"https:\/\/www2.uepg.br\/testeppgagro\/wp-content\/uploads\/sites\/276\/2024\/09\/ico_word.png\" alt=\"\" width=\"52\" height=\"52\" \/>DOUTORADO - Detalhes membros da Banca do Exame de Qualifica\u00e7\u00e3o<\/strong><\/a><\/p>\n<\/div>\n<\/div><\/div><div id=\"panel-157-1-1-4\" class=\"so-panel widget widget_sow-editor\" data-index=\"15\" ><div\n\t\t\t\n\t\t\tclass=\"so-widget-sow-editor so-widget-sow-editor-base\"\n\t\t\t\n\t\t>\n<div class=\"siteorigin-widget-tinymce textwidget\">\n\t<p><a href=\"https:\/\/www2.uepg.br\/ppgagro\/wp-content\/uploads\/sites\/276\/2024\/09\/DOUTORADO_Detalhes_membros_da_Banca_de_defesa_do_doutorado.docx\"><strong><img loading=\"lazy\" class=\"size-full wp-image-1040 alignleft\" src=\"https:\/\/www2.uepg.br\/testeppgagro\/wp-content\/uploads\/sites\/276\/2024\/09\/ico_word.png\" alt=\"\" width=\"52\" height=\"52\" \/>DOUTORADO - Detalhes membros da Banca de defesa do doutorado<\/strong><\/a><\/p>\n<\/div>\n<\/div><\/div><div id=\"panel-157-1-1-5\" class=\"so-panel widget widget_sow-editor panel-last-child\" data-index=\"16\" ><div\n\t\t\t\n\t\t\tclass=\"so-widget-sow-editor so-widget-sow-editor-base\"\n\t\t\t\n\t\t>\n<div class=\"siteorigin-widget-tinymce textwidget\">\n\t<p><a href=\"https:\/\/www2.uepg.br\/ppgagro\/wp-content\/uploads\/sites\/276\/2024\/09\/DOUTORADO_Solicitacao_compatibilidade_bolsa_e_atividade_extracurricular_remunerada.doc\"><strong><img loading=\"lazy\" class=\"size-full wp-image-1040 alignleft\" src=\"https:\/\/www2.uepg.br\/testeppgagro\/wp-content\/uploads\/sites\/276\/2024\/09\/ico_word.png\" alt=\"\" width=\"52\" height=\"52\" \/>DOUTORADO - Solicita\u00e7\u00e3o compatibilidade bolsa e atividade extracurricular remunerada<\/strong><\/a><\/p>\n<\/div>\n<\/div><\/div><\/div><div id=\"pgc-157-1-2\"  class=\"panel-grid-cell\" ><div id=\"panel-157-1-2-0\" class=\"so-panel widget widget_sow-editor panel-first-child\" data-index=\"17\" ><div\n\t\t\t\n\t\t\tclass=\"so-widget-sow-editor so-widget-sow-editor-base\"\n\t\t\t\n\t\t>\n<div class=\"siteorigin-widget-tinymce textwidget\">\n\t<p><a href=\"https:\/\/www2.uepg.br\/ppgagro\/wp-content\/uploads\/sites\/276\/2024\/09\/MESTRADO_Solicitacao_de_Defesa_e_indicacao_dos_membros_da_banca.docx\"><strong><img loading=\"lazy\" class=\"size-full wp-image-1040 alignleft\" src=\"https:\/\/www2.uepg.br\/testeppgagro\/wp-content\/uploads\/sites\/276\/2024\/09\/ico_word.png\" alt=\"\" width=\"52\" height=\"52\" \/>MESTRADO - Solicita\u00e7\u00e3o de Defesa e indica\u00e7\u00e3o dos membros da banca<\/strong><\/a><\/p>\n<\/div>\n<\/div><\/div><div id=\"panel-157-1-2-1\" class=\"so-panel widget widget_sow-editor panel-last-child\" data-index=\"18\" ><div\n\t\t\t\n\t\t\tclass=\"so-widget-sow-editor so-widget-sow-editor-base\"\n\t\t\t\n\t\t>\n<div class=\"siteorigin-widget-tinymce textwidget\">\n\t<p><a href=\"https:\/\/www2.uepg.br\/ppgagro\/wp-content\/uploads\/sites\/276\/2024\/09\/MESTRADO_Detalhes_membros_da_Banca_de_defesa_do_mestrado.docx\"><strong><img loading=\"lazy\" class=\"size-full wp-image-1040 alignleft\" src=\"https:\/\/www2.uepg.br\/testeppgagro\/wp-content\/uploads\/sites\/276\/2024\/09\/ico_word.png\" alt=\"\" width=\"52\" height=\"52\" \/>MESTRADO - Detalhes membros da Banca de defesa do mestrado<\/strong><\/a><\/p>\n<\/div>\n<\/div><\/div><\/div><\/div><\/div>","protected":false},"excerpt":{"rendered":"<p>GERAIS DOUTORADO MESTRADO CARTA DE REFER\u00caNCIA Plano de Atividades de Est\u00e1gio de Doc\u00eancia Relat\u00f3rio de Atividades de Est\u00e1gio de Doc\u00eancia Relat\u00f3rio Semestral de Atividades Discentes Requerimento geral &#8211; aluno regular Solicita\u00e7\u00e3o de uso da casa de vegeta\u00e7\u00e3o Valida\u00e7\u00e3o de Cr\u00e9dito(s) Oriundo(s) de Publica\u00e7\u00e3o de artigo em Peri\u00f3dico Requerimento Disciplina Isolada- aluno n\u00e3o regular DOUTORADO &#8211;&nbsp;&hellip;<\/p>\n","protected":false},"author":582,"featured_media":0,"parent":0,"menu_order":0,"comment_status":"closed","ping_status":"closed","template":"","meta":[],"_links":{"self":[{"href":"https:\/\/www2.uepg.br\/ppgagro\/wp-json\/wp\/v2\/pages\/157"}],"collection":[{"href":"https:\/\/www2.uepg.br\/ppgagro\/wp-json\/wp\/v2\/pages"}],"about":[{"href":"https:\/\/www2.uepg.br\/ppgagro\/wp-json\/wp\/v2\/types\/page"}],"author":[{"embeddable":true,"href":"https:\/\/www2.uepg.br\/ppgagro\/wp-json\/wp\/v2\/users\/582"}],"replies":[{"embeddable":true,"href":"https:\/\/www2.uepg.br\/ppgagro\/wp-json\/wp\/v2\/comments?post=157"}],"version-history":[{"count":39,"href":"https:\/\/www2.uepg.br\/ppgagro\/wp-json\/wp\/v2\/pages\/157\/revisions"}],"predecessor-version":[{"id":492,"href":"https:\/\/www2.uepg.br\/ppgagro\/wp-json\/wp\/v2\/pages\/157\/revisions\/492"}],"wp:attachment":[{"href":"https:\/\/www2.uepg.br\/ppgagro\/wp-json\/wp\/v2\/media?parent=157"}],"curies":[{"name":"wp","href":"https:\/\/api.w.org\/{rel}","templated":true}]}}