{"id":448,"date":"2024-02-07T21:26:12","date_gmt":"2024-02-08T00:26:12","guid":{"rendered":"https:\/\/www2.uepg.br\/ppgb\/?page_id=448"},"modified":"2024-02-07T21:26:12","modified_gmt":"2024-02-08T00:26:12","slug":"apresentacao","status":"publish","type":"page","link":"https:\/\/www2.uepg.br\/ppgb\/apresentacao\/","title":{"rendered":"Apresenta\u00e7\u00e3o"},"content":{"rendered":"<p><img loading=\"lazy\" class=\"wp-image-1751 alignleft\" src=\"https:\/\/www3.unicentro.br\/ppgb\/wp-content\/uploads\/sites\/59\/2023\/11\/Logo-PPGB-e1699727609815.jpeg\" alt=\"\" width=\"357\" height=\"202\" \/><\/p>\n<p style=\"text-align: justify\"><span style=\"font-size: 12pt\">O Programa de P\u00f3s-Gradua\u00e7\u00e3o em Bioenergia (PPGB) Stricto Sensu, n\u00edvel de Mestrado Acad\u00eamico foi aprovado em 02 de outubro de 2009 pelo CTCES\/Capes. Iniciou suas atividades em mar\u00e7o de 2010 e foi homologado pelo Conselho Nacional de Educa\u00e7\u00e3o atrav\u00e9s da Port. MEC 979, de 26\/07\/2012, em sua se\u00e7\u00e3o 1, p\u00e1gina 10. Em 2023 a CAPES na 223\u00aa Reuni\u00e3o do CTC-ES, que ocorreu de 14 a 18 de agosto de 2023 aprovou o Doutorado em Bioenergia.<\/span><\/p>\n<p style=\"text-align: justify\"><span style=\"font-size: 12pt\">O Bioenergia \u00e9 um Programa Associado em Rede, sendo esta constitu\u00edda pelas seguintes IES e institutos de pesquisa: Embrapa-PR, Iapar, UEL, UEM, UEPG, UNICENTRO, UNIOESTE, UFPR e UTFPR.<\/span><\/p>\n<p><img loading=\"lazy\" class=\"alignleft\" style=\"text-align: justify\" src=\"http:\/\/www3.unicentro.br\/ppgb\/wp-content\/uploads\/sites\/59\/2019\/04\/logo2.jpg\" alt=\"Mestrado em Bioenergia\" width=\"209\" height=\"187\" \/><\/p>\n<p style=\"text-align: justify\"><span style=\"font-size: 12pt\">As institui\u00e7\u00f5es nucleadoras s\u00e3o a UEL, UFPR, UEM, UEPG, UNIOESTE e UNICENTRO, respons\u00e1veis por todas <\/span><span style=\"font-size: 12pt\">as atividades administrativas e pedag\u00f3gicas do Programa, sendo as demais institui\u00e7\u00f5es colaboradoras.<\/span><\/p>\n<p><span style=\"font-size: 12pt\">O Bioene<\/span><span style=\"font-size: 12pt\">rgia \u00e9 um curso interdisciplinar da C\u00e2mara III: Engenharia, Tecnologia e Gest\u00e3o. Desta forma profissionais das \u00e1reas de\u00a0<\/span><span style=\"font-size: 12pt\">engenharias, tecnol\u00f3gicos\u00a0<\/span><\/p>\n<p><span style=\"font-size: 12pt\">(Qu\u00edmica, F\u00edsica, Biotecnologia, Biologia, etc.) e gest\u00e3o (Administra\u00e7\u00e3o, Economia, etc.).<\/span><\/p>\n<p style=\"text-align: justify\"><span style=\"font-size: 12pt\"><strong><span style=\"color: #008000\">Os egressos do programa obter\u00e3o o t\u00edtulo na \u00c1rea de Bioenergia em uma das linhas\u00a0 de pesquisa, Biocombust\u00edveis ou Energias Renov\u00e1veis, al\u00e9m \u00a0da especifica\u00e7\u00e3o das\u00a0 \u00e1reas de atua\u00e7\u00e3o do egresso no PPGB (ex. Engenharia, Biologia e Qu\u00edmica).<\/span><\/strong><\/span><\/p>\n<p style=\"text-align: justify\"><span style=\"font-size: 12pt\">Considerando que no Paran\u00e1 reside um grande n\u00famero de Institui\u00e7\u00f5es de ensino superior e de pesquisa, as quais abrigam grande capacidade de infra-estrutura e de recursos humanos qualificados e s\u00e3o, em parte, consolidadas e reconhecidas como importantes institui\u00e7\u00f5es acad\u00eamicas e geradoras de conhecimento cient\u00edfico, verificou-se a necessidade de consolidar e ampliar a forma\u00e7\u00e3o de recursos humanos qualificados para atuar nas tem\u00e1ticas de Biocombust\u00edveis e Energias Renov\u00e1veis.<\/span><\/p>\n<p>A coordena\u00e7\u00e3o geral do PPGB vem sendo alternada pela IES Associadas Nucleadoras , a cada avalia\u00e7\u00e3o de \u00e1rea\/Capes.<\/p>\n<div class=\"wp-block-image\"><img loading=\"lazy\" class=\"alignnone wp-image-1758\" src=\"https:\/\/www3.unicentro.br\/ppgb\/wp-content\/uploads\/sites\/59\/2023\/11\/coordenacao.jpeg\" alt=\"\" width=\"570\" height=\"167\" \/><\/div>\n<div>\n<p style=\"text-align: center\"><em><span style=\"font-size: 14pt\"><strong>INSTITUI\u00c7\u00d5ES ASSOCIADAS NUCLEADORAS<\/strong><\/span><\/em><\/p>\n<p style=\"text-align: center\">Universidade Estadual de Maring\u00e1 (UEM) &#8211; Campus Sede, Maring\u00e1\/PR<br \/>\n<a href=\"http:\/\/www.deq.uem.br\/ppb\/\">(http:\/\/www.deq.uem.br\/ppb\/)<\/a><\/p>\n<p style=\"text-align: center\">Universidade Federal do Paran\u00e1 (UFPR) &#8211; Campus Palotina, Palotina\/PR<br \/>\n<a href=\"http:\/\/www.palotina.ufpr.br\/bioenergia\/\">http:\/\/www.palotina.ufpr.br\/portal\/bioenergia\/<\/a><\/p>\n<p style=\"text-align: center\">Universidade Estadual de Londrina (UEL) &#8211; Campus Universit\u00e1rio, Londrina\/PR<br \/>\n(<a href=\"http:\/\/www.uel.br\/pos\/bioenergia\/\">http:\/\/www.uel.br\/pos\/bioenergia\/)<\/a><\/p>\n<p style=\"text-align: center\">Universidade Estadual de Ponta Grossa (UEPG) &#8211; Campus Uvaranas, Ponta Grossa\/PR<br \/>\n<a href=\"https:\/\/pitangui.uepg.br\/propesp\/ppgb\/\">https:\/\/pitangui.uepg.br\/propesp\/ppgb\/<\/a><\/p>\n<p style=\"text-align: center\">Universidade Estadual do Oeste do Paran\u00e1 (UNIOESTE) &#8211; Campus de Toledo, Toledo\/PR<br \/>\n<a href=\"https:\/\/www5.unioeste.br\/portalunioeste\/pos\/ppgb\">https:\/\/www5.unioeste.br\/portalunioeste\/pos\/ppgb<\/a><\/p>\n<p style=\"text-align: center\">Universidade Estadual do Centro-Oeste do Paran\u00e1 (UNICENTRO) &#8211; Campus CEDETEG, Guarapuava\/PR<br \/>\n<a href=\"https:\/\/www3.unicentro.br\/ppgb\/\">https:\/\/www3.unicentro.br\/ppgb\/<\/a><\/p>\n<\/div>\n<div><\/div>\n","protected":false},"excerpt":{"rendered":"<p>O Programa de P\u00f3s-Gradua\u00e7\u00e3o em Bioenergia (PPGB) Stricto Sensu, n\u00edvel de Mestrado Acad\u00eamico foi aprovado em 02 de outubro de 2009 pelo CTCES\/Capes. Iniciou suas atividades em mar\u00e7o de 2010 e foi homologado pelo Conselho Nacional de Educa\u00e7\u00e3o atrav\u00e9s da Port. MEC 979, de 26\/07\/2012, em sua se\u00e7\u00e3o 1, p\u00e1gina 10. Em 2023 a CAPES&nbsp;&hellip;<\/p>\n","protected":false},"author":449,"featured_media":0,"parent":0,"menu_order":0,"comment_status":"closed","ping_status":"closed","template":"","meta":[],"_links":{"self":[{"href":"https:\/\/www2.uepg.br\/ppgb\/wp-json\/wp\/v2\/pages\/448"}],"collection":[{"href":"https:\/\/www2.uepg.br\/ppgb\/wp-json\/wp\/v2\/pages"}],"about":[{"href":"https:\/\/www2.uepg.br\/ppgb\/wp-json\/wp\/v2\/types\/page"}],"author":[{"embeddable":true,"href":"https:\/\/www2.uepg.br\/ppgb\/wp-json\/wp\/v2\/users\/449"}],"replies":[{"embeddable":true,"href":"https:\/\/www2.uepg.br\/ppgb\/wp-json\/wp\/v2\/comments?post=448"}],"version-history":[{"count":4,"href":"https:\/\/www2.uepg.br\/ppgb\/wp-json\/wp\/v2\/pages\/448\/revisions"}],"predecessor-version":[{"id":649,"href":"https:\/\/www2.uepg.br\/ppgb\/wp-json\/wp\/v2\/pages\/448\/revisions\/649"}],"wp:attachment":[{"href":"https:\/\/www2.uepg.br\/ppgb\/wp-json\/wp\/v2\/media?parent=448"}],"curies":[{"name":"wp","href":"https:\/\/api.w.org\/{rel}","templated":true}]}}