{"id":456,"date":"2024-02-09T08:30:16","date_gmt":"2024-02-09T11:30:16","guid":{"rendered":"https:\/\/www2.uepg.br\/ppgb\/?page_id=456"},"modified":"2024-02-09T08:30:16","modified_gmt":"2024-02-09T11:30:16","slug":"estrutura-e-funcionamento-do-ppgb","status":"publish","type":"page","link":"https:\/\/www2.uepg.br\/ppgb\/estrutura-e-funcionamento-do-ppgb\/","title":{"rendered":"Estrutura e Funcionamento do PPGB"},"content":{"rendered":"<p><span style=\"font-size: 14pt\"><em><strong>ESTRUTURA<\/strong><\/em><\/span><\/p>\n<p><span style=\"font-size: 14pt\">Programa de P\u00f3s-Gradua\u00e7\u00e3o em Bioenergia (Em Rede)<br \/>\nN\u00edveis: Mestrado e Doutorado<\/span><\/p>\n<p><span style=\"font-size: 14pt\"><em>Institui\u00e7\u00f5es Associadas Nucleadoras da Rede:<\/em><\/span><br \/>\nUEL &#8211; UEM &#8211; UEPG &#8211; UNICENTRO &#8211; UNIOESTE &#8211; UFPR<\/p>\n<p><span style=\"font-size: 14pt\"><em>\u00c1rea B\u00e1sica:<\/em><\/span><br \/>\nENGENHARIA\/TECNOLOGIA\/GEST\u00c3O (90193000)<\/p>\n<p><span style=\"font-size: 14pt\"><em>\u00c1rea de Avalia\u00e7\u00e3o CAPES:<\/em><\/span><br \/>\nINTERDISCIPLINAR<\/p>\n<p><span style=\"font-size: 14pt\"><em>Modalidade:<\/em><\/span><br \/>\nACAD\u00caMICO<\/p>\n<p><span style=\"font-size: 14pt\"><em>Modalidade de Ensino:<\/em><\/span><br \/>\nEDUCA\u00c7\u00c3O PRESENCIAL<\/p>\n<p style=\"text-align: justify\"><span style=\"font-size: 14pt\"><em>Administrativo:<\/em><\/span><br \/>\nINSTITUI\u00c7\u00d5ES DE ENSINO SUPERIOR (IES) COORDENADORA GERAL: \u00c9 a\u00a0 IES representante da forma associativa perante a CAPES e a comunidade.<br \/>\nIES ASSOCIADAS: Institui\u00e7\u00f5es que participam da forma associativa em rede e possuem responsabilidade compartilhada: UEL, UEM, UEPG, UNICENTRO, UNIOESTE e UFPR. Nas Institui\u00e7\u00f5es Associadas em Rede os PPGB Locais estar\u00e3o vinculados a um Departamento, Setor ou Centro de Ensino, respeitando a aloca\u00e7\u00e3o de acordo com a \u00e1rea Interdisciplinar da CAPES de: Engenharia\/ Tecnologia\/Gest\u00e3o (90193000). Todos ter\u00e3o secretaria, colegiado local e infraestrutura administrativa e de pesquisa destina ao PPGB. A infraestrutura para o funcionamento do Programa ser\u00e1 compartilhada entre as institui\u00e7\u00f5es Associadas e as atividades acad\u00eamicas e pesquisas ser\u00e3o desenvolvidas nas Associadas, devendo o discente(s)\/docente(s) frequentar os campi, contando com as instala\u00e7\u00f5es, equipamentos e os recursos dispon\u00edveis nas Associadas do PPGB.<br \/>\nINSTITUI\u00c7\u00d5ES COLABORADORAS:\u00a0Organiza\u00e7\u00f5es, p\u00fablicas ou privadas, que participam da forma associativa, por meio de parcerias ou de conv\u00eanios com as Institui\u00e7\u00f5es Associadas Nucleadoras.<\/p>\n<p style=\"text-align: justify\"><span style=\"font-size: 14pt\"><em>A Estrutura organizacional did\u00e1tico-administrativa do PPGB \u00e9 constitu\u00edda por:<\/em><\/span><br \/>\nColegiado Geral do Programa como \u00f3rg\u00e3o deliberativo junto ao programa associado em rede e propositivo junto aos comit\u00eas, coordena\u00e7\u00f5es e conselhos superior das Associadas;<br \/>\nCoordena\u00e7\u00e3o Geral como \u00f3rg\u00e3o executivo do Colegiado Acad\u00eamico Geral,<br \/>\nCoordenador de cada Institui\u00e7\u00e3o Associada em Rede (Coordenador Local), docente do quadro Permanente da Associada em Rede e do Programa, respons\u00e1vel direto pela gest\u00e3o acad\u00eamica dos discentes da Institui\u00e7\u00e3o Associada;<\/p>\n<p>&nbsp;<\/p>\n<p><strong><span style=\"font-size: 14pt\"><em>REGIME ACAD\u00caMICO<\/em><\/span><\/strong><\/p>\n<p style=\"text-align: justify\">As disciplinas s\u00e3o ofertadas em Regime Modular. Concentradas em determinados per\u00edodos do ano e os discentes e docentes das IES Nucleadoras, se deslocam at\u00e9 as IES nucleadora respons\u00e1vel pela oferta da disciplina.<\/p>\n<p>&nbsp;<\/p>\n<p><span style=\"font-size: 14pt\"><em><strong>PERFIL DO INGRESSO E EGRESSO DO PPGB<\/strong><\/em><\/span><\/p>\n<p style=\"text-align: justify\">O ingresso do PPGB dever\u00e1 ter forma\u00e7\u00e3o de gradua\u00e7\u00e3o, preferencialmente, em Engenharias, Ci\u00eancias Exatas e da Terra, Ci\u00eancias Biol\u00f3gicas, Ci\u00eancias Agr\u00e1rias, Ci\u00eancias Sociais ou Econ\u00f4micas, assim como outras \u00e1reas afins.<br \/>\nO corpo discente do PPGB ser\u00e1 formado por discentes regulares, n\u00e3o-regulares (especiais), ouvintes e de mobilidade acad\u00eamica.<br \/>\nO egresso do Mestrado Acad\u00eamico em Bioenergia, com \u00e1rea de concentra\u00e7\u00e3o em Bioenergia e atua\u00e7\u00e3o nas linhas de Biocombust\u00edveis e\/ou Energias Renov\u00e1veis e deve ter senso cr\u00edtico, \u00e9tica e ser capaz de aprofundar conhecimentos te\u00f3ricos e pr\u00e1ticos para a dissemina\u00e7\u00e3o e atua\u00e7\u00e3o acad\u00eamica, em pesquisa, desenvolvimento e inova\u00e7\u00e3o de processos e produtos envolvidos na linha de atua\u00e7\u00e3o sob aspecto sustent\u00e1vel.<\/p>\n<p>&nbsp;<\/p>\n<p><span style=\"font-size: 14pt\"><em><strong>PERIODICIDADE DA SELE\u00c7\u00c3O PARA INGRESSO NO PPGB<\/strong><\/em><\/span><\/p>\n<p style=\"text-align: justify\">A sele\u00e7\u00e3o de ingresso no PPGB ser\u00e1 anual e dar-se-\u00e1 por processo seletivo p\u00fablico, em per\u00edodo determinado e em editais pr\u00f3prios aprovados pelo Colegiado Geral. Editais divulgados pela secretaria do PPGB da Associada Nucleadora via eletr\u00f4nica, podendo haver admiss\u00e3o anual de uma ou mais turmas, conforme delibera\u00e7\u00e3o do Colegiado Geral do PPGB.<br \/>\nAs ofertas de vagas do PPGB ser\u00e3o previstas e deliberadas previamente pelo Colegiado Geral do PPGB, sendo ofertadas individualmente em editais espec\u00edficos da Associadas Nucleadoras, de acordo com a possibilidade de orienta\u00e7\u00e3o dos professores efetivos do PPGB.<\/p>\n<p>&nbsp;<\/p>\n<p><span style=\"font-size: 14pt\"><em><strong>AVALIA\u00c7\u00d5ES CAPES<\/strong><\/em><\/span><\/p>\n<p><span style=\"font-size: 14pt\"><em>Tri\u00eanio 2010-2013<\/em><\/span><br \/>\nConceito: 3<br \/>\nHomologa\u00e7\u00e3o do Parecer CNE\/CES 288\/2015. Resultado da Trienal 2013.<\/p>\n<p><span style=\"font-size: 14pt\"><em>Quadri\u00eanio 2014-2017<\/em><\/span><br \/>\nConceito: 3<br \/>\nHomologa\u00e7\u00e3o do Parecer CNE\/CES 487\/2018 &#8211; Avalia\u00e7\u00e3o Quadrienal 2017.<\/p>\n<p><span style=\"font-size: 14pt\"><em>Quadrienio 2018-2021<\/em><\/span><br \/>\nConceito: 4<br \/>\nParecer CTC-ES 215<sup>a<\/sup> Reuni\u00e3o 2022.<\/p>\n","protected":false},"excerpt":{"rendered":"<p>ESTRUTURA Programa de P\u00f3s-Gradua\u00e7\u00e3o em Bioenergia (Em Rede) N\u00edveis: Mestrado e Doutorado Institui\u00e7\u00f5es Associadas Nucleadoras da Rede: UEL &#8211; UEM &#8211; UEPG &#8211; UNICENTRO &#8211; UNIOESTE &#8211; UFPR \u00c1rea B\u00e1sica: ENGENHARIA\/TECNOLOGIA\/GEST\u00c3O (90193000) \u00c1rea de Avalia\u00e7\u00e3o CAPES: INTERDISCIPLINAR Modalidade: ACAD\u00caMICO Modalidade de Ensino: EDUCA\u00c7\u00c3O PRESENCIAL Administrativo: INSTITUI\u00c7\u00d5ES DE ENSINO SUPERIOR (IES) COORDENADORA GERAL: \u00c9 a\u00a0 IES&nbsp;&hellip;<\/p>\n","protected":false},"author":449,"featured_media":0,"parent":0,"menu_order":0,"comment_status":"closed","ping_status":"closed","template":"","meta":[],"_links":{"self":[{"href":"https:\/\/www2.uepg.br\/ppgb\/wp-json\/wp\/v2\/pages\/456"}],"collection":[{"href":"https:\/\/www2.uepg.br\/ppgb\/wp-json\/wp\/v2\/pages"}],"about":[{"href":"https:\/\/www2.uepg.br\/ppgb\/wp-json\/wp\/v2\/types\/page"}],"author":[{"embeddable":true,"href":"https:\/\/www2.uepg.br\/ppgb\/wp-json\/wp\/v2\/users\/449"}],"replies":[{"embeddable":true,"href":"https:\/\/www2.uepg.br\/ppgb\/wp-json\/wp\/v2\/comments?post=456"}],"version-history":[{"count":1,"href":"https:\/\/www2.uepg.br\/ppgb\/wp-json\/wp\/v2\/pages\/456\/revisions"}],"predecessor-version":[{"id":457,"href":"https:\/\/www2.uepg.br\/ppgb\/wp-json\/wp\/v2\/pages\/456\/revisions\/457"}],"wp:attachment":[{"href":"https:\/\/www2.uepg.br\/ppgb\/wp-json\/wp\/v2\/media?parent=456"}],"curies":[{"name":"wp","href":"https:\/\/api.w.org\/{rel}","templated":true}]}}