{"id":497,"date":"2024-02-09T08:28:00","date_gmt":"2024-02-09T11:28:00","guid":{"rendered":"https:\/\/www2.uepg.br\/ppgb\/?page_id=497"},"modified":"2024-02-09T08:28:00","modified_gmt":"2024-02-09T11:28:00","slug":"discentes-2","status":"publish","type":"page","link":"https:\/\/www2.uepg.br\/ppgb\/discentes-2\/","title":{"rendered":"Discentes"},"content":{"rendered":"<div id=\"pl-497\"  class=\"panel-layout\" ><div id=\"pg-497-0\"  class=\"panel-grid panel-no-style\" ><div id=\"pgc-497-0-0\"  class=\"panel-grid-cell\" ><div id=\"panel-497-0-0-0\" class=\"so-panel widget widget_sow-accordion panel-first-child panel-last-child\" data-index=\"0\" ><div\n\t\t\t\n\t\t\tclass=\"so-widget-sow-accordion so-widget-sow-accordion-default-0ac3280fc0a0-497\"\n\t\t\t\n\t\t><h3 class=\"widget-title\">Mestrado<\/h3><div>\n\t<div class=\"sow-accordion\">\n\t\t\t<div class=\"sow-accordion-panel\"\n\t\t\t data-anchor=\"turma-2023\">\n\t\t\t\t<div class=\"sow-accordion-panel-header-container\" role=\"heading\" aria-level=\"2\">\n\t\t\t\t\t<div class=\"sow-accordion-panel-header\" tabindex=\"0\" role=\"button\" id=\"accordion-label-turma-2023\" aria-controls=\"accordion-content-turma-2023\" aria-expanded=\"false\">\n\t\t\t\t\t\t<div class=\"sow-accordion-title sow-accordion-title-icon-left\">\n\t\t\t\t\t\t\t\t\t\t\t\t\t\tTurma 2023\t\t\t\t\t\t\t\t\t\t\t\t\t<\/div>\n\t\t\t\t\t\t<div class=\"sow-accordion-open-close-button\">\n\t\t\t\t\t\t\t<div class=\"sow-accordion-open-button\">\n\t\t\t\t\t\t\t\t<span class=\"sow-icon-ionicons\" data-sow-icon=\"&#xf218;\"\n\t\t \n\t\taria-hidden=\"true\"><\/span>\t\t\t\t\t\t\t<\/div>\n\t\t\t\t\t\t\t<div class=\"sow-accordion-close-button\">\n\t\t\t\t\t\t\t\t<span class=\"sow-icon-ionicons\" data-sow-icon=\"&#xf209;\"\n\t\t \n\t\taria-hidden=\"true\"><\/span>\t\t\t\t\t\t\t<\/div>\n\t\t\t\t\t\t<\/div>\n\t\t\t\t\t<\/div>\n\t\t\t\t<\/div>\n\n\t\t\t<div\n\t\t\t\tclass=\"sow-accordion-panel-content\"\n\t\t\t\trole=\"region\"\n\t\t\t\taria-labelledby=\"accordion-label-turma-2023\"\n\t\t\t\tid=\"accordion-content-turma-2023\"\n\t\t\t\tstyle=\"display: none;\"\t\t\t>\n\t\t\t\t<div class=\"sow-accordion-panel-border\" tabindex=\"0\">\n\t\t\t\t\t<table align=\"center\">\n<thead>\n<tr style=\"height: 79px\">\n<td style=\"height: 79px\">\n<p align=\"center\">NOME<\/p>\n<\/td>\n<td style=\"height: 79px\">\n<p align=\"center\">ORIENTADOR<\/p>\n<\/td>\n<td style=\"height: 79px\">\n<p align=\"center\">PESQUISA DESENVOLVIDA<\/p>\n<\/td>\n<td style=\"height: 79px\">\n<p align=\"center\">BOLSISTA<\/p>\n<\/td>\n<td style=\"height: 79px\">\n<p align=\"center\">PREVIS\u00c3O DE DEFESA<\/p>\n<\/td>\n<\/tr>\n<\/thead>\n<tbody>\n<tr style=\"height: 23px\">\n<td style=\"text-align: center;height: 23px\"><strong><a href=\"http:\/\/lattes.cnpq.br\/3821810421267779\">Wellington Augusto Moreira<\/a><\/strong><\/td>\n<td style=\"text-align: center;height: 23px\"><strong><a href=\"http:\/\/lattes.cnpq.br\/6637517443126827\">Sandra Regina Masetto Antunes<\/a><\/strong><\/td>\n<td style=\"text-align: center;height: 23px\"><\/td>\n<td style=\"text-align: center;height: 23px\">Sim<\/td>\n<td style=\"text-align: center;height: 23px\">AT\u00c9 03\/2025<\/td>\n<\/tr>\n<\/tbody>\n<\/table>\n<p>&nbsp;<\/p>\n\t\t\t\t<\/div>\n\t\t\t<\/div>\n\t\t<\/div>\n\t\t\t<div class=\"sow-accordion-panel\"\n\t\t\t data-anchor=\"turma-2022\">\n\t\t\t\t<div class=\"sow-accordion-panel-header-container\" role=\"heading\" aria-level=\"2\">\n\t\t\t\t\t<div class=\"sow-accordion-panel-header\" tabindex=\"0\" role=\"button\" id=\"accordion-label-turma-2022\" aria-controls=\"accordion-content-turma-2022\" aria-expanded=\"false\">\n\t\t\t\t\t\t<div class=\"sow-accordion-title sow-accordion-title-icon-left\">\n\t\t\t\t\t\t\t\t\t\t\t\t\t\tTurma 2022\t\t\t\t\t\t\t\t\t\t\t\t\t<\/div>\n\t\t\t\t\t\t<div class=\"sow-accordion-open-close-button\">\n\t\t\t\t\t\t\t<div class=\"sow-accordion-open-button\">\n\t\t\t\t\t\t\t\t<span class=\"sow-icon-ionicons\" data-sow-icon=\"&#xf218;\"\n\t\t \n\t\taria-hidden=\"true\"><\/span>\t\t\t\t\t\t\t<\/div>\n\t\t\t\t\t\t\t<div class=\"sow-accordion-close-button\">\n\t\t\t\t\t\t\t\t<span class=\"sow-icon-ionicons\" data-sow-icon=\"&#xf209;\"\n\t\t \n\t\taria-hidden=\"true\"><\/span>\t\t\t\t\t\t\t<\/div>\n\t\t\t\t\t\t<\/div>\n\t\t\t\t\t<\/div>\n\t\t\t\t<\/div>\n\n\t\t\t<div\n\t\t\t\tclass=\"sow-accordion-panel-content\"\n\t\t\t\trole=\"region\"\n\t\t\t\taria-labelledby=\"accordion-label-turma-2022\"\n\t\t\t\tid=\"accordion-content-turma-2022\"\n\t\t\t\tstyle=\"display: none;\"\t\t\t>\n\t\t\t\t<div class=\"sow-accordion-panel-border\" tabindex=\"0\">\n\t\t\t\t\t<table align=\"center\">\n<thead>\n<tr style=\"height: 79px\">\n<td style=\"height: 79px\">\n<p align=\"center\">NOME<\/p>\n<\/td>\n<td style=\"height: 79px\">\n<p align=\"center\">ORIENTADOR<\/p>\n<\/td>\n<td style=\"height: 79px\">\n<p align=\"center\">PESQUISA DESENVOLVIDA<\/p>\n<\/td>\n<td style=\"height: 79px\">\n<p align=\"center\">BOLSISTA<\/p>\n<\/td>\n<td style=\"height: 79px\">\n<p align=\"center\">PREVIS\u00c3O DE DEFESA<\/p>\n<\/td>\n<\/tr>\n<\/thead>\n<tbody>\n<tr style=\"height: 23px\">\n<td style=\"text-align: center;height: 23px\"><strong><a href=\"http:\/\/lattes.cnpq.br\/5668778180052845\">Juliana Andrade Hay<\/a><\/strong><\/td>\n<td style=\"text-align: center;height: 23px\"><a href=\"http:\/\/lattes.cnpq.br\/5685434166341583\"><strong>Pedro Henrique Weirich Neto<\/strong><\/a><\/td>\n<td style=\"text-align: center;height: 23px\"><\/td>\n<td style=\"text-align: center;height: 23px\">Sim<\/td>\n<td style=\"text-align: center;height: 23px\">AT\u00c9 07\/2024<\/td>\n<\/tr>\n<tr style=\"height: 47px\">\n<td style=\"text-align: center;height: 47px\"><strong><a href=\"http:\/\/lattes.cnpq.br\/1311440729369260\">Marcelo Basso Lacerda<\/a><\/strong><\/td>\n<td style=\"text-align: center;height: 47px\"><strong><a href=\"http:\/\/lattes.cnpq.br\/6637517443126827\">Sandra Regina Masetto Antunes<\/a><\/strong><\/td>\n<td style=\"text-align: center;height: 47px\"><\/td>\n<td style=\"text-align: center;height: 47px\">N\u00e3o<\/td>\n<td style=\"text-align: center;height: 47px\">AT\u00c9 07\/2024<\/td>\n<\/tr>\n<tr style=\"height: 44px\">\n<td style=\"text-align: center;height: 44px\"><strong><a href=\"http:\/\/lattes.cnpq.br\/2155346720218640\">Murilo Pailo Pupo Bandeira<\/a><\/strong><\/td>\n<td style=\"text-align: center;height: 44px\"><strong><a href=\"http:\/\/lattes.cnpq.br\/8972485564313775\">Eder Carlos Ferreira de Souza<\/a><\/strong><\/td>\n<td style=\"text-align: center;height: 44px\">Carv\u00e3o de Bambu como Adsorvente de Sulfeto de Hidrog\u00eanio de Biog\u00e1s Gerado em Biodigestores.<\/td>\n<td style=\"text-align: center;height: 44px\">N\u00e3o<\/td>\n<td style=\"text-align: center;height: 44px\">AT\u00c9 03\/2024<\/td>\n<\/tr>\n<tr style=\"height: 24px\">\n<td style=\"text-align: center;height: 24px\"><strong><a href=\"http:\/\/lattes.cnpq.br\/7826589974701421\">Paulo Henrique Nunes Monis<\/a><\/strong><\/td>\n<td style=\"text-align: center;height: 24px\"><a href=\"http:\/\/lattes.cnpq.br\/5685434166341583\"><strong>Pedro Henrique Weirich Neto<\/strong><\/a><\/td>\n<td style=\"text-align: center;height: 24px\"><\/td>\n<td style=\"text-align: center;height: 24px\">SIM<\/td>\n<td style=\"text-align: center;height: 24px\">AT\u00c9 05\/2024<\/td>\n<\/tr>\n<\/tbody>\n<\/table>\n\t\t\t\t<\/div>\n\t\t\t<\/div>\n\t\t<\/div>\n\t\t\t<div class=\"sow-accordion-panel\"\n\t\t\t data-anchor=\"turma-2021\">\n\t\t\t\t<div class=\"sow-accordion-panel-header-container\" role=\"heading\" aria-level=\"2\">\n\t\t\t\t\t<div class=\"sow-accordion-panel-header\" tabindex=\"0\" role=\"button\" id=\"accordion-label-turma-2021\" aria-controls=\"accordion-content-turma-2021\" aria-expanded=\"false\">\n\t\t\t\t\t\t<div class=\"sow-accordion-title sow-accordion-title-icon-left\">\n\t\t\t\t\t\t\t\t\t\t\t\t\t\tTurma 2021\t\t\t\t\t\t\t\t\t\t\t\t\t<\/div>\n\t\t\t\t\t\t<div class=\"sow-accordion-open-close-button\">\n\t\t\t\t\t\t\t<div class=\"sow-accordion-open-button\">\n\t\t\t\t\t\t\t\t<span class=\"sow-icon-ionicons\" data-sow-icon=\"&#xf218;\"\n\t\t \n\t\taria-hidden=\"true\"><\/span>\t\t\t\t\t\t\t<\/div>\n\t\t\t\t\t\t\t<div class=\"sow-accordion-close-button\">\n\t\t\t\t\t\t\t\t<span class=\"sow-icon-ionicons\" data-sow-icon=\"&#xf209;\"\n\t\t \n\t\taria-hidden=\"true\"><\/span>\t\t\t\t\t\t\t<\/div>\n\t\t\t\t\t\t<\/div>\n\t\t\t\t\t<\/div>\n\t\t\t\t<\/div>\n\n\t\t\t<div\n\t\t\t\tclass=\"sow-accordion-panel-content\"\n\t\t\t\trole=\"region\"\n\t\t\t\taria-labelledby=\"accordion-label-turma-2021\"\n\t\t\t\tid=\"accordion-content-turma-2021\"\n\t\t\t\tstyle=\"display: none;\"\t\t\t>\n\t\t\t\t<div class=\"sow-accordion-panel-border\" tabindex=\"0\">\n\t\t\t\t\t<table align=\"center\">\n<thead>\n<tr style=\"height: 79px\">\n<td style=\"height: 79px\">\n<p align=\"center\">NOME<\/p>\n<\/td>\n<td style=\"height: 79px\">\n<p align=\"center\">ORIENTADOR<\/p>\n<\/td>\n<td style=\"height: 79px\">\n<p align=\"center\">PESQUISA DESENVOLVIDA<\/p>\n<\/td>\n<td style=\"height: 79px\">\n<p align=\"center\">BOLSISTA<\/p>\n<\/td>\n<td style=\"height: 79px\">\n<p align=\"center\">PREVIS\u00c3O DE DEFESA<\/p>\n<\/td>\n<\/tr>\n<\/thead>\n<tbody>\n<tr style=\"height: 23px\">\n<td style=\"text-align: center;height: 23px\"><strong><a href=\"http:\/\/lattes.cnpq.br\/2417058406923799\">Nadine Marchini Thomaz Tavares<\/a><\/strong><\/td>\n<td style=\"text-align: center;height: 23px\"><strong><a href=\"http:\/\/lattes.cnpq.br\/6637517443126827\">Sandra Regina Masetto Antunes<\/a><\/strong><\/td>\n<td style=\"text-align: center;height: 23px\">Desistente<\/td>\n<td style=\"text-align: center;height: 23px\">N\u00e3o<\/td>\n<td style=\"text-align: center;height: 23px\">Desistente<\/td>\n<\/tr>\n<\/tbody>\n<\/table>\n\t\t\t\t<\/div>\n\t\t\t<\/div>\n\t\t<\/div>\n\t\t\t<div class=\"sow-accordion-panel\"\n\t\t\t data-anchor=\"turma-2020\">\n\t\t\t\t<div class=\"sow-accordion-panel-header-container\" role=\"heading\" aria-level=\"2\">\n\t\t\t\t\t<div class=\"sow-accordion-panel-header\" tabindex=\"0\" role=\"button\" id=\"accordion-label-turma-2020\" aria-controls=\"accordion-content-turma-2020\" aria-expanded=\"false\">\n\t\t\t\t\t\t<div class=\"sow-accordion-title sow-accordion-title-icon-left\">\n\t\t\t\t\t\t\t\t\t\t\t\t\t\tTurma 2020\t\t\t\t\t\t\t\t\t\t\t\t\t<\/div>\n\t\t\t\t\t\t<div class=\"sow-accordion-open-close-button\">\n\t\t\t\t\t\t\t<div class=\"sow-accordion-open-button\">\n\t\t\t\t\t\t\t\t<span class=\"sow-icon-ionicons\" data-sow-icon=\"&#xf218;\"\n\t\t \n\t\taria-hidden=\"true\"><\/span>\t\t\t\t\t\t\t<\/div>\n\t\t\t\t\t\t\t<div class=\"sow-accordion-close-button\">\n\t\t\t\t\t\t\t\t<span class=\"sow-icon-ionicons\" data-sow-icon=\"&#xf209;\"\n\t\t \n\t\taria-hidden=\"true\"><\/span>\t\t\t\t\t\t\t<\/div>\n\t\t\t\t\t\t<\/div>\n\t\t\t\t\t<\/div>\n\t\t\t\t<\/div>\n\n\t\t\t<div\n\t\t\t\tclass=\"sow-accordion-panel-content\"\n\t\t\t\trole=\"region\"\n\t\t\t\taria-labelledby=\"accordion-label-turma-2020\"\n\t\t\t\tid=\"accordion-content-turma-2020\"\n\t\t\t\tstyle=\"display: none;\"\t\t\t>\n\t\t\t\t<div class=\"sow-accordion-panel-border\" tabindex=\"0\">\n\t\t\t\t\t<table style=\"height: 152px\" width=\"908\" align=\"center\">\n<thead>\n<tr style=\"height: 79px\">\n<td style=\"height: 79px\">\n<p align=\"center\">NOME<\/p>\n<\/td>\n<td style=\"height: 79px\">\n<p align=\"center\">ORIENTADOR<\/p>\n<\/td>\n<td style=\"height: 79px\">\n<p align=\"center\">PESQUISA DESENVOLVIDA<\/p>\n<\/td>\n<td style=\"height: 79px\">\n<p align=\"center\">BOLSISTA<\/p>\n<\/td>\n<td style=\"height: 79px\">\n<p align=\"center\">PREVIS\u00c3O DE DEFESA<\/p>\n<\/td>\n<\/tr>\n<\/thead>\n<tbody>\n<tr style=\"height: 23px\">\n<td style=\"text-align: center;height: 23px\"><strong><a href=\"http:\/\/lattes.cnpq.br\/5792924469500668\">Jose Osmar Castagnolli Junior<\/a><\/strong><\/td>\n<td style=\"text-align: center;height: 23px\"><strong><a href=\"http:\/\/lattes.cnpq.br\/6781668980019865\">Maria Elena Payret Arr\u00faa<\/a><\/strong><\/td>\n<td style=\"text-align: center;height: 23px\"><strong><a href=\"http:\/\/tede2.uepg.br\/jspui\/handle\/prefix\/4048\">Estabilidade Oxidativa de Biodiesel de Soja de <em>Ipomoea batatas (L.) Lam.<\/em><\/a><\/strong><\/td>\n<td style=\"text-align: center;height: 23px\">Sim<\/td>\n<td style=\"text-align: center;height: 23px\">AT\u00c9 03\/2022<\/td>\n<\/tr>\n<tr style=\"height: 47px\">\n<td style=\"text-align: center;height: 47px\"><\/td>\n<td style=\"text-align: center;height: 47px\"><\/td>\n<td style=\"text-align: center;height: 47px\"><\/td>\n<td style=\"text-align: center;height: 47px\"><\/td>\n<td style=\"text-align: center;height: 47px\"><\/td>\n<\/tr>\n<\/tbody>\n<\/table>\n<p>&nbsp;<\/p>\n\t\t\t\t<\/div>\n\t\t\t<\/div>\n\t\t<\/div>\n\t\t\t<div class=\"sow-accordion-panel\"\n\t\t\t data-anchor=\"turma-2019\">\n\t\t\t\t<div class=\"sow-accordion-panel-header-container\" role=\"heading\" aria-level=\"2\">\n\t\t\t\t\t<div class=\"sow-accordion-panel-header\" tabindex=\"0\" role=\"button\" id=\"accordion-label-turma-2019\" aria-controls=\"accordion-content-turma-2019\" aria-expanded=\"false\">\n\t\t\t\t\t\t<div class=\"sow-accordion-title sow-accordion-title-icon-left\">\n\t\t\t\t\t\t\t\t\t\t\t\t\t\tTurma 2019\t\t\t\t\t\t\t\t\t\t\t\t\t<\/div>\n\t\t\t\t\t\t<div class=\"sow-accordion-open-close-button\">\n\t\t\t\t\t\t\t<div class=\"sow-accordion-open-button\">\n\t\t\t\t\t\t\t\t<span class=\"sow-icon-ionicons\" data-sow-icon=\"&#xf218;\"\n\t\t \n\t\taria-hidden=\"true\"><\/span>\t\t\t\t\t\t\t<\/div>\n\t\t\t\t\t\t\t<div class=\"sow-accordion-close-button\">\n\t\t\t\t\t\t\t\t<span class=\"sow-icon-ionicons\" data-sow-icon=\"&#xf209;\"\n\t\t \n\t\taria-hidden=\"true\"><\/span>\t\t\t\t\t\t\t<\/div>\n\t\t\t\t\t\t<\/div>\n\t\t\t\t\t<\/div>\n\t\t\t\t<\/div>\n\n\t\t\t<div\n\t\t\t\tclass=\"sow-accordion-panel-content\"\n\t\t\t\trole=\"region\"\n\t\t\t\taria-labelledby=\"accordion-label-turma-2019\"\n\t\t\t\tid=\"accordion-content-turma-2019\"\n\t\t\t\tstyle=\"display: none;\"\t\t\t>\n\t\t\t\t<div class=\"sow-accordion-panel-border\" tabindex=\"0\">\n\t\t\t\t\t<table align=\"center\">\n<thead>\n<tr style=\"height: 79px\">\n<td style=\"height: 79px\">\n<p align=\"center\">NOME<\/p>\n<\/td>\n<td style=\"height: 79px\">\n<p align=\"center\">ORIENTADOR<\/p>\n<\/td>\n<td style=\"height: 79px\">\n<p align=\"center\">PESQUISA DESENVOLVIDA<\/p>\n<\/td>\n<td style=\"height: 79px\">\n<p align=\"center\">BOLSISTA<\/p>\n<\/td>\n<td style=\"height: 79px\">\n<p align=\"center\">PREVIS\u00c3O DE DEFESA<\/p>\n<\/td>\n<\/tr>\n<\/thead>\n<tbody>\n<tr style=\"height: 23px\">\n<td style=\"text-align: center;height: 23px\"><strong><a href=\"http:\/\/lattes.cnpq.br\/5124459953275678\">Cindy Hellen Seixas Bonfati<\/a><\/strong><\/td>\n<td style=\"text-align: center;height: 23px\"><strong><a href=\"http:\/\/lattes.cnpq.br\/8972485564313775\">Eder Carlos Ferreira de Souza<\/a><\/strong><\/td>\n<td style=\"text-align: center;height: 23px\">Avalia\u00e7\u00e3o F\u00edsico-Qu\u00edmica de Baga\u00e7o de Cevada Malteada de Cervejaria nos Campos Gerais-Pr Visando Substitui\u00e7\u00e3o ao Cavaco de Eucalipto.<\/td>\n<td style=\"text-align: center;height: 23px\">Sim<\/td>\n<td style=\"text-align: center;height: 23px\">AT\u00c9 03\/2021<\/td>\n<\/tr>\n<tr style=\"height: 47px\">\n<td style=\"text-align: center;height: 47px\"><strong><a href=\"http:\/\/lattes.cnpq.br\/5791474387366514\">Anderson Farias<\/a><\/strong><\/td>\n<td style=\"text-align: center;height: 47px\"><strong><a href=\"http:\/\/lattes.cnpq.br\/6781668980019865\">Luiz Cl\u00e1udio Garcia<\/a><\/strong><\/td>\n<td style=\"text-align: center;height: 47px\">Caracteriza\u00e7\u00e3o da Biomassa de Gen\u00f3tipos de Batata-Doce para Produ\u00e7\u00e3o de Bioetanol.<\/td>\n<td style=\"text-align: center;height: 47px\">N\u00e3o<\/td>\n<td style=\"text-align: center;height: 47px\">AT\u00c9 03\/2021<\/td>\n<\/tr>\n<\/tbody>\n<\/table>\n\t\t\t\t<\/div>\n\t\t\t<\/div>\n\t\t<\/div>\n\t\t\t<div class=\"sow-accordion-panel\"\n\t\t\t data-anchor=\"turma-2018\">\n\t\t\t\t<div class=\"sow-accordion-panel-header-container\" role=\"heading\" aria-level=\"2\">\n\t\t\t\t\t<div class=\"sow-accordion-panel-header\" tabindex=\"0\" role=\"button\" id=\"accordion-label-turma-2018\" aria-controls=\"accordion-content-turma-2018\" aria-expanded=\"false\">\n\t\t\t\t\t\t<div class=\"sow-accordion-title sow-accordion-title-icon-left\">\n\t\t\t\t\t\t\t\t\t\t\t\t\t\tTurma 2018\t\t\t\t\t\t\t\t\t\t\t\t\t<\/div>\n\t\t\t\t\t\t<div class=\"sow-accordion-open-close-button\">\n\t\t\t\t\t\t\t<div class=\"sow-accordion-open-button\">\n\t\t\t\t\t\t\t\t<span class=\"sow-icon-ionicons\" data-sow-icon=\"&#xf218;\"\n\t\t \n\t\taria-hidden=\"true\"><\/span>\t\t\t\t\t\t\t<\/div>\n\t\t\t\t\t\t\t<div class=\"sow-accordion-close-button\">\n\t\t\t\t\t\t\t\t<span class=\"sow-icon-ionicons\" data-sow-icon=\"&#xf209;\"\n\t\t \n\t\taria-hidden=\"true\"><\/span>\t\t\t\t\t\t\t<\/div>\n\t\t\t\t\t\t<\/div>\n\t\t\t\t\t<\/div>\n\t\t\t\t<\/div>\n\n\t\t\t<div\n\t\t\t\tclass=\"sow-accordion-panel-content\"\n\t\t\t\trole=\"region\"\n\t\t\t\taria-labelledby=\"accordion-label-turma-2018\"\n\t\t\t\tid=\"accordion-content-turma-2018\"\n\t\t\t\tstyle=\"display: none;\"\t\t\t>\n\t\t\t\t<div class=\"sow-accordion-panel-border\" tabindex=\"0\">\n\t\t\t\t\t<table align=\"center\">\n<thead>\n<tr style=\"height: 79px\">\n<td style=\"height: 79px\">\n<p align=\"center\">NOME<\/p>\n<\/td>\n<td style=\"height: 79px\">\n<p align=\"center\">ORIENTADOR<\/p>\n<\/td>\n<td style=\"height: 79px\">\n<p align=\"center\">PESQUISA DESENVOLVIDA<\/p>\n<\/td>\n<td style=\"height: 79px\">\n<p align=\"center\">BOLSISTA<\/p>\n<\/td>\n<td style=\"height: 79px\">\n<p align=\"center\">PREVIS\u00c3O DE DEFESA<\/p>\n<\/td>\n<\/tr>\n<\/thead>\n<tbody>\n<tr style=\"height: 23px\">\n<td style=\"text-align: center;height: 23px\"><strong><a href=\"http:\/\/lattes.cnpq.br\/2233790377693263\">Glaucia Lorena Ferreira<\/a><\/strong><\/td>\n<td style=\"text-align: center;height: 23px\"><strong><a href=\"http:\/\/lattes.cnpq.br\/6637517443126827\">Sandra Regina Masetto Antunes<\/a><\/strong><\/td>\n<td style=\"text-align: center;height: 23px\">Biochar a Partir de Biomassa Residual para Dessulfuriza\u00e7\u00e3o de Biog\u00e1s.<\/td>\n<td style=\"text-align: center;height: 23px\">N\u00e3o<\/td>\n<td style=\"text-align: center;height: 23px\">AT\u00c9 03\/2020<\/td>\n<\/tr>\n<\/tbody>\n<\/table>\n\t\t\t\t<\/div>\n\t\t\t<\/div>\n\t\t<\/div>\n\t\t\t<div class=\"sow-accordion-panel\"\n\t\t\t data-anchor=\"turma-2017\">\n\t\t\t\t<div class=\"sow-accordion-panel-header-container\" role=\"heading\" aria-level=\"2\">\n\t\t\t\t\t<div class=\"sow-accordion-panel-header\" tabindex=\"0\" role=\"button\" id=\"accordion-label-turma-2017\" aria-controls=\"accordion-content-turma-2017\" aria-expanded=\"false\">\n\t\t\t\t\t\t<div class=\"sow-accordion-title sow-accordion-title-icon-left\">\n\t\t\t\t\t\t\t\t\t\t\t\t\t\tTurma 2017\t\t\t\t\t\t\t\t\t\t\t\t\t<\/div>\n\t\t\t\t\t\t<div class=\"sow-accordion-open-close-button\">\n\t\t\t\t\t\t\t<div class=\"sow-accordion-open-button\">\n\t\t\t\t\t\t\t\t<span class=\"sow-icon-ionicons\" data-sow-icon=\"&#xf218;\"\n\t\t \n\t\taria-hidden=\"true\"><\/span>\t\t\t\t\t\t\t<\/div>\n\t\t\t\t\t\t\t<div class=\"sow-accordion-close-button\">\n\t\t\t\t\t\t\t\t<span class=\"sow-icon-ionicons\" data-sow-icon=\"&#xf209;\"\n\t\t \n\t\taria-hidden=\"true\"><\/span>\t\t\t\t\t\t\t<\/div>\n\t\t\t\t\t\t<\/div>\n\t\t\t\t\t<\/div>\n\t\t\t\t<\/div>\n\n\t\t\t<div\n\t\t\t\tclass=\"sow-accordion-panel-content\"\n\t\t\t\trole=\"region\"\n\t\t\t\taria-labelledby=\"accordion-label-turma-2017\"\n\t\t\t\tid=\"accordion-content-turma-2017\"\n\t\t\t\tstyle=\"display: none;\"\t\t\t>\n\t\t\t\t<div class=\"sow-accordion-panel-border\" tabindex=\"0\">\n\t\t\t\t\t<table align=\"center\">\n<thead>\n<tr style=\"height: 79px\">\n<td style=\"height: 79px\">\n<p align=\"center\">NOME<\/p>\n<\/td>\n<td style=\"height: 79px\">\n<p align=\"center\">ORIENTADOR<\/p>\n<\/td>\n<td style=\"height: 79px\">\n<p align=\"center\">PESQUISA DESENVOLVIDA<\/p>\n<\/td>\n<td style=\"height: 79px\">\n<p align=\"center\">BOLSISTA<\/p>\n<\/td>\n<td style=\"height: 79px\">\n<p align=\"center\">PREVIS\u00c3O DE DEFESA<\/p>\n<\/td>\n<\/tr>\n<\/thead>\n<tbody>\n<tr style=\"height: 23px\">\n<td style=\"text-align: center;height: 23px\"><strong><a href=\"http:\/\/lattes.cnpq.br\/5706852240977671\">Lucas Martins Dalzoto<\/a><\/strong><\/td>\n<td style=\"text-align: center;height: 23px\"><strong><a href=\"http:\/\/lattes.cnpq.br\/5685434166341583\">Luiz Claudio Garcia<\/a><\/strong><\/td>\n<td style=\"text-align: center;height: 23px\"><a href=\"http:\/\/tede2.uepg.br\/jspui\/handle\/prefix\/3522\"><strong><span style=\"font-size: 10pt\">Carv\u00e3o de Endocarpo de Jeriv\u00e1 (<em>Syagros romanzoffiana<\/em>) como Filtro de Sulfeto de Hidrog\u00eanio em Biog\u00e1s.<\/span><\/strong><\/a><\/td>\n<td style=\"text-align: center;height: 23px\">N\u00e3o<\/td>\n<td style=\"text-align: center;height: 23px\">AT\u00c9 03\/2019<\/td>\n<\/tr>\n<tr style=\"height: 47px\">\n<td style=\"text-align: center;height: 47px\"><strong><a href=\"http:\/\/lattes.cnpq.br\/6450540078934980\">Jessica Regina Vieira<\/a><\/strong><\/td>\n<td style=\"text-align: center;height: 47px\"><a href=\"http:\/\/lattes.cnpq.br\/5685434166341583\"><strong>Pedro Henrique Weirich Neto<\/strong><\/a><\/td>\n<td style=\"text-align: center;height: 47px\"><strong><span style=\"font-size: 10pt\">Caracteriza\u00e7\u00e3o de Ra\u00edzes e Ramas de Batata-Doce (<em>Ipomoea batatas L.<\/em>) Visando Alimenta\u00e7\u00e3o Animal.<\/span><\/strong><\/td>\n<td style=\"text-align: center;height: 47px\">Sim<\/td>\n<td style=\"text-align: center;height: 47px\">AT\u00c9 03\/2019<\/td>\n<\/tr>\n<\/tbody>\n<\/table>\n<p>&nbsp;<\/p>\n\t\t\t\t<\/div>\n\t\t\t<\/div>\n\t\t<\/div>\n\t\t<\/div>\n<\/div>\n<\/div><\/div><\/div><\/div><\/div>","protected":false},"excerpt":{"rendered":"<p>Mestrado Turma 2023 NOME ORIENTADOR PESQUISA DESENVOLVIDA BOLSISTA PREVIS\u00c3O DE DEFESA Wellington Augusto Moreira Sandra Regina Masetto Antunes Sim AT\u00c9 03\/2025 &nbsp; Turma 2022 NOME ORIENTADOR PESQUISA DESENVOLVIDA BOLSISTA PREVIS\u00c3O DE DEFESA Juliana Andrade Hay Pedro Henrique Weirich Neto Sim AT\u00c9 07\/2024 Marcelo Basso Lacerda Sandra Regina Masetto Antunes N\u00e3o AT\u00c9 07\/2024 Murilo Pailo Pupo&nbsp;&hellip;<\/p>\n","protected":false},"author":449,"featured_media":0,"parent":0,"menu_order":0,"comment_status":"closed","ping_status":"closed","template":"","meta":[],"_links":{"self":[{"href":"https:\/\/www2.uepg.br\/ppgb\/wp-json\/wp\/v2\/pages\/497"}],"collection":[{"href":"https:\/\/www2.uepg.br\/ppgb\/wp-json\/wp\/v2\/pages"}],"about":[{"href":"https:\/\/www2.uepg.br\/ppgb\/wp-json\/wp\/v2\/types\/page"}],"author":[{"embeddable":true,"href":"https:\/\/www2.uepg.br\/ppgb\/wp-json\/wp\/v2\/users\/449"}],"replies":[{"embeddable":true,"href":"https:\/\/www2.uepg.br\/ppgb\/wp-json\/wp\/v2\/comments?post=497"}],"version-history":[{"count":38,"href":"https:\/\/www2.uepg.br\/ppgb\/wp-json\/wp\/v2\/pages\/497\/revisions"}],"predecessor-version":[{"id":655,"href":"https:\/\/www2.uepg.br\/ppgb\/wp-json\/wp\/v2\/pages\/497\/revisions\/655"}],"wp:attachment":[{"href":"https:\/\/www2.uepg.br\/ppgb\/wp-json\/wp\/v2\/media?parent=497"}],"curies":[{"name":"wp","href":"https:\/\/api.w.org\/{rel}","templated":true}]}}