{"id":465,"date":"2019-10-09T16:26:50","date_gmt":"2019-10-09T19:26:50","guid":{"rendered":"http:\/\/www2.uepg.br\/ppgbioevol\/?page_id=465"},"modified":"2025-07-31T10:39:44","modified_gmt":"2025-07-31T13:39:44","slug":"pesquisa","status":"publish","type":"page","link":"https:\/\/www2.uepg.br\/ppgbioevol\/pesquisa\/","title":{"rendered":"Pesquisa"},"content":{"rendered":"<div id=\"pl-465\"  class=\"panel-layout\" ><div id=\"pg-465-0\"  class=\"panel-grid panel-no-style\" ><div id=\"pgc-465-0-0\"  class=\"panel-grid-cell\" ><div id=\"panel-465-0-0-0\" class=\"so-panel widget widget_sow-accordion panel-first-child panel-last-child\" data-index=\"0\" ><div\n\t\t\t\n\t\t\tclass=\"so-widget-sow-accordion so-widget-sow-accordion-default-568f74a4ff6a-465\"\n\t\t\t\n\t\t><div>\n\t<div class=\"sow-accordion\">\n\t\t\t<div class=\"sow-accordion-panel\"\n\t\t\t data-anchor=\"caracteriza%c3%a7%c3%a3o-da-biodiversidade\">\n\t\t\t\t<div class=\"sow-accordion-panel-header-container\" role=\"heading\" aria-level=\"2\">\n\t\t\t\t\t<div class=\"sow-accordion-panel-header\" tabindex=\"0\" role=\"button\" id=\"accordion-label-caracteriza%c3%a7%c3%a3o-da-biodiversidade\" aria-controls=\"accordion-content-caracteriza%c3%a7%c3%a3o-da-biodiversidade\" aria-expanded=\"false\">\n\t\t\t\t\t\t<div class=\"sow-accordion-title sow-accordion-title-icon-left\">\n\t\t\t\t\t\t\t\t\t\t\t\t\t\tCaracteriza\u00e7\u00e3o da Biodiversidade\t\t\t\t\t\t\t\t\t\t\t\t\t<\/div>\n\t\t\t\t\t\t<div class=\"sow-accordion-open-close-button\">\n\t\t\t\t\t\t\t<div class=\"sow-accordion-open-button\">\n\t\t\t\t\t\t\t\t<span class=\"sow-icon-ionicons\" data-sow-icon=\"&#xf218;\"\n\t\t \n\t\taria-hidden=\"true\"><\/span>\t\t\t\t\t\t\t<\/div>\n\t\t\t\t\t\t\t<div class=\"sow-accordion-close-button\">\n\t\t\t\t\t\t\t\t<span class=\"sow-icon-ionicons\" data-sow-icon=\"&#xf209;\"\n\t\t \n\t\taria-hidden=\"true\"><\/span>\t\t\t\t\t\t\t<\/div>\n\t\t\t\t\t\t<\/div>\n\t\t\t\t\t<\/div>\n\t\t\t\t<\/div>\n\n\t\t\t<div\n\t\t\t\tclass=\"sow-accordion-panel-content\"\n\t\t\t\trole=\"region\"\n\t\t\t\taria-labelledby=\"accordion-label-caracteriza%c3%a7%c3%a3o-da-biodiversidade\"\n\t\t\t\tid=\"accordion-content-caracteriza%c3%a7%c3%a3o-da-biodiversidade\"\n\t\t\t\tstyle=\"display: none;\"\t\t\t>\n\t\t\t\t<div class=\"sow-accordion-panel-border\" tabindex=\"0\">\n\t\t\t\t\t<p>&nbsp;<\/p>\n<p style=\"text-align: left\"><img class=\"size-medium wp-image-647 alignleft\" src=\"http:\/\/www2.uepg.br\/ppgbioevol\/wp-content\/uploads\/sites\/25\/2019\/11\/fire-beetle-4578632_960_720-300x200.jpg\" alt=\"\" width=\"300\" height=\"200\" \/><\/p>\n<p>A Caracteriza\u00e7\u00e3o da Biodiversidade \u00e9 uma das linhas de pesquisa do PPG-BioEvol que conta com cientistas que estudam como a diversidade de animais, plantas e microorganismos est\u00e1 distribu\u00edda, quantas esp\u00e9cies desses existem e suas rela\u00e7\u00f5es. Para saber quais docentes trabalham com essa linha <a href=\"https:\/\/www2.uepg.br\/ppgbioevol\/corpo-docente\/#professores\" target=\"_blank\" rel=\"noopener\">clique aqui.<\/a><\/p>\n<p>&nbsp;<\/p>\n<p>&nbsp;<\/p>\n<p>&nbsp;<\/p>\n\t\t\t\t<\/div>\n\t\t\t<\/div>\n\t\t<\/div>\n\t\t\t<div class=\"sow-accordion-panel\"\n\t\t\t data-anchor=\"biologia-evolutiva\">\n\t\t\t\t<div class=\"sow-accordion-panel-header-container\" role=\"heading\" aria-level=\"2\">\n\t\t\t\t\t<div class=\"sow-accordion-panel-header\" tabindex=\"0\" role=\"button\" id=\"accordion-label-biologia-evolutiva\" aria-controls=\"accordion-content-biologia-evolutiva\" aria-expanded=\"false\">\n\t\t\t\t\t\t<div class=\"sow-accordion-title sow-accordion-title-icon-left\">\n\t\t\t\t\t\t\t\t\t\t\t\t\t\tBiologia Evolutiva\t\t\t\t\t\t\t\t\t\t\t\t\t<\/div>\n\t\t\t\t\t\t<div class=\"sow-accordion-open-close-button\">\n\t\t\t\t\t\t\t<div class=\"sow-accordion-open-button\">\n\t\t\t\t\t\t\t\t<span class=\"sow-icon-ionicons\" data-sow-icon=\"&#xf218;\"\n\t\t \n\t\taria-hidden=\"true\"><\/span>\t\t\t\t\t\t\t<\/div>\n\t\t\t\t\t\t\t<div class=\"sow-accordion-close-button\">\n\t\t\t\t\t\t\t\t<span class=\"sow-icon-ionicons\" data-sow-icon=\"&#xf209;\"\n\t\t \n\t\taria-hidden=\"true\"><\/span>\t\t\t\t\t\t\t<\/div>\n\t\t\t\t\t\t<\/div>\n\t\t\t\t\t<\/div>\n\t\t\t\t<\/div>\n\n\t\t\t<div\n\t\t\t\tclass=\"sow-accordion-panel-content\"\n\t\t\t\trole=\"region\"\n\t\t\t\taria-labelledby=\"accordion-label-biologia-evolutiva\"\n\t\t\t\tid=\"accordion-content-biologia-evolutiva\"\n\t\t\t\tstyle=\"display: none;\"\t\t\t>\n\t\t\t\t<div class=\"sow-accordion-panel-border\" tabindex=\"0\">\n\t\t\t\t\t<p><img class=\"size-medium wp-image-651 alignleft\" src=\"http:\/\/www2.uepg.br\/ppgbioevol\/wp-content\/uploads\/sites\/25\/2019\/11\/dna-2358911_960_720-300x169.jpg\" alt=\"\" width=\"300\" height=\"169\" \/><\/p>\n<p>A Biologia Evolutiva \u00e9 uma das linhas de pesquisa do PPG-BioEvol que conta com cientistas que estudam as mudan\u00e7as dos organismos, suas rela\u00e7\u00f5es, din\u00e2micas e padr\u00f5es de distribui\u00e7\u00e3o no espa\u00e7o e no tempo. Para saber quais docentes trabalham com essa linha <a href=\"https:\/\/www2.uepg.br\/ppgbioevol\/corpo-docente\/#professores\" target=\"_blank\" rel=\"noopener\">clique aqui.<\/a><\/p>\n\t\t\t\t<\/div>\n\t\t\t<\/div>\n\t\t<\/div>\n\t\t<\/div>\n<\/div>\n<\/div><\/div><\/div><\/div><\/div>","protected":false},"excerpt":{"rendered":"<p>Caracteriza\u00e7\u00e3o da Biodiversidade &nbsp; A Caracteriza\u00e7\u00e3o da Biodiversidade \u00e9 uma das linhas de pesquisa do PPG-BioEvol que conta com cientistas que estudam como a diversidade de animais, plantas e microorganismos est\u00e1 distribu\u00edda, quantas esp\u00e9cies desses existem e suas rela\u00e7\u00f5es. Para saber quais docentes trabalham com essa linha clique aqui. &nbsp; &nbsp; &nbsp; Biologia Evolutiva A&nbsp;&hellip;<\/p>\n","protected":false},"author":60,"featured_media":0,"parent":0,"menu_order":0,"comment_status":"closed","ping_status":"closed","template":"","meta":[],"_links":{"self":[{"href":"https:\/\/www2.uepg.br\/ppgbioevol\/wp-json\/wp\/v2\/pages\/465"}],"collection":[{"href":"https:\/\/www2.uepg.br\/ppgbioevol\/wp-json\/wp\/v2\/pages"}],"about":[{"href":"https:\/\/www2.uepg.br\/ppgbioevol\/wp-json\/wp\/v2\/types\/page"}],"author":[{"embeddable":true,"href":"https:\/\/www2.uepg.br\/ppgbioevol\/wp-json\/wp\/v2\/users\/60"}],"replies":[{"embeddable":true,"href":"https:\/\/www2.uepg.br\/ppgbioevol\/wp-json\/wp\/v2\/comments?post=465"}],"version-history":[{"count":7,"href":"https:\/\/www2.uepg.br\/ppgbioevol\/wp-json\/wp\/v2\/pages\/465\/revisions"}],"predecessor-version":[{"id":1610,"href":"https:\/\/www2.uepg.br\/ppgbioevol\/wp-json\/wp\/v2\/pages\/465\/revisions\/1610"}],"wp:attachment":[{"href":"https:\/\/www2.uepg.br\/ppgbioevol\/wp-json\/wp\/v2\/media?parent=465"}],"curies":[{"name":"wp","href":"https:\/\/api.w.org\/{rel}","templated":true}]}}