{"id":495,"date":"2019-11-14T10:09:03","date_gmt":"2019-11-14T13:09:03","guid":{"rendered":"http:\/\/www2.uepg.br\/ppgbioevol\/?page_id=495"},"modified":"2025-07-31T10:32:37","modified_gmt":"2025-07-31T13:32:37","slug":"pos-doc","status":"publish","type":"page","link":"https:\/\/www2.uepg.br\/ppgbioevol\/pos-doc\/","title":{"rendered":"P\u00f3s-Doc"},"content":{"rendered":"<p>EM ATUALIZA\u00c7\u00c3O<\/p>\n<p>&nbsp;<\/p>\n","protected":false},"excerpt":{"rendered":"<p>EM ATUALIZA\u00c7\u00c3O &nbsp;<\/p>\n","protected":false},"author":24,"featured_media":0,"parent":0,"menu_order":0,"comment_status":"closed","ping_status":"closed","template":"","meta":[],"_links":{"self":[{"href":"https:\/\/www2.uepg.br\/ppgbioevol\/wp-json\/wp\/v2\/pages\/495"}],"collection":[{"href":"https:\/\/www2.uepg.br\/ppgbioevol\/wp-json\/wp\/v2\/pages"}],"about":[{"href":"https:\/\/www2.uepg.br\/ppgbioevol\/wp-json\/wp\/v2\/types\/page"}],"author":[{"embeddable":true,"href":"https:\/\/www2.uepg.br\/ppgbioevol\/wp-json\/wp\/v2\/users\/24"}],"replies":[{"embeddable":true,"href":"https:\/\/www2.uepg.br\/ppgbioevol\/wp-json\/wp\/v2\/comments?post=495"}],"version-history":[{"count":13,"href":"https:\/\/www2.uepg.br\/ppgbioevol\/wp-json\/wp\/v2\/pages\/495\/revisions"}],"predecessor-version":[{"id":1604,"href":"https:\/\/www2.uepg.br\/ppgbioevol\/wp-json\/wp\/v2\/pages\/495\/revisions\/1604"}],"wp:attachment":[{"href":"https:\/\/www2.uepg.br\/ppgbioevol\/wp-json\/wp\/v2\/media?parent=495"}],"curies":[{"name":"wp","href":"https:\/\/api.w.org\/{rel}","templated":true}]}}