{"id":525,"date":"2019-11-14T10:48:01","date_gmt":"2019-11-14T13:48:01","guid":{"rendered":"http:\/\/www2.uepg.br\/ppgbioevol\/?page_id=525"},"modified":"2021-09-16T14:35:13","modified_gmt":"2021-09-16T17:35:13","slug":"normas-e-instrucoes","status":"publish","type":"page","link":"https:\/\/www2.uepg.br\/ppgbioevol\/normas-e-instrucoes\/","title":{"rendered":"Formul\u00e1rios"},"content":{"rendered":"<h4><strong>Formul\u00e1rios<\/strong><\/h4>\n<p><a href=\"http:\/\/www2.uepg.br\/ppgbioevol\/wp-content\/uploads\/sites\/25\/2020\/12\/Formulario-de-qualificacao.doc\">Formul\u00e1rio de qualifica\u00e7\u00e3o<\/a><\/p>\n<p><a href=\"http:\/\/www2.uepg.br\/ppgbioevol\/wp-content\/uploads\/sites\/25\/2019\/11\/Formulario-Defesa-Disserta\u00e7\u00e3o-.doc\" target=\"_blank\" rel=\"noopener noreferrer\">Formul\u00e1rio Defesa Disserta\u00e7\u00e3o<\/a><\/p>\n<p><a href=\"http:\/\/www2.uepg.br\/ppgbioevol\/\" target=\"_blank\" rel=\"noopener noreferrer\">Termo de compromisso discente<\/a><\/p>\n<p><a href=\"http:\/\/www2.uepg.br\/ppgbioevol\/wp-content\/uploads\/sites\/25\/2019\/11\/Termo_de_...pdf\" target=\"_blank\" rel=\"noopener noreferrer\">Termo de autoriza\u00e7\u00e3o para publica\u00e7\u00e3o na BDTD UEPG<\/a><\/p>\n<p><a href=\"http:\/\/www2.uepg.br\/ppgbioevol\/wp-content\/uploads\/sites\/25\/2021\/06\/Formulario-Vaga-PPG-Bioevol.docx\">Formul\u00e1rio Vaga PPG-Bioevol<\/a><\/p>\n<p><a href=\"http:\/\/www2.uepg.br\/ppgbioevol\/wp-content\/uploads\/sites\/25\/2021\/09\/Relatorio-bolsista-Modelo.docx\">Relat\u00f3rio bolsista Modelo<\/a><\/p>\n<h4><strong>Formul\u00e1rio Extens\u00e3o<\/strong><\/h4>\n<p><a href=\"http:\/\/www2.uepg.br\/ppgbioevol\/wp-content\/uploads\/sites\/25\/2019\/06\/FORMULARIO-AGENDAMENTO-VISITASextens\u00e3o.docx\">Formul\u00e1rio para agendamento de visita monitorada<\/a><\/p>\n<h4><strong>Est\u00e1gio Doc\u00eancia<\/strong><\/h4>\n<p><a href=\"http:\/\/www2.uepg.br\/ppgbioevol\/wp-content\/uploads\/sites\/25\/2021\/09\/Modelo-Projeto-de-Estagio-Docencia.doc\">Modelo Projeto de Est\u00e1gio Docencia<\/a><\/p>\n<p><a href=\"http:\/\/www2.uepg.br\/ppgbioevol\/wp-content\/uploads\/sites\/25\/2021\/09\/Modelo-Relatorio-Estagio-Docencia.doc\">Modelo Relat\u00f3rio Est\u00e1gio Docencia<\/a><\/p>\n<p>&nbsp;<\/p>\n","protected":false},"excerpt":{"rendered":"<p>Formul\u00e1rios Formul\u00e1rio de qualifica\u00e7\u00e3o Formul\u00e1rio Defesa Disserta\u00e7\u00e3o Termo de compromisso discente Termo de autoriza\u00e7\u00e3o para publica\u00e7\u00e3o na BDTD UEPG Formul\u00e1rio Vaga PPG-Bioevol Relat\u00f3rio bolsista Modelo Formul\u00e1rio Extens\u00e3o Formul\u00e1rio para agendamento de visita monitorada Est\u00e1gio Doc\u00eancia Modelo Projeto de Est\u00e1gio Docencia Modelo Relat\u00f3rio Est\u00e1gio Docencia &nbsp;<\/p>\n","protected":false},"author":24,"featured_media":0,"parent":0,"menu_order":0,"comment_status":"closed","ping_status":"closed","template":"","meta":[],"_links":{"self":[{"href":"https:\/\/www2.uepg.br\/ppgbioevol\/wp-json\/wp\/v2\/pages\/525"}],"collection":[{"href":"https:\/\/www2.uepg.br\/ppgbioevol\/wp-json\/wp\/v2\/pages"}],"about":[{"href":"https:\/\/www2.uepg.br\/ppgbioevol\/wp-json\/wp\/v2\/types\/page"}],"author":[{"embeddable":true,"href":"https:\/\/www2.uepg.br\/ppgbioevol\/wp-json\/wp\/v2\/users\/24"}],"replies":[{"embeddable":true,"href":"https:\/\/www2.uepg.br\/ppgbioevol\/wp-json\/wp\/v2\/comments?post=525"}],"version-history":[{"count":17,"href":"https:\/\/www2.uepg.br\/ppgbioevol\/wp-json\/wp\/v2\/pages\/525\/revisions"}],"predecessor-version":[{"id":1172,"href":"https:\/\/www2.uepg.br\/ppgbioevol\/wp-json\/wp\/v2\/pages\/525\/revisions\/1172"}],"wp:attachment":[{"href":"https:\/\/www2.uepg.br\/ppgbioevol\/wp-json\/wp\/v2\/media?parent=525"}],"curies":[{"name":"wp","href":"https:\/\/api.w.org\/{rel}","templated":true}]}}