{"id":529,"date":"2019-11-14T10:49:25","date_gmt":"2019-11-14T13:49:25","guid":{"rendered":"http:\/\/www2.uepg.br\/ppgbioevol\/?page_id=529"},"modified":"2025-08-12T10:07:52","modified_gmt":"2025-08-12T13:07:52","slug":"credenciamento-e-descredenciamento","status":"publish","type":"page","link":"https:\/\/www2.uepg.br\/ppgbioevol\/credenciamento-e-descredenciamento\/","title":{"rendered":"Credenciamento e Descredenciamento"},"content":{"rendered":"<h3 style=\"text-align: center\"><strong>ABERTO: <a href=\"http:\/\/www2.uepg.br\/ppgbioevol\/wp-content\/uploads\/sites\/25\/2025\/08\/Edital-Credenciamento-2025.pdf\">Edital Credenciamento 2025<\/a>\u00a0<\/strong><\/h3>\n<h4><\/h4>\n<h4><strong>Crit\u00e9rios de credenciamento, recredenciamento e altera\u00e7\u00e3o de categoria, segundo regulamento do curso <a href=\"http:\/\/www2.uepg.br\/ppgbioevol\/wp-content\/uploads\/sites\/25\/2025\/05\/ResUNIV2024.7anexo.pdf\">ResUNIV2024.7anexo<\/a><\/strong><\/h4>\n<p>Art. 32 O credenciamento, recredenciamento e descredenciamento de docentes \u00e9 deliberado pelo Colegiado do PPG-BioEvol, prezando pela transpar\u00eancia do processo e observando par\u00e2metros m\u00ednimos de produ\u00e7\u00e3o cient\u00edfica e tecnol\u00f3gica na \u00e1rea de concentra\u00e7\u00e3o e linhas de pesquisa do Programa, visando \u00e0 constante melhoria do conceito de avalia\u00e7\u00e3o atribu\u00eddo pela CAPES. \u00a7 1o As normas e crit\u00e9rios para credenciamento, recredenciamento e descredenciamento de docentes s\u00e3o estabelecidos em Instru\u00e7\u00e3o Normativa, com aprova\u00e7\u00e3o do Colegiado e publicada na p\u00e1gina do PPG-BioEvol.<\/p>\n<p>\u00a7 1o As normas e crit\u00e9rios para credenciamento, recredenciamento e descredenciamento de docentes s\u00e3o estabelecidos em Instru\u00e7\u00e3o Normativa, com aprova\u00e7\u00e3o do Colegiado e publicada na p\u00e1gina do PPG-BioEvol.<\/p>\n<p>\u00a7 2o A Instru\u00e7\u00e3o Normativa deve regulamentar, de forma clara, os quesitos m\u00ednimos para credenciamento dos docentes junto ao PPG-BioEvol, com base no Planejamento Estrat\u00e9gico do Programa e no Documento de \u00c1rea CAPES, visando eleva\u00e7\u00e3o do conceito do Programa.<\/p>\n<p>Art. 33 A revis\u00e3o do credenciamento e recredenciamento \u00e9 realizada periodicamente, com base em crit\u00e9rios previamente estabelecidos e divulgados pelo Colegiado, observadas as exig\u00eancias da CAPES e o contido neste Regulamento.<\/p>\n<p>&nbsp;<\/p>\n<p><strong>\u00daltimos editais<\/strong><\/p>\n<p><a href=\"http:\/\/www2.uepg.br\/ppgbioevol\/wp-content\/uploads\/sites\/25\/2024\/11\/Edital-Credenciamento-2024-final-alterac\u0327a\u0303o.pdf\">Edital Credenciamento 2024 final -alterac\u0327a\u0303o<\/a><\/p>\n<p><a href=\"http:\/\/www2.uepg.br\/ppgbioevol\/wp-content\/uploads\/sites\/25\/2024\/11\/Edital-Credenciamento-2024-resultado.pdf\">Edital Credenciamento 2024 resultado<\/a><\/p>\n<p><a href=\"http:\/\/www2.uepg.br\/ppgbioevol\/wp-content\/uploads\/sites\/25\/2025\/08\/Edital-Credenciamento-2025.pdf\">Edital Credenciamento 2025<\/a><\/p>\n","protected":false},"excerpt":{"rendered":"<p>ABERTO: Edital Credenciamento 2025\u00a0 Crit\u00e9rios de credenciamento, recredenciamento e altera\u00e7\u00e3o de categoria, segundo regulamento do curso ResUNIV2024.7anexo Art. 32 O credenciamento, recredenciamento e descredenciamento de docentes \u00e9 deliberado pelo Colegiado do PPG-BioEvol, prezando pela transpar\u00eancia do processo e observando par\u00e2metros m\u00ednimos de produ\u00e7\u00e3o cient\u00edfica e tecnol\u00f3gica na \u00e1rea de concentra\u00e7\u00e3o e linhas de pesquisa do&nbsp;&hellip;<\/p>\n","protected":false},"author":24,"featured_media":0,"parent":0,"menu_order":0,"comment_status":"closed","ping_status":"closed","template":"","meta":[],"_links":{"self":[{"href":"https:\/\/www2.uepg.br\/ppgbioevol\/wp-json\/wp\/v2\/pages\/529"}],"collection":[{"href":"https:\/\/www2.uepg.br\/ppgbioevol\/wp-json\/wp\/v2\/pages"}],"about":[{"href":"https:\/\/www2.uepg.br\/ppgbioevol\/wp-json\/wp\/v2\/types\/page"}],"author":[{"embeddable":true,"href":"https:\/\/www2.uepg.br\/ppgbioevol\/wp-json\/wp\/v2\/users\/24"}],"replies":[{"embeddable":true,"href":"https:\/\/www2.uepg.br\/ppgbioevol\/wp-json\/wp\/v2\/comments?post=529"}],"version-history":[{"count":12,"href":"https:\/\/www2.uepg.br\/ppgbioevol\/wp-json\/wp\/v2\/pages\/529\/revisions"}],"predecessor-version":[{"id":1628,"href":"https:\/\/www2.uepg.br\/ppgbioevol\/wp-json\/wp\/v2\/pages\/529\/revisions\/1628"}],"wp:attachment":[{"href":"https:\/\/www2.uepg.br\/ppgbioevol\/wp-json\/wp\/v2\/media?parent=529"}],"curies":[{"name":"wp","href":"https:\/\/api.w.org\/{rel}","templated":true}]}}