{"id":77,"date":"2019-06-28T15:17:59","date_gmt":"2019-06-28T18:17:59","guid":{"rendered":"http:\/\/www2.uepg.br\/ppgbioevol\/?page_id=77"},"modified":"2025-07-31T10:48:30","modified_gmt":"2025-07-31T13:48:30","slug":"discentes","status":"publish","type":"page","link":"https:\/\/www2.uepg.br\/ppgbioevol\/discentes\/","title":{"rendered":"DISCENTES"},"content":{"rendered":"<h1 style=\"text-align: center\">EM ATUALIZA\u00c7\u00c3O<\/h1>\n<p>&nbsp;<\/p>\n<p><img loading=\"lazy\" class=\"wp-image-1615 aligncenter\" src=\"http:\/\/www2.uepg.br\/ppgbioevol\/wp-content\/uploads\/sites\/25\/2025\/07\/WhatsApp-Image-2025-07-31-at-10.43.41-300x300.jpeg\" alt=\"\" width=\"294\" height=\"294\" srcset=\"https:\/\/www2.uepg.br\/ppgbioevol\/wp-content\/uploads\/sites\/25\/2025\/07\/WhatsApp-Image-2025-07-31-at-10.43.41-300x300.jpeg 300w, https:\/\/www2.uepg.br\/ppgbioevol\/wp-content\/uploads\/sites\/25\/2025\/07\/WhatsApp-Image-2025-07-31-at-10.43.41-1024x1024.jpeg 1024w, https:\/\/www2.uepg.br\/ppgbioevol\/wp-content\/uploads\/sites\/25\/2025\/07\/WhatsApp-Image-2025-07-31-at-10.43.41-150x150.jpeg 150w, https:\/\/www2.uepg.br\/ppgbioevol\/wp-content\/uploads\/sites\/25\/2025\/07\/WhatsApp-Image-2025-07-31-at-10.43.41-768x768.jpeg 768w, https:\/\/www2.uepg.br\/ppgbioevol\/wp-content\/uploads\/sites\/25\/2025\/07\/WhatsApp-Image-2025-07-31-at-10.43.41-1232x1232.jpeg 1232w, https:\/\/www2.uepg.br\/ppgbioevol\/wp-content\/uploads\/sites\/25\/2025\/07\/WhatsApp-Image-2025-07-31-at-10.43.41-1080x1080.jpeg 1080w, https:\/\/www2.uepg.br\/ppgbioevol\/wp-content\/uploads\/sites\/25\/2025\/07\/WhatsApp-Image-2025-07-31-at-10.43.41.jpeg 1280w\" sizes=\"(max-width: 294px) 100vw, 294px\" \/><\/p>\n<p><img loading=\"lazy\" class=\"wp-image-1614 aligncenter\" src=\"http:\/\/www2.uepg.br\/ppgbioevol\/wp-content\/uploads\/sites\/25\/2025\/07\/WhatsApp-Image-2025-07-31-at-10.44.57-300x225.jpeg\" alt=\"\" width=\"297\" height=\"223\" srcset=\"https:\/\/www2.uepg.br\/ppgbioevol\/wp-content\/uploads\/sites\/25\/2025\/07\/WhatsApp-Image-2025-07-31-at-10.44.57-300x225.jpeg 300w, https:\/\/www2.uepg.br\/ppgbioevol\/wp-content\/uploads\/sites\/25\/2025\/07\/WhatsApp-Image-2025-07-31-at-10.44.57-1024x768.jpeg 1024w, https:\/\/www2.uepg.br\/ppgbioevol\/wp-content\/uploads\/sites\/25\/2025\/07\/WhatsApp-Image-2025-07-31-at-10.44.57-768x576.jpeg 768w, https:\/\/www2.uepg.br\/ppgbioevol\/wp-content\/uploads\/sites\/25\/2025\/07\/WhatsApp-Image-2025-07-31-at-10.44.57-1536x1152.jpeg 1536w, https:\/\/www2.uepg.br\/ppgbioevol\/wp-content\/uploads\/sites\/25\/2025\/07\/WhatsApp-Image-2025-07-31-at-10.44.57-2048x1536.jpeg 2048w, https:\/\/www2.uepg.br\/ppgbioevol\/wp-content\/uploads\/sites\/25\/2025\/07\/WhatsApp-Image-2025-07-31-at-10.44.57-1232x924.jpeg 1232w, https:\/\/www2.uepg.br\/ppgbioevol\/wp-content\/uploads\/sites\/25\/2025\/07\/WhatsApp-Image-2025-07-31-at-10.44.57-1440x1080.jpeg 1440w\" sizes=\"(max-width: 297px) 100vw, 297px\" \/><\/p>\n<p>&nbsp;<\/p>\n<p><a href=\"http:\/\/www2.uepg.br\/ppgbioevol\/wp-content\/uploads\/sites\/25\/2019\/12\/Bolsistas-2019-a-2021.pdf\">Bolsistas &#8211; 2019 a 2021<\/a><\/p>\n<p><a href=\"http:\/\/www2.uepg.br\/ppgbioevol\/wp-content\/uploads\/sites\/25\/2019\/12\/Bolsistas-2018-a-2019.pdf\">Bolsistas &#8211; 2018 a 2019<\/a><\/p>\n<p>&nbsp;<\/p>\n<p><strong>UEPG\u00a0<\/strong>18 Bolsas (16 CAPES, 2 Funda\u00e7\u00e3o Arauc\u00e1ria)<\/p>\n<p><strong>UNICENTRO\u00a0<\/strong>15 Bolsas (14 CAPES DS 1 CAPES INCT)<\/p>\n<p>&nbsp;<\/p>\n<p><a href=\"http:\/\/www2.uepg.br\/ppgbioevol\/wp-content\/uploads\/sites\/25\/2019\/12\/Bolsistas-2017-a-2019.pdf\">Bolsistas &#8211; 2017 a 2019<\/a><\/p>\n<p>&nbsp;<\/p>\n<div class=\"conteudo_pagina\">\n<hr \/>\n<h4><strong>Disserta\u00e7\u00f5es<\/strong><\/h4>\n<\/div>\n<p>Pelas normas do PPG-BioEvol, as disserta\u00e7\u00f5es devem ser submetidas pelo(a) aluno(a) \u00e0 biblioteca da sua institui\u00e7\u00e3o para dep\u00f3sito. As vers\u00f5es em PDF para cita\u00e7\u00e3o podem ser acessadas diretamente nos sites das bibliotecas:<\/p>\n<div class=\"conteudo_pagina\">\n<div class=\"conteudo_pagina\">\n<p><a href=\"http:\/\/tede.unicentro.br:8080\/jspui\/\" target=\"_blank\" rel=\"noopener noreferrer\">UNICENTRO<\/a><\/p>\n<p><a href=\"https:\/\/tede2.uepg.br\/jspui\/\" target=\"_blank\" rel=\"noopener noreferrer\">UEPG<\/a><\/p>\n<p>&nbsp;<\/p>\n<hr \/>\n<h4><strong>Lista das Disserta\u00e7\u00f5es Defendidas pelo PPG-BioEvol<\/strong><\/h4>\n<p>Disserta\u00e7\u00f5es defendidas em 2019<\/p>\n<p><a href=\"http:\/\/www2.uepg.br\/ppgbioevol\/wp-content\/uploads\/sites\/25\/2019\/12\/Disserta\u00e7\u00f5es-defendidas-em-2018.pdf\">Disserta\u00e7\u00f5es defendidas em 2018<\/a><\/p>\n<p><a href=\"http:\/\/www2.uepg.br\/ppgbioevol\/wp-content\/uploads\/sites\/25\/2019\/12\/Disserta\u00e7\u00f5es-defendidas-em-2017.pdf\">Disserta\u00e7\u00f5es defendidas em 2017<\/a><\/p>\n<p><a href=\"http:\/\/www2.uepg.br\/ppgbioevol\/wp-content\/uploads\/sites\/25\/2019\/12\/Disserta\u00e7\u00f5es-defendidas-em-2016.pdf\">Disserta\u00e7\u00f5es defendidas em 2016<\/a><\/p>\n<p><a href=\"http:\/\/www2.uepg.br\/ppgbioevol\/wp-content\/uploads\/sites\/25\/2019\/12\/Disserta\u00e7\u00f5es-defendidas-em-2015.pdf\">Disserta\u00e7\u00f5es defendidas em 2015<\/a><\/p>\n<p><a href=\"http:\/\/www2.uepg.br\/ppgbioevol\/wp-content\/uploads\/sites\/25\/2019\/12\/Disserta\u00e7\u00f5es-defendidas-em-2014.pdf\">Disserta\u00e7\u00f5es defendidas em 2014<\/a><\/p>\n<p><a href=\"http:\/\/www2.uepg.br\/ppgbioevol\/wp-content\/uploads\/sites\/25\/2019\/12\/Disserta\u00e7\u00f5es-defendidas-em-2013-1.pdf\" target=\"_blank\" rel=\"noopener noreferrer\">Disserta\u00e7\u00f5es defendidas em 2013<\/a><\/p>\n<p>&nbsp;<\/p>\n<\/div>\n<\/div>\n","protected":false},"excerpt":{"rendered":"<p>EM ATUALIZA\u00c7\u00c3O &nbsp; &nbsp; Bolsistas &#8211; 2019 a 2021 Bolsistas &#8211; 2018 a 2019 &nbsp; UEPG\u00a018 Bolsas (16 CAPES, 2 Funda\u00e7\u00e3o Arauc\u00e1ria) UNICENTRO\u00a015 Bolsas (14 CAPES DS 1 CAPES INCT) &nbsp; Bolsistas &#8211; 2017 a 2019 &nbsp; Disserta\u00e7\u00f5es Pelas normas do PPG-BioEvol, as disserta\u00e7\u00f5es devem ser submetidas pelo(a) aluno(a) \u00e0 biblioteca da sua institui\u00e7\u00e3o para&nbsp;&hellip;<\/p>\n","protected":false},"author":24,"featured_media":0,"parent":0,"menu_order":0,"comment_status":"closed","ping_status":"closed","template":"","meta":[],"_links":{"self":[{"href":"https:\/\/www2.uepg.br\/ppgbioevol\/wp-json\/wp\/v2\/pages\/77"}],"collection":[{"href":"https:\/\/www2.uepg.br\/ppgbioevol\/wp-json\/wp\/v2\/pages"}],"about":[{"href":"https:\/\/www2.uepg.br\/ppgbioevol\/wp-json\/wp\/v2\/types\/page"}],"author":[{"embeddable":true,"href":"https:\/\/www2.uepg.br\/ppgbioevol\/wp-json\/wp\/v2\/users\/24"}],"replies":[{"embeddable":true,"href":"https:\/\/www2.uepg.br\/ppgbioevol\/wp-json\/wp\/v2\/comments?post=77"}],"version-history":[{"count":33,"href":"https:\/\/www2.uepg.br\/ppgbioevol\/wp-json\/wp\/v2\/pages\/77\/revisions"}],"predecessor-version":[{"id":1616,"href":"https:\/\/www2.uepg.br\/ppgbioevol\/wp-json\/wp\/v2\/pages\/77\/revisions\/1616"}],"wp:attachment":[{"href":"https:\/\/www2.uepg.br\/ppgbioevol\/wp-json\/wp\/v2\/media?parent=77"}],"curies":[{"name":"wp","href":"https:\/\/api.w.org\/{rel}","templated":true}]}}