{"id":92,"date":"2019-06-28T15:54:05","date_gmt":"2019-06-28T18:54:05","guid":{"rendered":"http:\/\/www2.uepg.br\/ppgbioevol\/?page_id=92"},"modified":"2025-05-27T10:29:20","modified_gmt":"2025-05-27T13:29:20","slug":"estrutura-uepg","status":"publish","type":"page","link":"https:\/\/www2.uepg.br\/ppgbioevol\/a-estrutura\/estrutura-uepg\/","title":{"rendered":"Estrutura \u2013 UEPG"},"content":{"rendered":"<p><strong>Cole\u00e7\u00e3o malacol\u00f3gica (CMo): <\/strong>Atualmente depositada no Laborat\u00f3rio de Zoologia da Universidade Estadual de Ponta Grossa (UEPG) \u2013 Paran\u00e1 inclui exemplares fixados a seco e em meio \u00famido. Destina-se \u00e0 identifica\u00e7\u00e3o, conserva\u00e7\u00e3o e registro da fauna de invertebrados do Paran\u00e1, com destaque para os moluscos. Atualmente, compreende um total aproximado de 10.000 exemplares secos, provenientes de uma doa\u00e7\u00e3o recebida em 2016, que veio agregar valor \u00e0 cole\u00e7\u00e3o j\u00e1 existente. Essa cole\u00e7\u00e3o representa um importante avan\u00e7o para a regi\u00e3o dos Campos Gerais, pois contribui para a forma\u00e7\u00e3o acad\u00eamica de estudantes de diferentes cursos. Al\u00e9m disso, o acervo tem relev\u00e2ncia no interc\u00e2mbio de material e conhecimento entre pesquisadores de diversas institui\u00e7\u00f5es nacionais e internacionais. Sob a coordena\u00e7\u00e3o da curadora da CMo-UEPG e docente do PPGBioEvol, Professora Susete Wambier Christo, a cole\u00e7\u00e3o est\u00e1 vinculada a pesquisas nas \u00e1reas de biologia e ecologia de invertebrados marinhos e dulc\u00edcolas, tanto nativos quanto ex\u00f3ticos invasores.<\/p>\n<p>&nbsp;<\/p>\n<p><strong>Herb\u00e1rio:<\/strong> O Herb\u00e1rio da Universidade Estadual de Ponta Grossa (HUPG) \u00e9 destinado \u00e0 identifica\u00e7\u00e3o e a conserva\u00e7\u00e3o da flora do Paran\u00e1 com \u00eanfase na regi\u00e3o dos Campos Gerais. Participa de importantes projetos em rede: Napit\u00e1xonline e da Rede Paranaense de Cole\u00e7\u00f5es Biol\u00f3gicas e do INCT- Herb\u00e1rio virtual da Flora e dos Fungos e no Projeto Flora e Funga do Brasil. Conta com salas de atendimento aos visitantes, sala prepara\u00e7\u00e3o de material, sala de acervo, pequena sala de aula e espa\u00e7o administrativo. Est\u00e1 equipado com estufa para secagem de material, computadores, material did\u00e1tico e equipamentos de pesquisa para expedi\u00e7\u00f5es bot\u00e2nicas e para an\u00e1lise e identifica\u00e7\u00e3o do material como microsc\u00f3pio, lupas; Atua como projeto de Pesquisa, Ensino e Extens\u00e3o, prestando servi\u00e7os \u00e0 comunidade em geral na identifica\u00e7\u00e3o de plantas, atendendo alunos de Escolas p\u00fablicas e particulares de Ensino Fundamental e M\u00e9dio. O Herb\u00e1rio HUPG est\u00e1 sob a curadoria da docente do PPGBioEvol, Professora Ros\u00e2ngela Capuano Tardivo.<\/p>\n<p>&nbsp;<\/p>\n<p><strong>Viveiro Florestal da UEPG<\/strong>: O Viveiro Florestal \u00e9 um espa\u00e7o dedicado \u00e0 produ\u00e7\u00e3o de mudas de esp\u00e9cies nativas da regi\u00e3o, com foco na recupera\u00e7\u00e3o e preserva\u00e7\u00e3o ambiental. Conta com quatro estufas, sendo um das mesmas com automatiza\u00e7\u00e3o que permite monitoramento em tempo real, atrav\u00e9s de comandos enviados remotamente (em instala\u00e7\u00e3o). Possui tamb\u00e9m instrumentos para aferir diferentes aspectos do comportamento das plantas, principalmente em rela\u00e7\u00e3o \u00e0 fotoss\u00edntese e \u00e0 troca gasosa, como clorofil\u00f4metro, por\u00f4metro e fluor\u00f4metro.<\/p>\n<p>&nbsp;<\/p>\n<p><strong>Laborat\u00f3rio de Gen\u00e9tica Evolutiva (LabGEv)<\/strong>: Este laborat\u00f3rio tem dois modelos principais de estudo: peixes e insetos. Com rela\u00e7\u00e3o ao modelo peixe: Visa o aprofundamento do conhecimento cient\u00edfico a cerca dos peixes neotropicais por meio do emprego de marcadores citogen\u00e9ticos e moleculares na interpreta\u00e7\u00e3o evolutiva, funcional e para a conserva\u00e7\u00e3o biol\u00f3gica in situ e ex situ das esp\u00e9cies e popula\u00e7\u00f5es. Com rela\u00e7\u00e3o aos insetos: Visa estudar a diversidade e variabilidade gen\u00e9tica das esp\u00e9cies principalmente de Coleoptera utilizando dos marcadores gen\u00e9ticos e citogen\u00e9ticos, objetivando a compreens\u00e3o dos processos evolutivos que ocorreram nos grupos e tentar estabelecer os mecanismos que contribu\u00edram para a evolu\u00e7\u00e3o. Al\u00e9m disso, um enfoque de estudo concentra-se no entendimento da origem e evolu\u00e7\u00e3o dos mecanismos cromoss\u00f4micos de determina\u00e7\u00e3o do sexo. Conta com sala de prepara\u00e7\u00e3o em citogen\u00e9tica com equipamentos de rotina (centr\u00edfuga, banho Maria, estufas, capela, pHmetro, geladeiras, freezers, etc), uma sala de aqu\u00e1rios, uma sala com microsc\u00f3pios e estereomicrosc\u00f3pios de rotina, uma sala de fotomicroscopia (microsc\u00f3pio de epifluoresc\u00eancia com captura de imagem, microsc\u00f3pio invertido e micromanipulador, microsc\u00f3pio eletr\u00f4nico de varredura \u00e0 laser), sala de gen\u00e9tica molecular com RT-PCR, espectrofot\u00f4metro (NanoVue), aparelho de \u00e1gua ultra-pura, termocicladores, eletroforese microflu\u00eddica e analisador de gel de eletroforese, sala de cultivo celular com estufa CO2, forno de hibridiza\u00e7\u00e3o, Shaeker, microcentr\u00edfuga refrigerada e capela de fluxo laminar, freezer -80\u00b0C, uma sala para extra\u00e7\u00e3o e an\u00e1lise de RNA (microarray, cubas e fonte de eletroforese). Conta ainda com tr\u00eas escrit\u00f3rios para professores com acesso \u00e0 internet.<\/p>\n<p>&nbsp;<\/p>\n<p><strong>Laborat\u00f3rio de Ecologia Evolutiva (LabEcoEvo):<\/strong> Este laborat\u00f3rio visa o estudo da Biodiversidade e ecologia microbiana; rela\u00e7\u00f5es ecol\u00f3gico\/evolutivas entre procariotos e plantas hospedeiras; gen\u00f4mica, transcript\u00f4mica e prote\u00f4mica de procariotos. Rotas metab\u00f3licas de degrada\u00e7\u00e3o de herbicidas, altera\u00e7\u00f5es em estrutura de microbiotas de solo e ambientes aqu\u00e1ticos, em resposta a estresses ambientais. Conta com um aparelho termociclador RT-PCR (qPCR), sala de esteriliza\u00e7\u00e3o com autoclave, geladeiras, freezers, microcentr\u00edfuga, termociclador, cubas e fontes para eletroforese, sala de preparo de material biol\u00f3gico com uma c\u00e2mara de fluxo laminar. Destinado ao preparo de an\u00e1lises moleculares. Conta com ambiente climatizado em sala de prepara\u00e7\u00e3o com bancadas em m\u00e1rmore com ar comprimido e g\u00e1s canalizado, sala de esteriliza\u00e7\u00e3o com autoclaves, sala com luz ultra-violeta, estufas de secagem e de incuba\u00e7\u00e3o, microsc\u00f3pios de rotina, geladeiras, freezers, etc. Ainda h\u00e1 um espa\u00e7o de aproximadamente 12 m\u00b2 destinado \u00e0 sala de tr\u00eas professores, com acesso \u00e0 internet.<\/p>\n<p>&nbsp;<\/p>\n<p><strong>Laborat\u00f3rio de Biodiversidade:<\/strong> Nesse laborat\u00f3rio, os principais estudos focam na biodiversidade de microrganismos associados a esp\u00e9cies vegetais e ecologia microbiana; gen\u00f4mica, transcript\u00f4mica e prote\u00f4mica de procariotos; isolamento e caracteriza\u00e7\u00e3o de bact\u00e9rias promotoras do crescimento vegetal; metagen\u00f4mica. O laborat\u00f3rio possui infraestrutura completa, composta por termociclador, centr\u00edfuga refrigerada, microcentr\u00edfuga, incubadora com agita\u00e7\u00e3o orbital, incubadora tipo BOD, espectrofot\u00f4metro UV-Vis, microsc\u00f3pio, pHmetro, estufa, fonte de eletroforese, cubas de eletroforese (horizontal e vertical), sistema de fotodocumenta\u00e7\u00e3o, micro-ondas, agitador tipo Vortex, geladeiras, congeladores, balan\u00e7a anal\u00edtica e semi-anal\u00edtica, c\u00e2maras de seguran\u00e7a biol\u00f3gica, capela, computadores.<\/p>\n<p>&nbsp;<\/p>\n<p><strong>Complexo de Laborat\u00f3rios Multiusu\u00e1rios:<\/strong><\/p>\n<p>&#8211; O C-LABMU conta hoje com \u00e1rea de aproximadamente 300 metros quadrados. Atualmente 3 t\u00e9cnicos de alto n\u00edvel d\u00e3o suporte institucional em termos de manuten\u00e7\u00e3o e de recursos humanos para operar os equipamentos instalados no C-LABMU, 1 t\u00e9cnico administrativo e 4 bolsistas t\u00e9cnicos<\/p>\n<p>Todos os equipamentos que est\u00e3o sendo ou foram adquiridos nos editais CT-INFRA s\u00e3o preferencialmente instalados no Complexo de Laborat\u00f3rios Multiusu\u00e1rios da UEPG. Neste complexo, os equipamentos s\u00e3o operados pelos t\u00e9cnicos atrav\u00e9s de agendamento pr\u00e9vio. H\u00e1 nestes espa\u00e7os mais de 40 equipamentos de m\u00e9dio e grande porte. Para detalhes do Centros, acesso o link: https:\/\/www2.uepg.br\/propesp-clabmu\/<\/p>\n","protected":false},"excerpt":{"rendered":"<p>Cole\u00e7\u00e3o malacol\u00f3gica (CMo): Atualmente depositada no Laborat\u00f3rio de Zoologia da Universidade Estadual de Ponta Grossa (UEPG) \u2013 Paran\u00e1 inclui exemplares fixados a seco e em meio \u00famido. Destina-se \u00e0 identifica\u00e7\u00e3o, conserva\u00e7\u00e3o e registro da fauna de invertebrados do Paran\u00e1, com destaque para os moluscos. Atualmente, compreende um total aproximado de 10.000 exemplares secos, provenientes de&nbsp;&hellip;<\/p>\n","protected":false},"author":24,"featured_media":0,"parent":90,"menu_order":0,"comment_status":"closed","ping_status":"closed","template":"","meta":[],"_links":{"self":[{"href":"https:\/\/www2.uepg.br\/ppgbioevol\/wp-json\/wp\/v2\/pages\/92"}],"collection":[{"href":"https:\/\/www2.uepg.br\/ppgbioevol\/wp-json\/wp\/v2\/pages"}],"about":[{"href":"https:\/\/www2.uepg.br\/ppgbioevol\/wp-json\/wp\/v2\/types\/page"}],"author":[{"embeddable":true,"href":"https:\/\/www2.uepg.br\/ppgbioevol\/wp-json\/wp\/v2\/users\/24"}],"replies":[{"embeddable":true,"href":"https:\/\/www2.uepg.br\/ppgbioevol\/wp-json\/wp\/v2\/comments?post=92"}],"version-history":[{"count":23,"href":"https:\/\/www2.uepg.br\/ppgbioevol\/wp-json\/wp\/v2\/pages\/92\/revisions"}],"predecessor-version":[{"id":1533,"href":"https:\/\/www2.uepg.br\/ppgbioevol\/wp-json\/wp\/v2\/pages\/92\/revisions\/1533"}],"up":[{"embeddable":true,"href":"https:\/\/www2.uepg.br\/ppgbioevol\/wp-json\/wp\/v2\/pages\/90"}],"wp:attachment":[{"href":"https:\/\/www2.uepg.br\/ppgbioevol\/wp-json\/wp\/v2\/media?parent=92"}],"curies":[{"name":"wp","href":"https:\/\/api.w.org\/{rel}","templated":true}]}}