{"id":46,"date":"2020-08-11T10:48:47","date_gmt":"2020-08-11T13:48:47","guid":{"rendered":"http:\/\/www2.uepg.br\/ppgbiomedicas\/?page_id=46"},"modified":"2024-11-25T15:01:30","modified_gmt":"2024-11-25T18:01:30","slug":"areas-de-concentracao-e-linhas-de-pesquisa","status":"publish","type":"page","link":"https:\/\/www2.uepg.br\/ppgbiomedicas\/areas-de-concentracao-e-linhas-de-pesquisa\/","title":{"rendered":"\u00c1rea de Concentra\u00e7\u00e3o e Linhas de Pesquisa"},"content":{"rendered":"<div id=\"pl-46\"  class=\"panel-layout\" ><div id=\"pg-46-0\"  class=\"panel-grid panel-no-style\" ><div id=\"pgc-46-0-0\"  class=\"panel-grid-cell\" ><div id=\"panel-46-0-0-0\" class=\"so-panel widget widget_sow-accordion panel-first-child panel-last-child\" data-index=\"0\" ><div class=\"panel-widget-style panel-widget-style-for-46-0-0-0\" ><div\n\t\t\t\n\t\t\tclass=\"so-widget-sow-accordion so-widget-sow-accordion-default-7f158b849c7f-46\"\n\t\t\t\n\t\t><h3 class=\"widget-title\">\u00c1REA DE CONCENTRA\u00c7\u00c3O<\/h3><div>\n\t<div class=\"sow-accordion\">\n\t\t\t<div class=\"sow-accordion-panel sow-accordion-panel-open\"\n\t\t\t data-anchor=\"fisiologia-e-fisiopatologia\">\n\t\t\t\t<div class=\"sow-accordion-panel-header-container\" role=\"heading\" aria-level=\"2\">\n\t\t\t\t\t<div class=\"sow-accordion-panel-header\" tabindex=\"0\" role=\"button\" id=\"accordion-label-fisiologia-e-fisiopatologia\" aria-controls=\"accordion-content-fisiologia-e-fisiopatologia\" aria-expanded=\"true\">\n\t\t\t\t\t\t<div class=\"sow-accordion-title sow-accordion-title-icon-left\">\n\t\t\t\t\t\t\t\t\t\t\t\t\t\tFISIOLOGIA E FISIOPATOLOGIA\t\t\t\t\t\t\t\t\t\t\t\t\t<\/div>\n\t\t\t\t\t\t<div class=\"sow-accordion-open-close-button\">\n\t\t\t\t\t\t\t<div class=\"sow-accordion-open-button\">\n\t\t\t\t\t\t\t\t<span class=\"sow-icon-ionicons\" data-sow-icon=\"&#xf218;\"\n\t\t \n\t\taria-hidden=\"true\"><\/span>\t\t\t\t\t\t\t<\/div>\n\t\t\t\t\t\t\t<div class=\"sow-accordion-close-button\">\n\t\t\t\t\t\t\t\t<span class=\"sow-icon-ionicons\" data-sow-icon=\"&#xf209;\"\n\t\t \n\t\taria-hidden=\"true\"><\/span>\t\t\t\t\t\t\t<\/div>\n\t\t\t\t\t\t<\/div>\n\t\t\t\t\t<\/div>\n\t\t\t\t<\/div>\n\n\t\t\t<div\n\t\t\t\tclass=\"sow-accordion-panel-content\"\n\t\t\t\trole=\"region\"\n\t\t\t\taria-labelledby=\"accordion-label-fisiologia-e-fisiopatologia\"\n\t\t\t\tid=\"accordion-content-fisiologia-e-fisiopatologia\"\n\t\t\t\t\t\t\t>\n\t\t\t\t<div class=\"sow-accordion-panel-border\" tabindex=\"0\">\n\t\t\t\t\t<h5 style=\"text-align: justify\" align=\"justify\"><strong><span style=\"text-decoration: underline;color: #0000ff\">DESCRI\u00c7\u00c3O: <\/span><\/strong><\/h5>\n<p style=\"text-align: justify\" align=\"justify\">Na modalidade de pesquisa b\u00e1sica e\/ou aplicada e por meio de estudos de mecanismos b\u00e1sicos do funcionamento dos diferentes sistemas org\u00e2nicos e de mecanismos envolvidos na doen\u00e7a, os pesquisadores da \u00e1rea pretendem contribuir para o avan\u00e7o do conhecimento, da sa\u00fade e qualidade de vida, orientando em duas linhas de pesquisa.<\/p>\n<h5 style=\"text-align: justify\"><span style=\"color: #0000ff\"><strong><span style=\"text-decoration: underline\">LINHAS DE PESQUISA<\/span>:<\/strong><\/span><\/h5>\n<p style=\"text-align: justify\">I - ASPECTOS BIOL\u00d3GICOS DA SA\u00daDE E DAS DOEN\u00c7AS: visa desenvolver pesquisas b\u00e1sicas e\/ou aplicadas que busquem elucidar processos biol\u00f3gicos em estudos transdisciplinares e que envolvam aspectos cl\u00ednicos, diagn\u00f3sticos e\/ou epidemiol\u00f3gicos.<\/p>\n<p style=\"text-align: justify\">II - INVESTIGA\u00c7\u00c3O DE MOL\u00c9CULAS COM PROPRIEDADES BIOL\u00d3GICAS: visa identificar e investigar mol\u00e9culas com propriedades biol\u00f3gicas de origem natural e\/ou sint\u00e9tica por meio de estudos te\u00f3ricos, experimentais e\/ou cl\u00ednicos.<\/p>\n\t\t\t\t<\/div>\n\t\t\t<\/div>\n\t\t<\/div>\n\t\t<\/div>\n<\/div>\n<\/div><\/div><\/div><\/div><\/div><div id=\"pg-46-1\"  class=\"panel-grid panel-no-style\" ><div id=\"pgc-46-1-0\"  class=\"panel-grid-cell panel-grid-cell-empty\" ><\/div><\/div><\/div>","protected":false},"excerpt":{"rendered":"<p>\u00c1REA DE CONCENTRA\u00c7\u00c3O FISIOLOGIA E FISIOPATOLOGIA DESCRI\u00c7\u00c3O: Na modalidade de pesquisa b\u00e1sica e\/ou aplicada e por meio de estudos de mecanismos b\u00e1sicos do funcionamento dos diferentes sistemas org\u00e2nicos e de mecanismos envolvidos na doen\u00e7a, os pesquisadores da \u00e1rea pretendem contribuir para o avan\u00e7o do conhecimento, da sa\u00fade e qualidade de vida, orientando em duas linhas&nbsp;&hellip;<\/p>\n","protected":false},"author":24,"featured_media":0,"parent":0,"menu_order":0,"comment_status":"closed","ping_status":"closed","template":"","meta":[],"_links":{"self":[{"href":"https:\/\/www2.uepg.br\/ppgbiomedicas\/wp-json\/wp\/v2\/pages\/46"}],"collection":[{"href":"https:\/\/www2.uepg.br\/ppgbiomedicas\/wp-json\/wp\/v2\/pages"}],"about":[{"href":"https:\/\/www2.uepg.br\/ppgbiomedicas\/wp-json\/wp\/v2\/types\/page"}],"author":[{"embeddable":true,"href":"https:\/\/www2.uepg.br\/ppgbiomedicas\/wp-json\/wp\/v2\/users\/24"}],"replies":[{"embeddable":true,"href":"https:\/\/www2.uepg.br\/ppgbiomedicas\/wp-json\/wp\/v2\/comments?post=46"}],"version-history":[{"count":19,"href":"https:\/\/www2.uepg.br\/ppgbiomedicas\/wp-json\/wp\/v2\/pages\/46\/revisions"}],"predecessor-version":[{"id":817,"href":"https:\/\/www2.uepg.br\/ppgbiomedicas\/wp-json\/wp\/v2\/pages\/46\/revisions\/817"}],"wp:attachment":[{"href":"https:\/\/www2.uepg.br\/ppgbiomedicas\/wp-json\/wp\/v2\/media?parent=46"}],"curies":[{"name":"wp","href":"https:\/\/api.w.org\/{rel}","templated":true}]}}