{"id":69,"date":"2020-08-13T14:32:36","date_gmt":"2020-08-13T17:32:36","guid":{"rendered":"http:\/\/www2.uepg.br\/ppgbiomedicas\/?page_id=69"},"modified":"2024-11-22T10:51:58","modified_gmt":"2024-11-22T13:51:58","slug":"documentos","status":"publish","type":"page","link":"https:\/\/www2.uepg.br\/ppgbiomedicas\/documentos\/","title":{"rendered":"Documentos"},"content":{"rendered":"<div id=\"pl-69\"  class=\"panel-layout\"><div id=\"pg-69-0\"  class=\"panel-grid panel-no-style\"><div id=\"pgc-69-0-0\"  class=\"panel-grid-cell\"><div id=\"panel-69-0-0-0\" class=\"so-panel widget widget_sow-accordion panel-first-child panel-last-child\" data-index=\"0\"><div\n\t\t\t\n\t\t\tclass=\"so-widget-sow-accordion so-widget-sow-accordion-default-7f158b849c7f-69\"><div>\n\t<div class=\"sow-accordion\">\n\t\t\t<div class=\"sow-accordion-panel\"\n\t\t\t data-anchor=\"sele%c3%a7%c3%a3o-e-resultados\">\n\t\t\t\t<div class=\"sow-accordion-panel-header-container\" role=\"heading\" aria-level=\"2\">\n\t\t\t\t\t<div class=\"sow-accordion-panel-header\" tabindex=\"0\" role=\"button\" id=\"accordion-label-sele%c3%a7%c3%a3o-e-resultados\" aria-controls=\"accordion-content-sele%c3%a7%c3%a3o-e-resultados\" aria-expanded=\"false\">\n\t\t\t\t\t\t<div class=\"sow-accordion-title sow-accordion-title-icon-left\">\n\t\t\t\t\t\t\t\t\t\t\t\t\t\tSele\u00e7\u00e3o e Resultados\t\t\t\t\t\t\t\t\t\t\t\t\t<\/div>\n\t\t\t\t\t\t<div class=\"sow-accordion-open-close-button\">\n\t\t\t\t\t\t\t<div class=\"sow-accordion-open-button\">\n\t\t\t\t\t\t\t\t<span class=\"sow-icon-ionicons\" data-sow-icon=\"&#xf218;\"\n\t\t \n\t\taria-hidden=\"true\"><\/span>\t\t\t\t\t\t\t<\/div>\n\t\t\t\t\t\t\t<div class=\"sow-accordion-close-button\">\n\t\t\t\t\t\t\t\t<span class=\"sow-icon-ionicons\" data-sow-icon=\"&#xf209;\"\n\t\t \n\t\taria-hidden=\"true\"><\/span>\t\t\t\t\t\t\t<\/div>\n\t\t\t\t\t\t<\/div>\n\t\t\t\t\t<\/div>\n\t\t\t\t<\/div>\n\n\t\t\t<div\n\t\t\t\tclass=\"sow-accordion-panel-content\"\n\t\t\t\trole=\"region\"\n\t\t\t\taria-labelledby=\"accordion-label-sele%c3%a7%c3%a3o-e-resultados\"\n\t\t\t\tid=\"accordion-content-sele%c3%a7%c3%a3o-e-resultados\"\n\t\t\t\tstyle=\"display: none;\">\n\t\t\t\t<div class=\"sow-accordion-panel-border\" tabindex=\"0\">\n\t\t\t\t\t<p>Para acompanhar os processos seletivos acesse a p\u00e1gina de <a href=\"https:\/\/www2.uepg.br\/ppgbiomedicas\/editais\/\" target=\"_blank\" rel=\"noopener\">EDITAIS<\/a>.<\/p>\n\t\t\t\t<\/div>\n\t\t\t<\/div>\n\t\t<\/div>\n\t\t\t<div class=\"sow-accordion-panel\"\n\t\t\t data-anchor=\"defesas\">\n\t\t\t\t<div class=\"sow-accordion-panel-header-container\" role=\"heading\" aria-level=\"2\">\n\t\t\t\t\t<div class=\"sow-accordion-panel-header\" tabindex=\"0\" role=\"button\" id=\"accordion-label-defesas\" aria-controls=\"accordion-content-defesas\" aria-expanded=\"false\">\n\t\t\t\t\t\t<div class=\"sow-accordion-title sow-accordion-title-icon-left\">\n\t\t\t\t\t\t\t\t\t\t\t\t\t\tDefesas\t\t\t\t\t\t\t\t\t\t\t\t\t<\/div>\n\t\t\t\t\t\t<div class=\"sow-accordion-open-close-button\">\n\t\t\t\t\t\t\t<div class=\"sow-accordion-open-button\">\n\t\t\t\t\t\t\t\t<span class=\"sow-icon-ionicons\" data-sow-icon=\"&#xf218;\"\n\t\t \n\t\taria-hidden=\"true\"><\/span>\t\t\t\t\t\t\t<\/div>\n\t\t\t\t\t\t\t<div class=\"sow-accordion-close-button\">\n\t\t\t\t\t\t\t\t<span class=\"sow-icon-ionicons\" data-sow-icon=\"&#xf209;\"\n\t\t \n\t\taria-hidden=\"true\"><\/span>\t\t\t\t\t\t\t<\/div>\n\t\t\t\t\t\t<\/div>\n\t\t\t\t\t<\/div>\n\t\t\t\t<\/div>\n\n\t\t\t<div\n\t\t\t\tclass=\"sow-accordion-panel-content\"\n\t\t\t\trole=\"region\"\n\t\t\t\taria-labelledby=\"accordion-label-defesas\"\n\t\t\t\tid=\"accordion-content-defesas\"\n\t\t\t\tstyle=\"display: none;\">\n\t\t\t\t<div class=\"sow-accordion-panel-border\" tabindex=\"0\">\n\t\t\t\t\t<p>Para acompanhar o calend\u00e1rio de defesas acesse a p\u00e1gina de <a href=\"https:\/\/www2.uepg.br\/ppgbiomedicas\/noticias\/\">NOTICIAS<\/a> ou siga a p\u00e1gina do Programa no <a href=\"https:\/\/www.facebook.com\/profile.php?id=100014675327709\">Facebook<\/a><\/p>\n\t\t\t\t<\/div>\n\t\t\t<\/div>\n\t\t<\/div>\n\t\t\t<div class=\"sow-accordion-panel\"\n\t\t\t data-anchor=\"credenciamento-de-docentes\">\n\t\t\t\t<div class=\"sow-accordion-panel-header-container\" role=\"heading\" aria-level=\"2\">\n\t\t\t\t\t<div class=\"sow-accordion-panel-header\" tabindex=\"0\" role=\"button\" id=\"accordion-label-credenciamento-de-docentes\" aria-controls=\"accordion-content-credenciamento-de-docentes\" aria-expanded=\"false\">\n\t\t\t\t\t\t<div class=\"sow-accordion-title sow-accordion-title-icon-left\">\n\t\t\t\t\t\t\t\t\t\t\t\t\t\tCredenciamento de Docentes\t\t\t\t\t\t\t\t\t\t\t\t\t<\/div>\n\t\t\t\t\t\t<div class=\"sow-accordion-open-close-button\">\n\t\t\t\t\t\t\t<div class=\"sow-accordion-open-button\">\n\t\t\t\t\t\t\t\t<span class=\"sow-icon-ionicons\" data-sow-icon=\"&#xf218;\"\n\t\t \n\t\taria-hidden=\"true\"><\/span>\t\t\t\t\t\t\t<\/div>\n\t\t\t\t\t\t\t<div class=\"sow-accordion-close-button\">\n\t\t\t\t\t\t\t\t<span class=\"sow-icon-ionicons\" data-sow-icon=\"&#xf209;\"\n\t\t \n\t\taria-hidden=\"true\"><\/span>\t\t\t\t\t\t\t<\/div>\n\t\t\t\t\t\t<\/div>\n\t\t\t\t\t<\/div>\n\t\t\t\t<\/div>\n\n\t\t\t<div\n\t\t\t\tclass=\"sow-accordion-panel-content\"\n\t\t\t\trole=\"region\"\n\t\t\t\taria-labelledby=\"accordion-label-credenciamento-de-docentes\"\n\t\t\t\tid=\"accordion-content-credenciamento-de-docentes\"\n\t\t\t\tstyle=\"display: none;\">\n\t\t\t\t<div class=\"sow-accordion-panel-border\" tabindex=\"0\">\n\t\t\t\t\t<p><strong><a href=\"http:\/\/www2.uepg.br\/ppgbiomedicas\/wp-content\/uploads\/sites\/132\/2024\/03\/Normativa-2-2023-Criterios-de-credenciamento-e-Recredenciamento-Docente-PPG-Ciencias-Biomedicas.pdf\">Instru\u00e7\u00e3o Normativa 2-2023 - Crit\u00e9rios de credenciamento e Recredenciamento Docente - PPG Ci\u00eancias Biom\u00e9dicas<\/a><\/strong><\/p>\n<p>&nbsp;<\/p>\n\t\t\t\t<\/div>\n\t\t\t<\/div>\n\t\t<\/div>\n\t\t\t<div class=\"sow-accordion-panel\"\n\t\t\t data-anchor=\"resolu%c3%a7%c3%b5es-e-regulamentos\">\n\t\t\t\t<div class=\"sow-accordion-panel-header-container\" role=\"heading\" aria-level=\"2\">\n\t\t\t\t\t<div class=\"sow-accordion-panel-header\" tabindex=\"0\" role=\"button\" id=\"accordion-label-resolu%c3%a7%c3%b5es-e-regulamentos\" aria-controls=\"accordion-content-resolu%c3%a7%c3%b5es-e-regulamentos\" aria-expanded=\"false\">\n\t\t\t\t\t\t<div class=\"sow-accordion-title sow-accordion-title-icon-left\">\n\t\t\t\t\t\t\t\t\t\t\t\t\t\tResolu\u00e7\u00f5es e Regulamentos\t\t\t\t\t\t\t\t\t\t\t\t\t<\/div>\n\t\t\t\t\t\t<div class=\"sow-accordion-open-close-button\">\n\t\t\t\t\t\t\t<div class=\"sow-accordion-open-button\">\n\t\t\t\t\t\t\t\t<span class=\"sow-icon-ionicons\" data-sow-icon=\"&#xf218;\"\n\t\t \n\t\taria-hidden=\"true\"><\/span>\t\t\t\t\t\t\t<\/div>\n\t\t\t\t\t\t\t<div class=\"sow-accordion-close-button\">\n\t\t\t\t\t\t\t\t<span class=\"sow-icon-ionicons\" data-sow-icon=\"&#xf209;\"\n\t\t \n\t\taria-hidden=\"true\"><\/span>\t\t\t\t\t\t\t<\/div>\n\t\t\t\t\t\t<\/div>\n\t\t\t\t\t<\/div>\n\t\t\t\t<\/div>\n\n\t\t\t<div\n\t\t\t\tclass=\"sow-accordion-panel-content\"\n\t\t\t\trole=\"region\"\n\t\t\t\taria-labelledby=\"accordion-label-resolu%c3%a7%c3%b5es-e-regulamentos\"\n\t\t\t\tid=\"accordion-content-resolu%c3%a7%c3%b5es-e-regulamentos\"\n\t\t\t\tstyle=\"display: none;\">\n\t\t\t\t<div class=\"sow-accordion-panel-border\" tabindex=\"0\">\n\t\t\t\t\t<ul>\n<li>\n<h4><strong>Resolu\u00e7\u00f5es e Regimentos<\/strong><\/h4>\n<\/li>\n<\/ul>\n<ul>\n<li style=\"list-style-type: none\">\n<ul>\n<li><strong><a href=\"http:\/\/www2.uepg.br\/ppgbiomedicas\/wp-content\/uploads\/sites\/132\/2024\/08\/RESOLUCAO-CEPE-No-2024.30-DE-16-DE-JULHO-DE-2024-Regulamento-do-PPG-Ciencias-Biomedicas.pdf\">RESOLU\u00c7\u00c3O CEPE - N\u00ba 2024.30, de 16 de julho de 2024 - Regulamento do PPG Ci\u00eancias Biom\u00e9dicas<\/a><\/strong><\/li>\n<li><strong><a href=\"http:\/\/www2.uepg.br\/ppgbiomedicas\/wp-content\/uploads\/sites\/132\/2022\/04\/RESOLUCAO-CEPE-No-20-2016-Regulamento-Geral-dos-Programas-de-Pos-Graduacao-Stricto-Sensu-da-UEPG.pdf\">RESOLU\u00c7\u00c3O CEPE - N\u00ba 20 2016 Regulamento Geral dos Programas de P\u00f3s-Gradua\u00e7\u00e3o Stricto Sensu da UEPG<\/a>\u00a0<\/strong><\/li>\n<li><a href=\"http:\/\/www2.uepg.br\/ppgbiomedicas\/wp-content\/uploads\/sites\/132\/2022\/04\/RESOLUCAO-CEPE-No-2020.7-Regulamento-Geral-dos-Programas-de-Pos-Graduacao-Stricto-Sensu-da-UEPG.pdf\">RESOLU\u00c7\u00c3O CEPE - N\u00ba 2020.7 Regulamento Geral dos Programas de P\u00f3s-Gradua\u00e7\u00e3o Stricto Sensu da UEPG<\/a><\/li>\n<li><a href=\"http:\/\/www2.uepg.br\/ppgbiomedicas\/wp-content\/uploads\/sites\/132\/2022\/04\/RESOLUCAO-CEPE-No-057-DE-23-DE-OUTUBRO-DE-2018-Regulamento-do-PPG-Ciencias-Biomedicas.pdf\">RESOLU\u00c7\u00c3O CEPE - N\u00ba 057, DE 23 DE OUTUBRO DE 2018 - Regulamento do PPG Ci\u00eancias Biom\u00e9dicas<\/a><\/li>\n<\/ul>\n<\/li>\n<\/ul>\n<p>&nbsp;<\/p>\n<ul>\n<li>\n<h4><strong>Est\u00e1gio de Doc\u00eancia - EDD<\/strong><\/h4>\n<ul>\n<li><a href=\"http:\/\/www2.uepg.br\/ppgbiomedicas\/wp-content\/uploads\/sites\/132\/2022\/04\/Resolucao-CEPE-021-2016-Regulamento-do-Estagio-de-Docencia-de-Discentes-dos-Cursos-PPG-Stricto-Sensu.pdf\">Resolucao-CEPE-021-2016 Regulamento do Est\u00e1gio de Doc\u00eancia de Discentes dos Cursos PPG Stricto-Sensu<\/a><\/li>\n<li><a href=\"http:\/\/www2.uepg.br\/ppgbiomedicas\/wp-content\/uploads\/sites\/132\/2022\/04\/Resolucao-CEPE-021-2016-Anexo-I.pdf\">Resolucao-CEPE-021-2016 Anexo-I<\/a><\/li>\n<li><a href=\"http:\/\/www2.uepg.br\/ppgbiomedicas\/wp-content\/uploads\/sites\/132\/2022\/04\/Resolucao-CEPE-021-2016-Anexo-II.pdf\">Resolucao-CEPE-021-2016 Anexo-II<\/a><\/li>\n<\/ul>\n<\/li>\n<\/ul>\n<p>&nbsp;<\/p>\n<ul>\n<li>\n<h4><strong>Qualifica\u00e7\u00e3o e Defesa<\/strong><\/h4>\n<p>consultar p\u00e1gina <a href=\"https:\/\/www2.uepg.br\/ppgbiomedicas\/formularios\/\">FORMUL\u00c1RIOS<\/a><\/p>\n<\/li>\n<\/ul>\n<p><\/p><\/div><\/div><\/div><\/div><\/div><\/div><\/div><\/div><\/div><\/div><p> <a href=\"https:\/\/www2.uepg.br\/ppgbiomedicas\/documentos\/#more-69\" class=\"more-link\">Leia mais<\/a><\/p>","protected":false},"excerpt":{"rendered":"<p>Sele\u00e7\u00e3o e Resultados Para acompanhar os processos seletivos acesse a p\u00e1gina de EDITAIS. Defesas Para acompanhar o calend\u00e1rio de defesas acesse a p\u00e1gina de NOTICIAS ou siga a p\u00e1gina do Programa no Facebook Credenciamento de Docentes Instru\u00e7\u00e3o Normativa 2-2023 &#8211; Crit\u00e9rios de credenciamento e Recredenciamento Docente &#8211; PPG Ci\u00eancias Biom\u00e9dicas &nbsp; Resolu\u00e7\u00f5es e Regulamentos Resolu\u00e7\u00f5es&nbsp;&hellip;<\/p>\n","protected":false},"author":24,"featured_media":0,"parent":0,"menu_order":0,"comment_status":"closed","ping_status":"closed","template":"","meta":[],"_links":{"self":[{"href":"https:\/\/www2.uepg.br\/ppgbiomedicas\/wp-json\/wp\/v2\/pages\/69"}],"collection":[{"href":"https:\/\/www2.uepg.br\/ppgbiomedicas\/wp-json\/wp\/v2\/pages"}],"about":[{"href":"https:\/\/www2.uepg.br\/ppgbiomedicas\/wp-json\/wp\/v2\/types\/page"}],"author":[{"embeddable":true,"href":"https:\/\/www2.uepg.br\/ppgbiomedicas\/wp-json\/wp\/v2\/users\/24"}],"replies":[{"embeddable":true,"href":"https:\/\/www2.uepg.br\/ppgbiomedicas\/wp-json\/wp\/v2\/comments?post=69"}],"version-history":[{"count":28,"href":"https:\/\/www2.uepg.br\/ppgbiomedicas\/wp-json\/wp\/v2\/pages\/69\/revisions"}],"predecessor-version":[{"id":686,"href":"https:\/\/www2.uepg.br\/ppgbiomedicas\/wp-json\/wp\/v2\/pages\/69\/revisions\/686"}],"wp:attachment":[{"href":"https:\/\/www2.uepg.br\/ppgbiomedicas\/wp-json\/wp\/v2\/media?parent=69"}],"curies":[{"name":"wp","href":"https:\/\/api.w.org\/{rel}","templated":true}]}}