{"id":160,"date":"2019-11-22T10:33:08","date_gmt":"2019-11-22T13:33:08","guid":{"rendered":"http:\/\/www2.uepg.br\/ppgcs\/?page_id=160"},"modified":"2025-03-26T11:14:02","modified_gmt":"2025-03-26T14:14:02","slug":"contato","status":"publish","type":"page","link":"https:\/\/www2.uepg.br\/ppgcs\/contato\/","title":{"rendered":"Contato"},"content":{"rendered":"<p style=\"text-align: center\"><strong>Secretaria do Programa<\/strong><\/p>\n<p style=\"text-align: center\">Av. Carlos Cavalcanti, 4748 &#8211; Campus Uvaranas &#8211; Ponta Grossa (PR)<\/p>\n<p style=\"text-align: center\">Setor de Ci\u00eancias Biol\u00f3gicas e da Sa\u00fade &#8211; Bloco M<\/p>\n<p style=\"text-align: center\">Sala M-93B<\/p>\n<p style=\"text-align: center\">\u00a0 CEP 84030-900<br \/>\n<a href=\"https:\/\/goo.gl\/maps\/YZiXKPsmqSAbBxLR7\" target=\"_blank\" rel=\"noopener noreferrer\">Veja no Mapa<\/a><\/p>\n<p>&nbsp;<\/p>\n<p style=\"text-align: center\"><strong>Telefone<\/strong><\/p>\n<p style=\"text-align: center\">(42)2102-8937<\/p>\n<p>&nbsp;<\/p>\n<p style=\"text-align: center\"><strong>E-mail<\/strong><\/p>\n<p style=\"text-align: center\">ppgcs@uepg.br<\/p>\n<p>&nbsp;<\/p>\n<p style=\"text-align: center\"><strong>Hor\u00e1rio de atendimento<\/strong><\/p>\n<p style=\"text-align: center\">Segunda a sexta-feira, das 08:00 \u00e0s 11:30 e das 13:30 \u00e0s 17:00<\/p>\n<p>&nbsp;<\/p>\n","protected":false},"excerpt":{"rendered":"<p>Secretaria do Programa Av. Carlos Cavalcanti, 4748 &#8211; Campus Uvaranas &#8211; Ponta Grossa (PR) Setor de Ci\u00eancias Biol\u00f3gicas e da Sa\u00fade &#8211; Bloco M Sala M-93B \u00a0 CEP 84030-900 Veja no Mapa &nbsp; Telefone (42)2102-8937 &nbsp; E-mail ppgcs@uepg.br &nbsp; Hor\u00e1rio de atendimento Segunda a sexta-feira, das 08:00 \u00e0s 11:30 e das 13:30 \u00e0s 17:00 &nbsp;<\/p>\n","protected":false},"author":24,"featured_media":0,"parent":0,"menu_order":0,"comment_status":"closed","ping_status":"closed","template":"","meta":[],"_links":{"self":[{"href":"https:\/\/www2.uepg.br\/ppgcs\/wp-json\/wp\/v2\/pages\/160"}],"collection":[{"href":"https:\/\/www2.uepg.br\/ppgcs\/wp-json\/wp\/v2\/pages"}],"about":[{"href":"https:\/\/www2.uepg.br\/ppgcs\/wp-json\/wp\/v2\/types\/page"}],"author":[{"embeddable":true,"href":"https:\/\/www2.uepg.br\/ppgcs\/wp-json\/wp\/v2\/users\/24"}],"replies":[{"embeddable":true,"href":"https:\/\/www2.uepg.br\/ppgcs\/wp-json\/wp\/v2\/comments?post=160"}],"version-history":[{"count":20,"href":"https:\/\/www2.uepg.br\/ppgcs\/wp-json\/wp\/v2\/pages\/160\/revisions"}],"predecessor-version":[{"id":909,"href":"https:\/\/www2.uepg.br\/ppgcs\/wp-json\/wp\/v2\/pages\/160\/revisions\/909"}],"wp:attachment":[{"href":"https:\/\/www2.uepg.br\/ppgcs\/wp-json\/wp\/v2\/media?parent=160"}],"curies":[{"name":"wp","href":"https:\/\/api.w.org\/{rel}","templated":true}]}}