{"id":140,"date":"2019-08-20T13:36:38","date_gmt":"2019-08-20T16:36:38","guid":{"rendered":"http:\/\/www2.uepg.br\/ppgcsa\/?page_id=140"},"modified":"2025-03-07T15:42:25","modified_gmt":"2025-03-07T18:42:25","slug":"selecao-e-matricula","status":"publish","type":"page","link":"https:\/\/www2.uepg.br\/ppgcsa\/selecao-e-matricula\/","title":{"rendered":"Sele\u00e7\u00e3o e Matr\u00edcula"},"content":{"rendered":"<p>O processo de Sele\u00e7\u00e3o \u00e9 desenvolvido em etapas definidas em edital espec\u00edfico a cada ano pelo Colegiado do Programa de P\u00f3s-Gradua\u00e7\u00e3o em Ci\u00eancias Sociais Aplicadas.<\/p>\n<p>Da Matr\u00edcula dos Aprovados:<br \/>\nAs matr\u00edculas s\u00e3o realizadas\u00a0 via on-line, pelo Sistema Stricto Sensu (HTTPS:\/\/sistemas.uepg.br\/stricto\/matr\u00edcula) , em per\u00edodo definido em edital espec\u00edfico.<\/p>\n<p>As disciplinas e atividades programadas ser\u00e3o ofertadas pelo Colegiado a cada semestre letivo.<\/p>\n<p>Quaisquer outras informa\u00e7\u00f5es sobre o Curso poder\u00e3o ser obtidas junto \u00e0 Secretaria dos Cursos de P\u00f3s-Gradua\u00e7\u00e3o \u2013 e-mail sspg.cipp@uepg.br<\/p>\n","protected":false},"excerpt":{"rendered":"<p>O processo de Sele\u00e7\u00e3o \u00e9 desenvolvido em etapas definidas em edital espec\u00edfico a cada ano pelo Colegiado do Programa de P\u00f3s-Gradua\u00e7\u00e3o em Ci\u00eancias Sociais Aplicadas. Da Matr\u00edcula dos Aprovados: As matr\u00edculas s\u00e3o realizadas\u00a0 via on-line, pelo Sistema Stricto Sensu (HTTPS:\/\/sistemas.uepg.br\/stricto\/matr\u00edcula) , em per\u00edodo definido em edital espec\u00edfico. As disciplinas e atividades programadas ser\u00e3o ofertadas pelo&nbsp;&hellip;<\/p>\n","protected":false},"author":24,"featured_media":0,"parent":0,"menu_order":0,"comment_status":"closed","ping_status":"closed","template":"","meta":[],"_links":{"self":[{"href":"https:\/\/www2.uepg.br\/ppgcsa\/wp-json\/wp\/v2\/pages\/140"}],"collection":[{"href":"https:\/\/www2.uepg.br\/ppgcsa\/wp-json\/wp\/v2\/pages"}],"about":[{"href":"https:\/\/www2.uepg.br\/ppgcsa\/wp-json\/wp\/v2\/types\/page"}],"author":[{"embeddable":true,"href":"https:\/\/www2.uepg.br\/ppgcsa\/wp-json\/wp\/v2\/users\/24"}],"replies":[{"embeddable":true,"href":"https:\/\/www2.uepg.br\/ppgcsa\/wp-json\/wp\/v2\/comments?post=140"}],"version-history":[{"count":6,"href":"https:\/\/www2.uepg.br\/ppgcsa\/wp-json\/wp\/v2\/pages\/140\/revisions"}],"predecessor-version":[{"id":1789,"href":"https:\/\/www2.uepg.br\/ppgcsa\/wp-json\/wp\/v2\/pages\/140\/revisions\/1789"}],"wp:attachment":[{"href":"https:\/\/www2.uepg.br\/ppgcsa\/wp-json\/wp\/v2\/media?parent=140"}],"curies":[{"name":"wp","href":"https:\/\/api.w.org\/{rel}","templated":true}]}}