{"id":70,"date":"2019-08-19T14:33:15","date_gmt":"2019-08-19T17:33:15","guid":{"rendered":"http:\/\/www2.uepg.br\/ppgcsa\/?page_id=70"},"modified":"2025-02-17T18:57:41","modified_gmt":"2025-02-17T21:57:41","slug":"arquivos","status":"publish","type":"page","link":"https:\/\/www2.uepg.br\/ppgcsa\/arquivos\/","title":{"rendered":"Arquivos"},"content":{"rendered":"<h4>Material de bolso &#8211; PPGCSA<\/h4>\n<ul>\n<li><a href=\"https:\/\/www2.uepg.br\/ppgcsa\/wp-content\/uploads\/sites\/34\/2019\/10\/Regulamento-atual-certo.pdf\">Regulamento<\/a><\/li>\n<li><a href=\"https:\/\/drive.google.com\/file\/d\/1mxNr2o_H2HJWgeK33-_9FcqX095wKjl6\/view?usp=sharing\">Protocolo para valida\u00e7\u00e3o de cr\u00e9ditos &#8211; MESTRADO <\/a><\/li>\n<li><a href=\"https:\/\/drive.google.com\/file\/d\/1qGKVzzjiTOkfK3u0cTyLGhQf9yjK_UXU\/view?usp=sharing\">Protocolo para valida\u00e7\u00e3o de cr\u00e9ditos &#8211; DOUTORADO<\/a><\/li>\n<li><a href=\"https:\/\/acrobat.adobe.com\/id\/urn:aaid:sc:VA6C2:4a726b0c-8933-4023-a923-6736bffd2256\">Guia para novos usu\u00e1rios &#8211; Plataforma ACAD<\/a><\/li>\n<li><a href=\"https:\/\/acrobat.adobe.com\/id\/urn:aaid:sc:va6c2:e17762fc-24eb-459a-8cf1-e901b0b8fc86\">LAB PPGCSA\u00a0 &#8211; uso do Laborat\u00f3rio de Pesquisa do Programa de Ci\u00eancias Sociais Aplicadas\u00a0<\/a><\/li>\n<\/ul>\n<h4>Instru\u00e7\u00f5es Normativas<\/h4>\n<ul>\n<li><a href=\"https:\/\/www2.uepg.br\/ppgcsa\/wp-content\/uploads\/sites\/34\/2023\/02\/IN-1-2023-atualizacao-curriculo-lattes-pelo-academicos-do-PPGCSA.pdf\">Instru\u00e7\u00e3o normativa n. 01\/2023 &#8211; atualiza\u00e7\u00e3o do Curr\u00edculo Lattes dos acad\u00eamicos do PPGCSA<\/a><\/li>\n<li><a href=\"https:\/\/www2.uepg.br\/ppgcsa\/wp-content\/uploads\/sites\/34\/2023\/02\/IN-2-2023-classificacao-e-manutencao-docentes-PPGCSA.pdf\">Instru\u00e7\u00e3o normativa n. 02\/2023 &#8211; classifica\u00e7\u00e3o e manuten\u00e7\u00e3o docentes PPGCSA<\/a><\/li>\n<li><a href=\"https:\/\/www2.uepg.br\/ppgcsa\/wp-content\/uploads\/sites\/34\/2023\/02\/IN-3-2023-Direito-de-abertura-de-vagas-por-docentes.pdf\">Instru\u00e7\u00e3o normativa n. 03\/2023 &#8211; direito de abertura de vagas por docentes<\/a><\/li>\n<li><a href=\"https:\/\/www2.uepg.br\/ppgcsa\/wp-content\/uploads\/sites\/34\/2023\/02\/IN-4-2023-obrigacoes-bolsistas-perante-o-Programa.pdf\">Instru\u00e7\u00e3o normativa n. 04\/2023 &#8211; obriga\u00e7\u00f5es bolsistas perante o PPGCSA<\/a><\/li>\n<li><a href=\"https:\/\/drive.google.com\/file\/d\/1vIfXGEx6xYFDfDgdvezQiC6jyxCDlERb\/view?usp=sharing\">Instru\u00e7\u00e3o normativa n. 01\/2024 &#8211; Qualifica\u00e7\u00f5es Mestrado e Doutorado<\/a><\/li>\n<li><a href=\"https:\/\/drive.google.com\/file\/d\/1kzoXLT0eNHWgBlWK1_onZoseDIB-hozX\/view?usp=sharing\">Instru\u00e7\u00e3o normativa n. 02\/2024 &#8211; Concess\u00e3o de pagamento para eventos\u00a0<\/a><\/li>\n<\/ul>\n<h4 style=\"text-align: left\">Aux\u00edlio Financeiro<\/h4>\n<ul style=\"text-align: left\">\n<li><a href=\"http:\/\/www2.uepg.br\/ppgcsa\/wp-content\/uploads\/sites\/34\/2019\/08\/Solicita\u00e7\u00e3o-de-recurso-financeiro-aluno.pdf\">Solicita\u00e7\u00e3o de recurso financeiro para alunos<\/a><\/li>\n<li><a href=\"http:\/\/www2.uepg.br\/ppgcsa\/wp-content\/uploads\/sites\/34\/2019\/08\/Solicitacao-de-recursos-financeiros-Professores-1.pdf\">Solicita\u00e7\u00e3o de recursos financeiros para Professores<\/a><\/li>\n<\/ul>\n<h4 style=\"text-align: left\">Bolsistas<\/h4>\n<ul style=\"text-align: left\">\n<li><a href=\"https:\/\/drive.google.com\/file\/d\/0B6qHcQ2A-dqEb2JZN0swekFHdF9BUXlEZGdEYTE1ZEhGWUZF\/view\" target=\"_blank\" rel=\"noopener noreferrer\">Formul\u00e1rio de Cadastro de Bolsista<\/a><\/li>\n<li><a href=\"https:\/\/drive.google.com\/file\/d\/0B6qHcQ2A-dqEblp5LTVhY2xJbE5sMlVaXzh0QW5OOUQ5LUdR\/view\" target=\"_blank\" rel=\"noopener noreferrer\">Formul\u00e1rio Comunicado de Cancelamento de Bolsa<\/a><\/li>\n<li><a href=\"http:\/\/www2.uepg.br\/ppgcsa\/wp-content\/uploads\/sites\/34\/2019\/08\/Termo-de-Compromisso-Bolsista.doc\">Termo de Compromisso Bolsista<\/a><\/li>\n<li><a href=\"https:\/\/docs.google.com\/document\/d\/12eEzHrNMlUweLdWzryD1zBKkGTbYIDvCeJQjb1nxsfw\/edit?usp=sharing\" target=\"_blank\" rel=\"noopener noreferrer\">Relat\u00f3rio de Atividades do Bolsista<\/a><\/li>\n<li><a href=\"http:\/\/www2.uepg.br\/ppgcsa\/wp-content\/uploads\/sites\/34\/2019\/08\/Resolu\u00e7\u00e3o-CEPE-021-de-19-de-julho-de-2016-aprova-regulamento-de-est\u00e1gio-de-doc\u00eancia-de-discentes-dos-cursos-de-p\u00f3s-gradua\u00e7\u00e3o-stricto-sensu-da-UEPG..pdf\" target=\"_blank\" rel=\"noopener noreferrer\">Resolu\u00e7\u00e3o CEPE 021 de 19 de julho de 2016 &#8211; aprova regulamento de est\u00e1gio de doc\u00eancia de discentes dos cursos de p\u00f3s-gradua\u00e7\u00e3o stricto sensu, da UEPG.<\/a><\/li>\n<li><a href=\"http:\/\/www2.uepg.br\/ppgcsa\/wp-content\/uploads\/sites\/34\/2019\/08\/Resolucao-CEPE-021-2016_Anexo-I-Plano-de-Atividades-de-Est\u00e1gio-de-Doc\u00eancia-1.pdf\">Resolu\u00e7\u00e3o CEPE 021-2016_Anexo I Plano de Atividades de Est\u00e1gio de Doc\u00eancia<\/a><\/li>\n<li><a href=\"http:\/\/www2.uepg.br\/ppgcsa\/wp-content\/uploads\/sites\/34\/2019\/08\/Resolucao-CEPE-021-2016_Anexo-II-Relat\u00f3rio-das-Atividades-de-Est\u00e1gio-de-Doc\u00eancia.pdf\">Resolucao-CEPE-021-2016_Anexo-II-Relat\u00f3rio-das-Atividades-de-Est\u00e1gio-de-Doc\u00eancia<\/a><\/li>\n<\/ul>\n<h4 style=\"text-align: left\">Defesas<\/h4>\n<ul style=\"text-align: left\">\n<li><a href=\"https:\/\/drive.google.com\/file\/d\/17VGjYWMloMjb6wzbv7nRSY92lzo9zNpl\/view?usp=sharing\" target=\"_blank\" rel=\"noopener noreferrer\">Formul\u00e1rio de Solicita\u00e7\u00e3o de Banca de Defesa Mestrado<\/a><\/li>\n<li><a href=\"https:\/\/drive.google.com\/file\/d\/1ShBKEiwQ4vDzVT9uQJc-7ryCRcWhXlPx\/view?usp=sharing\" target=\"_blank\" rel=\"noopener noreferrer\">Formul\u00e1rio de Solicita\u00e7\u00e3o de Banca de Defesa Doutorado<\/a><\/li>\n<li><a href=\"http:\/\/www2.uepg.br\/ppgcsa\/wp-content\/uploads\/sites\/34\/2021\/07\/Declaracao-de-Participacao-em-Banca.docx\">Declara\u00e7\u00e3o de Participa\u00e7\u00e3o em Banca<\/a><\/li>\n<\/ul>\n<h4 style=\"text-align: left\">Entrega de Disserta\u00e7\u00e3o e Tese<\/h4>\n<ul style=\"text-align: left\">\n<li><a href=\"http:\/\/www2.uepg.br\/ppgcsa\/wp-content\/uploads\/sites\/34\/2019\/08\/Procedimento-para-entrega-de-dissertacao-tese.pdf\" target=\"_blank\" rel=\"noopener noreferrer\">Procedimento para Entrega de Disserta\u00e7\u00e3o e Tese<\/a><\/li>\n<li><a href=\"https:\/\/www3.uepg.br\/bicen\/ficha-catalografica\/\" target=\"_blank\" rel=\"noopener noreferrer\">Ficha Catalogr\u00e1fica<\/a><\/li>\n<li><a href=\"http:\/\/tede2.uepg.br\/jspui\/doc1.docx\" target=\"_blank\" rel=\"noopener noreferrer\">Termo de Autoriza\u00e7\u00e3o para Publica\u00e7\u00e3o Eletr\u00f4nica na BDTD da UEPG<\/a><\/li>\n<\/ul>\n<h4 style=\"text-align: left\">Qualifica\u00e7\u00e3o<\/h4>\n<ul style=\"text-align: left\">\n<li><a href=\"https:\/\/drive.google.com\/file\/d\/1fy2Gxnn1pOQZMIGqG4prVxAOQtMhe9q3\/view?usp=sharing\">Cartilha Exame de Qualifica\u00e7\u00e3o- PPGCSA<\/a><\/li>\n<li><a href=\"https:\/\/drive.google.com\/file\/d\/12_W89lArz8KIbNEb3TY2d5GcSUa319oQ\/view?usp=sharing\" target=\"_blank\" rel=\"noopener noreferrer\">Formul\u00e1rio de Solicita\u00e7\u00e3o de Banca de Qualifica\u00e7\u00e3o Mestrado<\/a><\/li>\n<li><a href=\"https:\/\/drive.google.com\/file\/d\/1szYhSrCx0Ihj2yO3XPLnV4Y1UgYDQ9y0\/view?usp=sharing\" target=\"_blank\" rel=\"noopener noreferrer\">Formul\u00e1rio de Solicita\u00e7\u00e3o de Banca de Qualifica\u00e7\u00e3o Doutorado<\/a><\/li>\n<li><a href=\"http:\/\/www2.uepg.br\/ppgcsa\/wp-content\/uploads\/sites\/34\/2019\/08\/Normas-para-exame-de-qualifica\u00e7\u00e3o.pdf\" target=\"_blank\" rel=\"noopener noreferrer\">Normas para exame de qualifica\u00e7\u00e3o<\/a><\/li>\n<\/ul>\n<h4>Alunos Especiais<\/h4>\n<ul>\n<li><a href=\"http:\/\/www2.uepg.br\/ppgcsa\/wp-content\/uploads\/sites\/34\/2022\/03\/Ficha-de-Inscricao-para-alunos-especiais-em-disciplinas-isoladas.docx\">Ficha de Inscri\u00e7\u00e3o para Alunos Especiais em Disciplinas Isoladas<\/a><\/li>\n<\/ul>\n<h4>Cadastro de Livros<\/h4>\n<ul>\n<li><a href=\"https:\/\/drive.google.com\/file\/d\/1l8XraUkCNA1aD3WjmxNfp9YCDbwHllIL\/view?usp=sharing\">Cadastro de Livros ou Cap\u00edtulos de Livros Publicados por Autores Vinculados ao PPGCSA<\/a><\/li>\n<\/ul>\n<h4>Cadastro de Participantes Externos<\/h4>\n<ul>\n<li><a href=\"https:\/\/drive.google.com\/file\/d\/1CXpBz5Jt_3lsOGqJyEiFcg27-CefKK6O\/view?usp=sharing\">Cadastro de Participante Externo (docente ou n\u00e3o) em Atividades Acad\u00eamicas do PGCSA<\/a><\/li>\n<\/ul>\n<h4>Publica\u00e7\u00f5es<\/h4>\n","protected":false},"excerpt":{"rendered":"<p>Material de bolso &#8211; PPGCSA Regulamento Protocolo para valida\u00e7\u00e3o de cr\u00e9ditos &#8211; MESTRADO Protocolo para valida\u00e7\u00e3o de cr\u00e9ditos &#8211; DOUTORADO Guia para novos usu\u00e1rios &#8211; Plataforma ACAD LAB PPGCSA\u00a0 &#8211; uso do Laborat\u00f3rio de Pesquisa do Programa de Ci\u00eancias Sociais Aplicadas\u00a0 Instru\u00e7\u00f5es Normativas Instru\u00e7\u00e3o normativa n. 01\/2023 &#8211; atualiza\u00e7\u00e3o do Curr\u00edculo Lattes dos acad\u00eamicos do&nbsp;&hellip;<\/p>\n","protected":false},"author":24,"featured_media":0,"parent":0,"menu_order":0,"comment_status":"closed","ping_status":"closed","template":"","meta":[],"_links":{"self":[{"href":"https:\/\/www2.uepg.br\/ppgcsa\/wp-json\/wp\/v2\/pages\/70"}],"collection":[{"href":"https:\/\/www2.uepg.br\/ppgcsa\/wp-json\/wp\/v2\/pages"}],"about":[{"href":"https:\/\/www2.uepg.br\/ppgcsa\/wp-json\/wp\/v2\/types\/page"}],"author":[{"embeddable":true,"href":"https:\/\/www2.uepg.br\/ppgcsa\/wp-json\/wp\/v2\/users\/24"}],"replies":[{"embeddable":true,"href":"https:\/\/www2.uepg.br\/ppgcsa\/wp-json\/wp\/v2\/comments?post=70"}],"version-history":[{"count":35,"href":"https:\/\/www2.uepg.br\/ppgcsa\/wp-json\/wp\/v2\/pages\/70\/revisions"}],"predecessor-version":[{"id":1611,"href":"https:\/\/www2.uepg.br\/ppgcsa\/wp-json\/wp\/v2\/pages\/70\/revisions\/1611"}],"wp:attachment":[{"href":"https:\/\/www2.uepg.br\/ppgcsa\/wp-json\/wp\/v2\/media?parent=70"}],"curies":[{"name":"wp","href":"https:\/\/api.w.org\/{rel}","templated":true}]}}