{"id":1062,"date":"2023-08-17T15:09:33","date_gmt":"2023-08-17T18:09:33","guid":{"rendered":"https:\/\/www2.uepg.br\/ppgcta\/?page_id=1062"},"modified":"2023-08-17T15:15:03","modified_gmt":"2023-08-17T18:15:03","slug":"coordenacao","status":"publish","type":"page","link":"https:\/\/www2.uepg.br\/ppgcta\/coordenacao\/","title":{"rendered":"Coordena\u00e7\u00e3o"},"content":{"rendered":"<p style=\"text-align: center\"><em><strong>Coordena\u00e7\u00e3o do Programa de P\u00f3s-gradua\u00e7\u00e3o em Ci\u00eancia e Tecnologia Alimentos<\/strong><\/em><\/p>\n<p style=\"text-align: center\">Coordenadora: Profa. Dra. Aline Alberti<br \/>\nVice-Coordenadora: Profa. Dra. Renata Dinnies Santos Salem<\/p>\n","protected":false},"excerpt":{"rendered":"<p>Coordena\u00e7\u00e3o do Programa de P\u00f3s-gradua\u00e7\u00e3o em Ci\u00eancia e Tecnologia Alimentos Coordenadora: Profa. Dra. Aline Alberti Vice-Coordenadora: Profa. Dra. Renata Dinnies Santos Salem<\/p>\n","protected":false},"author":369,"featured_media":0,"parent":0,"menu_order":0,"comment_status":"closed","ping_status":"closed","template":"","meta":[],"_links":{"self":[{"href":"https:\/\/www2.uepg.br\/ppgcta\/wp-json\/wp\/v2\/pages\/1062"}],"collection":[{"href":"https:\/\/www2.uepg.br\/ppgcta\/wp-json\/wp\/v2\/pages"}],"about":[{"href":"https:\/\/www2.uepg.br\/ppgcta\/wp-json\/wp\/v2\/types\/page"}],"author":[{"embeddable":true,"href":"https:\/\/www2.uepg.br\/ppgcta\/wp-json\/wp\/v2\/users\/369"}],"replies":[{"embeddable":true,"href":"https:\/\/www2.uepg.br\/ppgcta\/wp-json\/wp\/v2\/comments?post=1062"}],"version-history":[{"count":2,"href":"https:\/\/www2.uepg.br\/ppgcta\/wp-json\/wp\/v2\/pages\/1062\/revisions"}],"predecessor-version":[{"id":1065,"href":"https:\/\/www2.uepg.br\/ppgcta\/wp-json\/wp\/v2\/pages\/1062\/revisions\/1065"}],"wp:attachment":[{"href":"https:\/\/www2.uepg.br\/ppgcta\/wp-json\/wp\/v2\/media?parent=1062"}],"curies":[{"name":"wp","href":"https:\/\/api.w.org\/{rel}","templated":true}]}}