{"id":235,"date":"2019-11-04T08:54:44","date_gmt":"2019-11-04T11:54:44","guid":{"rendered":"http:\/\/www2.uepg.br\/ppgcta\/?page_id=235"},"modified":"2025-01-24T14:03:25","modified_gmt":"2025-01-24T17:03:25","slug":"teses","status":"publish","type":"page","link":"https:\/\/www2.uepg.br\/ppgcta\/teses\/","title":{"rendered":"Teses"},"content":{"rendered":"<div id=\"pl-235\"  class=\"panel-layout\" ><div id=\"pg-235-0\"  class=\"panel-grid panel-no-style\" ><div id=\"pgc-235-0-0\"  class=\"panel-grid-cell\" ><div id=\"panel-235-0-0-0\" class=\"so-panel widget widget_sow-accordion panel-first-child panel-last-child\" data-index=\"0\" ><div\n\t\t\t\n\t\t\tclass=\"so-widget-sow-accordion so-widget-sow-accordion-default-d9d701670657-235\"\n\t\t\t\n\t\t><div>\n\t<div class=\"sow-accordion\">\n\t\t\t<div class=\"sow-accordion-panel\"\n\t\t\t data-anchor=\"teses-2024\">\n\t\t\t\t<div class=\"sow-accordion-panel-header-container\" role=\"heading\" aria-level=\"2\">\n\t\t\t\t\t<div class=\"sow-accordion-panel-header\" tabindex=\"0\" role=\"button\" id=\"accordion-label-teses-2024\" aria-controls=\"accordion-content-teses-2024\" aria-expanded=\"false\">\n\t\t\t\t\t\t<div class=\"sow-accordion-title sow-accordion-title-icon-left\">\n\t\t\t\t\t\t\t\t\t\t\t\t\t\tTeses 2024\t\t\t\t\t\t\t\t\t\t\t\t\t<\/div>\n\t\t\t\t\t\t<div class=\"sow-accordion-open-close-button\">\n\t\t\t\t\t\t\t<div class=\"sow-accordion-open-button\">\n\t\t\t\t\t\t\t\t<span class=\"sow-icon-ionicons\" data-sow-icon=\"&#xf218;\"\n\t\t \n\t\taria-hidden=\"true\"><\/span>\t\t\t\t\t\t\t<\/div>\n\t\t\t\t\t\t\t<div class=\"sow-accordion-close-button\">\n\t\t\t\t\t\t\t\t<span class=\"sow-icon-ionicons\" data-sow-icon=\"&#xf209;\"\n\t\t \n\t\taria-hidden=\"true\"><\/span>\t\t\t\t\t\t\t<\/div>\n\t\t\t\t\t\t<\/div>\n\t\t\t\t\t<\/div>\n\t\t\t\t<\/div>\n\n\t\t\t<div\n\t\t\t\tclass=\"sow-accordion-panel-content\"\n\t\t\t\trole=\"region\"\n\t\t\t\taria-labelledby=\"accordion-label-teses-2024\"\n\t\t\t\tid=\"accordion-content-teses-2024\"\n\t\t\t\tstyle=\"display: none;\"\t\t\t>\n\t\t\t\t<div class=\"sow-accordion-panel-border\" tabindex=\"0\">\n\t\t\t\t\t<table width=\"99%\">\n<tbody>\n<tr>\n<td width=\"23%\"><strong>Autor<\/strong><\/td>\n<td width=\"23%\"><strong>Orientador<\/strong><\/td>\n<td width=\"51%\"><strong>T\u00edtulo<\/strong><\/td>\n<\/tr>\n<tr>\n<td width=\"23%\">F\u00e1bio Martins Campos<\/td>\n<td width=\"23%\">Marcelo Lazzarotto<\/td>\n<td width=\"51%\">Efeitos da crioconcentra\u00e7\u00e3o no enriquecimento de mosto visando o incremento da tipicidade e qualidade de vinhos carbernet sauvignon.<\/td>\n<\/tr>\n<tr>\n<td width=\"23%\">Fernanda Gabriela Henning<\/td>\n<td width=\"23%\">Luiz Gustavo Lacerda<\/td>\n<td width=\"51%\">Filmes biodegrad\u00e1veis de amido de trigo mourisco (Fagopyrum esculentum): produ\u00e7\u00e3o e caracteriza\u00e7\u00e3o utilizando a t\u00e9cnica de Casting com adi\u00e7\u00e3o de \u00e1cidos org\u00e2nicos. <a href=\"https:\/\/tede2.uepg.br\/jspui\/bitstream\/prefix\/4373\/1\/Fernanda%20Gabriela%20Henning.pdf\">Link<\/a><\/td>\n<\/tr>\n<tr>\n<td width=\"23%\">Gabriela Caroline Lenhani<\/td>\n<td width=\"23%\">Alessandro Nogueira<\/td>\n<td width=\"51%\">Avalia\u00e7\u00e3o de t\u00e9cnicas de matura\u00e7\u00e3o em cervejas\u00a0Barleywine: esp\u00e9cies de madeira, micro-oxigena\u00e7\u00e3o e tratamento ultrass\u00f4nico.<\/td>\n<\/tr>\n<tr>\n<td width=\"23%\">Giovani Almeida Camargo<\/td>\n<td width=\"23%\">Juliana Bonametti Olivato<\/td>\n<td width=\"51%\">Solu\u00e7\u00f5es sustent\u00e1veis para conserva\u00e7\u00e3o p\u00f3s-colheita: aprimorando a vida \u00fatil de frutas e hortali\u00e7as utilizando biopl\u00e1sticos biodegrad\u00e1veis e ingredientes ativos. <a href=\"https:\/\/tede2.uepg.br\/jspui\/bitstream\/prefix\/4415\/1\/Giovani%20Almeida%20Camargo.pdf\">Link<\/a>\n<p>&nbsp;<\/p><\/td>\n<\/tr>\n<tr>\n<td width=\"23%\">Gisele Kirchbaner Contini<\/td>\n<td width=\"23%\">Ivo Mottin Demiate<\/td>\n<td width=\"51%\">Estudo das propriedades do amido de banana verde modificado com anidrido octenil succinico (OSA) e aplica\u00e7\u00e3o em chocolate ao leite em escala industrial. <a href=\"https:\/\/tede2.uepg.br\/jspui\/bitstream\/prefix\/4419\/1\/Gisele%20Kirchbaner%20Contini.pdf\">Link<\/a><\/td>\n<\/tr>\n<tr>\n<td width=\"23%\">Rafaela Gomes Costello<\/td>\n<td width=\"23%\">Aline Alberti<\/td>\n<td width=\"51%\">Extra\u00e7\u00e3o de compostos oriundos dos res\u00edduos agroindustriais de ma\u00e7\u00e3 e uva dentro do conceito de biorrefinaria. <a href=\"https:\/\/tede2.uepg.br\/jspui\/bitstream\/prefix\/4328\/1\/Rafaela%20Gomes%20Costello.pdf\">Link<\/a><\/td>\n<\/tr>\n<tr>\n<td width=\"23%\">Roselini Trapp Kr\u00fcger<\/td>\n<td width=\"23%\">Alessandro Nogueira<\/td>\n<td width=\"51%\">Avalia\u00e7\u00e3o de baga\u00e7o imobilizado e de diferentes madeiras tratadas com ultrassom na extra\u00e7\u00e3o fen\u00f3lica durante o envelhecimento de licor de ma\u00e7\u00e3. <a href=\"https:\/\/tede2.uepg.br\/jspui\/bitstream\/prefix\/4267\/1\/Roselini%20Trapp%20Kr%c3%bcger.pdf\">Link<\/a><\/td>\n<\/tr>\n<tr>\n<td width=\"23%\">Valter Oliveira de Souto<\/td>\n<td width=\"23%\">Marcelo Lazzarotto<\/td>\n<td width=\"51%\">Caracteriza\u00e7\u00e3o f\u00edsico-qu\u00edmica e potencial antioxidante de bebidas compostas de suco de uva e extrato enriquecido de erva-mate.<\/td>\n<\/tr>\n<tr>\n<td width=\"23%\">Vanessa Soltes de Almeida<\/td>\n<td width=\"23%\">Luiz Gustavo Lacerda<\/td>\n<td width=\"51%\">Produ\u00e7\u00e3o, caracteriza\u00e7\u00e3o e aplica\u00e7\u00e3o de \u00adlmes biodegrad\u00e1veis de amido de mangarito (Xanthosoma sp.) incorporados com nanocelulose de eucalipto (Eucalyptus sp.) e pinus (Pinus sp.).<\/td>\n<\/tr>\n<\/tbody>\n<\/table>\n\t\t\t\t<\/div>\n\t\t\t<\/div>\n\t\t<\/div>\n\t\t\t<div class=\"sow-accordion-panel\"\n\t\t\t data-anchor=\"teses-2023\">\n\t\t\t\t<div class=\"sow-accordion-panel-header-container\" role=\"heading\" aria-level=\"2\">\n\t\t\t\t\t<div class=\"sow-accordion-panel-header\" tabindex=\"0\" role=\"button\" id=\"accordion-label-teses-2023\" aria-controls=\"accordion-content-teses-2023\" aria-expanded=\"false\">\n\t\t\t\t\t\t<div class=\"sow-accordion-title sow-accordion-title-icon-left\">\n\t\t\t\t\t\t\t\t\t\t\t\t\t\tTeses 2023\t\t\t\t\t\t\t\t\t\t\t\t\t<\/div>\n\t\t\t\t\t\t<div class=\"sow-accordion-open-close-button\">\n\t\t\t\t\t\t\t<div class=\"sow-accordion-open-button\">\n\t\t\t\t\t\t\t\t<span class=\"sow-icon-ionicons\" data-sow-icon=\"&#xf218;\"\n\t\t \n\t\taria-hidden=\"true\"><\/span>\t\t\t\t\t\t\t<\/div>\n\t\t\t\t\t\t\t<div class=\"sow-accordion-close-button\">\n\t\t\t\t\t\t\t\t<span class=\"sow-icon-ionicons\" data-sow-icon=\"&#xf209;\"\n\t\t \n\t\taria-hidden=\"true\"><\/span>\t\t\t\t\t\t\t<\/div>\n\t\t\t\t\t\t<\/div>\n\t\t\t\t\t<\/div>\n\t\t\t\t<\/div>\n\n\t\t\t<div\n\t\t\t\tclass=\"sow-accordion-panel-content\"\n\t\t\t\trole=\"region\"\n\t\t\t\taria-labelledby=\"accordion-label-teses-2023\"\n\t\t\t\tid=\"accordion-content-teses-2023\"\n\t\t\t\tstyle=\"display: none;\"\t\t\t>\n\t\t\t\t<div class=\"sow-accordion-panel-border\" tabindex=\"0\">\n\t\t\t\t\t<table width=\"100%\">\n<tbody>\n<tr>\n<td width=\"24%\"><strong>Autor<\/strong><\/td>\n<td width=\"23%\"><strong>Orientador<\/strong><\/td>\n<td width=\"51%\"><strong>T\u00edtulo<\/strong><\/td>\n<\/tr>\n<tr>\n<td width=\"24%\">Adeline Chaicouski Meneguzzo<\/td>\n<td width=\"23%\">Marcelo Lazzarotto<\/td>\n<td width=\"51%\">Incorpora\u00e7\u00e3o de extrato crioconcentrado de erva mate (llexparaguariensis A. St.-Hill) em f\u00e9cula de mandioca.<\/td>\n<\/tr>\n<tr>\n<td width=\"24%\">Graziela Nunes<\/td>\n<td width=\"23%\">Aline Alberti<\/td>\n<td width=\"51%\">Aplica\u00e7\u00e3o dos tecidos florais de Handroanthus albus (ip\u00ea amarelo) e Tropaeolum majus (capuchinha) como substrato alternativo para a fermenta\u00e7\u00e3o da kombucha. <a href=\"https:\/\/tede2.uepg.br\/jspui\/bitstream\/prefix\/4198\/1\/Graziela%20Nunes.pdf\">Link<\/a><\/td>\n<\/tr>\n<tr>\n<td width=\"24%\">Khatlyn Schafranski<\/td>\n<td width=\"23%\">Luiz Gustavo Lacerda<\/td>\n<td width=\"51%\">Tratamento hidrot\u00e9rmico em amido de mangarito (Xanthosoma sp.): investiga\u00e7\u00e3o dos efeitos nas suas propriedades estruturais, t\u00e9rmicas, de pasta e digestibilidade in vitro.<\/td>\n<\/tr>\n<tr>\n<td width=\"24%\">Priscila Arcoverde Wosiak<\/td>\n<td width=\"23%\">Ana Claudia Barana<\/td>\n<td width=\"51%\">Remo\u00e7\u00e3o de mat\u00e9ria org\u00e2nica carbon\u00e1cea e nitrogenada de esgoto sanit\u00e1rio real em reatores de bancada de leito fixo ordenado e empacotado. <a href=\"https:\/\/tede2.uepg.br\/jspui\/bitstream\/prefix\/4162\/1\/Priscila%20Arcoverde%20Wosiack.pdf\">Link<\/a><\/td>\n<\/tr>\n<\/tbody>\n<\/table>\n<p>&nbsp;<\/p>\n\t\t\t\t<\/div>\n\t\t\t<\/div>\n\t\t<\/div>\n\t\t\t<div class=\"sow-accordion-panel\"\n\t\t\t data-anchor=\"teses-2021\">\n\t\t\t\t<div class=\"sow-accordion-panel-header-container\" role=\"heading\" aria-level=\"2\">\n\t\t\t\t\t<div class=\"sow-accordion-panel-header\" tabindex=\"0\" role=\"button\" id=\"accordion-label-teses-2021\" aria-controls=\"accordion-content-teses-2021\" aria-expanded=\"false\">\n\t\t\t\t\t\t<div class=\"sow-accordion-title sow-accordion-title-icon-left\">\n\t\t\t\t\t\t\t\t\t\t\t\t\t\tTeses 2021\t\t\t\t\t\t\t\t\t\t\t\t\t<\/div>\n\t\t\t\t\t\t<div class=\"sow-accordion-open-close-button\">\n\t\t\t\t\t\t\t<div class=\"sow-accordion-open-button\">\n\t\t\t\t\t\t\t\t<span class=\"sow-icon-ionicons\" data-sow-icon=\"&#xf218;\"\n\t\t \n\t\taria-hidden=\"true\"><\/span>\t\t\t\t\t\t\t<\/div>\n\t\t\t\t\t\t\t<div class=\"sow-accordion-close-button\">\n\t\t\t\t\t\t\t\t<span class=\"sow-icon-ionicons\" data-sow-icon=\"&#xf209;\"\n\t\t \n\t\taria-hidden=\"true\"><\/span>\t\t\t\t\t\t\t<\/div>\n\t\t\t\t\t\t<\/div>\n\t\t\t\t\t<\/div>\n\t\t\t\t<\/div>\n\n\t\t\t<div\n\t\t\t\tclass=\"sow-accordion-panel-content\"\n\t\t\t\trole=\"region\"\n\t\t\t\taria-labelledby=\"accordion-label-teses-2021\"\n\t\t\t\tid=\"accordion-content-teses-2021\"\n\t\t\t\tstyle=\"display: none;\"\t\t\t>\n\t\t\t\t<div class=\"sow-accordion-panel-border\" tabindex=\"0\">\n\t\t\t\t\t<table width=\"100%\">\n<tbody>\n<tr>\n<td width=\"24%\"><strong>Autor<\/strong><\/td>\n<td width=\"23%\"><strong>Orientador<\/strong><\/td>\n<td width=\"51%\"><strong>T\u00edtulo<\/strong><\/td>\n<\/tr>\n<tr>\n<td width=\"24%\">Camila Delinski Bet<\/td>\n<td width=\"23%\">Egon Schnitzler<\/td>\n<td width=\"51%\">Extra\u00e7\u00e3o de amido de Amaranthus caudatus org\u00e2nico por irradia\u00e7\u00e3o ultrass\u00f4nica e incorpora\u00e7\u00e3o de frutooligossacar\u00eddeos por ultrassom e liofiliza\u00e7\u00e3o. <a href=\"https:\/\/tede2.uepg.br\/jspui\/handle\/prefix\/3463\">Link<\/a><\/td>\n<\/tr>\n<tr>\n<td width=\"24%\">J\u00e9ssica Cristine Teles<\/td>\n<td width=\"23%\">\u00a0Ana Claudia Barana<\/td>\n<td width=\"51%\">Remo\u00e7\u00e3o de DQO e nitrog\u00eanio de efluente de microcervejaria em biorreator de leito empacotado com aera\u00e7\u00e3o intermitente. <a href=\"https:\/\/tede2.uepg.br\/jspui\/bitstream\/prefix\/3464\/1\/J%c3%a9ssica%20Cristine%20Teles.pdf\">Link<\/a><\/td>\n<\/tr>\n<tr>\n<td width=\"24%\">Simone Rosa da Silveira Lazzarotto<\/td>\n<td width=\"23%\">Egon Schnitzler<\/td>\n<td width=\"51%\">Avalia\u00e7\u00e3o termoanal\u00edtica e cromatogr\u00e1fica de amidos incorporados com extratos crioconcentrados de erva-mate. <a href=\"https:\/\/tede2.uepg.br\/jspui\/bitstream\/prefix\/3329\/1\/Simone%20Rosa%20da%20Silveira%20Lazzarotto.pdf\">Link<\/a><\/td>\n<\/tr>\n<\/tbody>\n<\/table>\n<p>&nbsp;<\/p>\n<p>&nbsp;<\/p>\n\t\t\t\t<\/div>\n\t\t\t<\/div>\n\t\t<\/div>\n\t\t\t<div class=\"sow-accordion-panel\"\n\t\t\t data-anchor=\"teses-2020\">\n\t\t\t\t<div class=\"sow-accordion-panel-header-container\" role=\"heading\" aria-level=\"2\">\n\t\t\t\t\t<div class=\"sow-accordion-panel-header\" tabindex=\"0\" role=\"button\" id=\"accordion-label-teses-2020\" aria-controls=\"accordion-content-teses-2020\" aria-expanded=\"false\">\n\t\t\t\t\t\t<div class=\"sow-accordion-title sow-accordion-title-icon-left\">\n\t\t\t\t\t\t\t\t\t\t\t\t\t\tTeses 2020\t\t\t\t\t\t\t\t\t\t\t\t\t<\/div>\n\t\t\t\t\t\t<div class=\"sow-accordion-open-close-button\">\n\t\t\t\t\t\t\t<div class=\"sow-accordion-open-button\">\n\t\t\t\t\t\t\t\t<span class=\"sow-icon-ionicons\" data-sow-icon=\"&#xf218;\"\n\t\t \n\t\taria-hidden=\"true\"><\/span>\t\t\t\t\t\t\t<\/div>\n\t\t\t\t\t\t\t<div class=\"sow-accordion-close-button\">\n\t\t\t\t\t\t\t\t<span class=\"sow-icon-ionicons\" data-sow-icon=\"&#xf209;\"\n\t\t \n\t\taria-hidden=\"true\"><\/span>\t\t\t\t\t\t\t<\/div>\n\t\t\t\t\t\t<\/div>\n\t\t\t\t\t<\/div>\n\t\t\t\t<\/div>\n\n\t\t\t<div\n\t\t\t\tclass=\"sow-accordion-panel-content\"\n\t\t\t\trole=\"region\"\n\t\t\t\taria-labelledby=\"accordion-label-teses-2020\"\n\t\t\t\tid=\"accordion-content-teses-2020\"\n\t\t\t\tstyle=\"display: none;\"\t\t\t>\n\t\t\t\t<div class=\"sow-accordion-panel-border\" tabindex=\"0\">\n\t\t\t\t\t<table width=\"80%\">\n<tbody>\n<tr>\n<td width=\"25%\">\n<p style=\"text-align: center\"><strong>Autor<\/strong><\/p>\n<\/td>\n<td style=\"text-align: center\" width=\"25%\"><strong>Orientador<\/strong><\/td>\n<td width=\"49%\">\n<p style=\"text-align: center\"><strong>T\u00edtulo<\/strong><\/p>\n<\/td>\n<\/tr>\n<tr>\n<td width=\"25%\">Ana Cl\u00e1udia Bedin<\/td>\n<td width=\"25%\">Ivo Mottin Demiate<\/td>\n<td width=\"49%\">Batata-doce: fonte de ingredientes para a ind\u00fastria de alimentos<\/td>\n<\/tr>\n<tr>\n<td width=\"25%\">J\u00e2nio Sousa Santos<\/td>\n<td width=\"25%\">Neiva Deliberali Rosso<\/td>\n<td width=\"49%\">Otimiza\u00e7\u00e3o multi-anal\u00edtica de um extrato aquoso misto a partir de <em>Camellia sinensis<\/em> Var sinensis, <em>Ilex paraguariensis<\/em> e <em>Aspalathus linearis<\/em>: propriedades qu\u00edmicas, funcionais e aplica\u00e7\u00e3o tecnol\u00f3gica. <a href=\"https:\/\/tede2.uepg.br\/jspui\/bitstream\/prefix\/3324\/1\/J%c3%a2nio%20Sousa%20Santos%20.pdf\">Link<\/a><\/td>\n<\/tr>\n<tr>\n<td width=\"25%\">Jo\u00e3o Guilherme Baggio de Oliveira<\/td>\n<td width=\"25%\">Ana Cl\u00e1udia Barana<\/td>\n<td width=\"49%\">P\u00f3s tratamento de efluente de UASB em reator de leito empacotado com aera\u00e7\u00e3o intermitente em escala piloto. <a href=\"https:\/\/tede2.uepg.br\/jspui\/bitstream\/prefix\/3361\/1\/Jo%c3%a3o%20Guilherme%20Baggio%20de%20Oliveira.pdf\">Link<\/a><\/td>\n<\/tr>\n<tr>\n<td width=\"25%\">Paulo Ricardo Los<\/td>\n<td width=\"25%\">Alessandro Nogueira<\/td>\n<td width=\"49%\">Desenvolvimento de um queijo semiduro condimentado com cravo (<em>Syzygium aromaticum<\/em>) e cominho (<em>Cuminum cyminum<\/em>). <a href=\"https:\/\/tede2.uepg.br\/jspui\/bitstream\/prefix\/3182\/1\/Paulo%20Ricardo%20Los.pdf\">Link<\/a><\/td>\n<\/tr>\n<tr>\n<td width=\"25%\">Priscila Judacewski<\/td>\n<td width=\"25%\">Alessandro Nogueira<\/td>\n<td width=\"49%\">Avalia\u00e7\u00e3o de biomassa de <em>Penicillium candidum<\/em> como in\u00f3culo em queijos maturados com mofo branco com base na percep\u00e7\u00e3o do consumidor brasileiro. <a href=\"https:\/\/tede2.uepg.br\/jspui\/bitstream\/prefix\/3186\/1\/Priscila%20Judacewski.pdf\">Link<\/a><\/td>\n<\/tr>\n<tr>\n<td width=\"25%\">Renata Leia Demario Vieira<\/td>\n<td width=\"25%\">Gilbert Bannach<\/td>\n<td width=\"49%\">Amido de trigo mourisco <em>(Fagopyrum esculentum<\/em>): caracteriza\u00e7\u00e3o e efeitos das modifica\u00e7\u00f5es f\u00edsicas nas propriedades t\u00e9rmicas, estruturais e morfol\u00f3gicas. <a href=\"https:\/\/tede2.uepg.br\/jspui\/bitstream\/prefix\/3188\/1\/Renata%20Leia%20Demario%20Vieira.pdf\">Link<\/a><\/td>\n<\/tr>\n<\/tbody>\n<\/table>\n<p>&nbsp;<\/p>\n\t\t\t\t<\/div>\n\t\t\t<\/div>\n\t\t<\/div>\n\t\t\t<div class=\"sow-accordion-panel\"\n\t\t\t data-anchor=\"teses-2019\">\n\t\t\t\t<div class=\"sow-accordion-panel-header-container\" role=\"heading\" aria-level=\"2\">\n\t\t\t\t\t<div class=\"sow-accordion-panel-header\" tabindex=\"0\" role=\"button\" id=\"accordion-label-teses-2019\" aria-controls=\"accordion-content-teses-2019\" aria-expanded=\"false\">\n\t\t\t\t\t\t<div class=\"sow-accordion-title sow-accordion-title-icon-left\">\n\t\t\t\t\t\t\t\t\t\t\t\t\t\tTeses 2019\t\t\t\t\t\t\t\t\t\t\t\t\t<\/div>\n\t\t\t\t\t\t<div class=\"sow-accordion-open-close-button\">\n\t\t\t\t\t\t\t<div class=\"sow-accordion-open-button\">\n\t\t\t\t\t\t\t\t<span class=\"sow-icon-ionicons\" data-sow-icon=\"&#xf218;\"\n\t\t \n\t\taria-hidden=\"true\"><\/span>\t\t\t\t\t\t\t<\/div>\n\t\t\t\t\t\t\t<div class=\"sow-accordion-close-button\">\n\t\t\t\t\t\t\t\t<span class=\"sow-icon-ionicons\" data-sow-icon=\"&#xf209;\"\n\t\t \n\t\taria-hidden=\"true\"><\/span>\t\t\t\t\t\t\t<\/div>\n\t\t\t\t\t\t<\/div>\n\t\t\t\t\t<\/div>\n\t\t\t\t<\/div>\n\n\t\t\t<div\n\t\t\t\tclass=\"sow-accordion-panel-content\"\n\t\t\t\trole=\"region\"\n\t\t\t\taria-labelledby=\"accordion-label-teses-2019\"\n\t\t\t\tid=\"accordion-content-teses-2019\"\n\t\t\t\tstyle=\"display: none;\"\t\t\t>\n\t\t\t\t<div class=\"sow-accordion-panel-border\" tabindex=\"0\">\n\t\t\t\t\t<p>&nbsp;<\/p>\n<table>\n<tbody>\n<tr valign=\"middle\">\n<td height=\"50\"><strong><span class=\"style5\">Autor<\/span><\/strong><\/td>\n<td><strong><span class=\"style5\">Orientador<\/span><\/strong><\/td>\n<td><strong><span class=\"style5\">T\u00edtulo<\/span><\/strong><\/td>\n<\/tr>\n<tr valign=\"middle\">\n<td width=\"166\">Vivian Cristina Ito<\/td>\n<td width=\"165\">Luiz Gustavo <span style=\"float: none;background-color: #ffffff;color: #333333;cursor: text;font-family: Georgia,'Times New Roman','Bitstream Charter',Times,serif;font-size: 16px;font-style: normal;font-variant: normal;font-weight: 400;letter-spacing: normal;text-align: left;text-decoration: none;text-indent: 0px;text-transform: none\">Lacerda<\/span><\/td>\n<td>Arroz negro (<em>oryza sativa<\/em> L.): caracteriza\u00e7\u00e3o das fra\u00e7\u00f5es de extrato e avalia\u00e7\u00e3o dos efeitos da radia\u00e7\u00e3o ionizante na composi\u00e7\u00e3o, propriedades f\u00edsico-qu\u00edmicas, t\u00e9rmicas, estruturais e atividade antioxidante.<br \/>\n<a href=\"https:\/\/tede2.uepg.br\/jspui\/bitstream\/prefix\/2883\/1\/Vivian%20Cristina%20Ito.pdf\" target=\"_blank\" rel=\"noopener\">Link<\/a><\/td>\n<\/tr>\n<tr valign=\"middle\">\n<td width=\"166\">Lorene Simoni Yassin<\/td>\n<td width=\"165\">Alessandro <span style=\"float: none;background-color: #ffffff;color: #333333;cursor: text;font-family: Georgia,'Times New Roman','Bitstream Charter',Times,serif;font-size: 16px;font-style: normal;font-variant: normal;font-weight: 400;letter-spacing: normal;text-align: left;text-decoration: none;text-indent: 0px;text-transform: none\">Nogueira<\/span><\/td>\n<td>Desenvolvimento de <em>Smoothie<\/em> fermentado por microorganismos da Komucha com base no perfil de consumo, composi\u00e7\u00e3o qu\u00edmica, compostos bioativos e descri\u00e7\u00e3o sensorial.<br \/>\n<a href=\"https:\/\/tede2.uepg.br\/jspui\/bitstream\/prefix\/2912\/1\/LORENE%20SIMIONI%20YASSIN.pdf\" target=\"_blank\" rel=\"noopener\">Link<\/a><\/td>\n<\/tr>\n<tr valign=\"middle\">\n<td width=\"166\">Francine Gomes Basso Los<\/td>\n<td width=\"165\">Ivo Mottin <span style=\"float: none;background-color: #ffffff;color: #333333;cursor: text;font-family: Georgia,'Times New Roman','Bitstream Charter',Times,serif;font-size: 16px;font-style: normal;font-variant: normal;font-weight: 400;letter-spacing: normal;text-align: left;text-decoration: none;text-indent: 0px;text-transform: none\">Demiate<\/span><\/td>\n<td>Estudo do amido, prote\u00edna e compostos fen\u00f3licos do feij\u00e3o Carioca.<br \/>\n<a href=\"https:\/\/tede2.uepg.br\/jspui\/bitstream\/prefix\/2910\/1\/Francine%20Gomes%20Basso%20Los.pdf\" target=\"_blank\" rel=\"noopener\">Link<\/a><\/td>\n<\/tr>\n<tr valign=\"middle\">\n<td width=\"166\">Ana Paula Travalini<\/td>\n<td width=\"165\">Ivo Mottin Demiate<\/td>\n<td>Filmes de amido de mandioca refor\u00e7ados com nanopart\u00edculas de celulose visando aplica\u00e7\u00e3o em embalagens aliment\u00edcias \u201c<em>eco-friendly<\/em>\u201d.<br \/>\n<a href=\"https:\/\/tede2.uepg.br\/jspui\/bitstream\/prefix\/2928\/1\/ANA%20PAULA%20TRAVALINI.pdf\" target=\"_blank\" rel=\"noopener\">Link<\/a><\/td>\n<\/tr>\n<tr valign=\"middle\">\n<td width=\"166\">Cristiane Soltovski de Oliveira<\/td>\n<td width=\"165\">\u00a0Egon Schnitzler<\/td>\n<td>Estudo dos amidos de gengibre (<em>Zingiber officinale<\/em>) e inhame branco (<em>Dioscorea sp<\/em>) modificados fisicamente e adicionados do prebi\u00f3tico lactulose<\/td>\n<\/tr>\n<tr valign=\"middle\">\n<td width=\"166\"><\/td>\n<td width=\"165\"><\/td>\n<td><\/td>\n<\/tr>\n<tr valign=\"middle\">\n<td width=\"166\"><\/td>\n<td width=\"165\"><\/td>\n<td><\/td>\n<\/tr>\n<tr valign=\"middle\">\n<td width=\"166\"><\/td>\n<td width=\"165\"><\/td>\n<td><\/td>\n<\/tr>\n<tr valign=\"middle\">\n<td width=\"166\"><\/td>\n<td width=\"165\"><\/td>\n<td><\/td>\n<\/tr>\n<\/tbody>\n<\/table>\n<p>&nbsp;<\/p>\n\t\t\t\t<\/div>\n\t\t\t<\/div>\n\t\t<\/div>\n\t\t<\/div>\n<\/div>\n<\/div><\/div><\/div><\/div><\/div>","protected":false},"excerpt":{"rendered":"<p>Teses 2024 Autor Orientador T\u00edtulo F\u00e1bio Martins Campos Marcelo Lazzarotto Efeitos da crioconcentra\u00e7\u00e3o no enriquecimento de mosto visando o incremento da tipicidade e qualidade de vinhos carbernet sauvignon. Fernanda Gabriela Henning Luiz Gustavo Lacerda Filmes biodegrad\u00e1veis de amido de trigo mourisco (Fagopyrum esculentum): produ\u00e7\u00e3o e caracteriza\u00e7\u00e3o utilizando a t\u00e9cnica de Casting com adi\u00e7\u00e3o de \u00e1cidos&nbsp;&hellip;<\/p>\n","protected":false},"author":24,"featured_media":144,"parent":0,"menu_order":0,"comment_status":"closed","ping_status":"closed","template":"","meta":[],"_links":{"self":[{"href":"https:\/\/www2.uepg.br\/ppgcta\/wp-json\/wp\/v2\/pages\/235"}],"collection":[{"href":"https:\/\/www2.uepg.br\/ppgcta\/wp-json\/wp\/v2\/pages"}],"about":[{"href":"https:\/\/www2.uepg.br\/ppgcta\/wp-json\/wp\/v2\/types\/page"}],"author":[{"embeddable":true,"href":"https:\/\/www2.uepg.br\/ppgcta\/wp-json\/wp\/v2\/users\/24"}],"replies":[{"embeddable":true,"href":"https:\/\/www2.uepg.br\/ppgcta\/wp-json\/wp\/v2\/comments?post=235"}],"version-history":[{"count":23,"href":"https:\/\/www2.uepg.br\/ppgcta\/wp-json\/wp\/v2\/pages\/235\/revisions"}],"predecessor-version":[{"id":1231,"href":"https:\/\/www2.uepg.br\/ppgcta\/wp-json\/wp\/v2\/pages\/235\/revisions\/1231"}],"wp:featuredmedia":[{"embeddable":true,"href":"https:\/\/www2.uepg.br\/ppgcta\/wp-json\/wp\/v2\/media\/144"}],"wp:attachment":[{"href":"https:\/\/www2.uepg.br\/ppgcta\/wp-json\/wp\/v2\/media?parent=235"}],"curies":[{"name":"wp","href":"https:\/\/api.w.org\/{rel}","templated":true}]}}