{"id":1176,"date":"2021-07-27T09:40:47","date_gmt":"2021-07-27T12:40:47","guid":{"rendered":"https:\/\/www2.uepg.br\/ppge\/?page_id=1176"},"modified":"2025-02-25T16:25:11","modified_gmt":"2025-02-25T19:25:11","slug":"politica-de-credenciamento-e-acompanhamento-docente","status":"publish","type":"page","link":"https:\/\/www2.uepg.br\/ppge\/politica-de-credenciamento-e-acompanhamento-docente\/","title":{"rendered":"POL\u00cdTICA DE CREDENCIAMENTO E ACOMPANHAMENTO DOCENTE"},"content":{"rendered":"<p style=\"text-align: center\"><a href=\"https:\/\/www2.uepg.br\/ppge\/politica-de-credenciamento-e-acompanhamento-docente\/politica-de-acompanhamento-e-credenciamento-2\/\" rel=\"attachment wp-att-1179\">Poli\u0301tica de acompanhamento e credenciamento docente (2020)<\/a><\/p>\n<p style=\"text-align: center\"><a href=\"http:\/\/www2.uepg.br\/ppge\/wp-content\/uploads\/sites\/28\/2021\/08\/Politica-de-acompanhamento-e-credenciamento-de-novos-docentes-2021.pdf\">Pol\u00edtica de acompanhamento e credenciamento de novos docentes (2021)<\/a><\/p>\n<p style=\"text-align: center\"><a href=\"http:\/\/www2.uepg.br\/ppge\/wp-content\/uploads\/sites\/28\/2022\/07\/Politica-de-acompanhamento-e-credenciamento.pdf\">Pol\u00edtica de acompanhamento e credenciamento docente (2022)<\/a><\/p>\n<p style=\"text-align: center\"><a href=\"http:\/\/www2.uepg.br\/ppge\/wp-content\/uploads\/sites\/28\/2025\/02\/2023-POLITICA-DE-ACOMPANHAMENTO-DE-DOCENTES-E-CREDENCIAMENTO-DE-NOVOS.pdf\">Pol\u00edtica de acompanhamento e credenciamento docente (2023)<\/a><\/p>\n<p style=\"text-align: center\"><a href=\"http:\/\/www2.uepg.br\/ppge\/wp-content\/uploads\/sites\/28\/2025\/02\/2024-POLITICA-DE-ACOMPANHAMENTO-DE-DOCENTES-E-CREDENCIAMENTO-DE-NOVOS.pdf\">Pol\u00edtica de acompanhamento e credenciamento (2024)<\/a><\/p>\n","protected":false},"excerpt":{"rendered":"<p>Poli\u0301tica de acompanhamento e credenciamento docente (2020) Pol\u00edtica de acompanhamento e credenciamento de novos docentes (2021) Pol\u00edtica de acompanhamento e credenciamento docente (2022) Pol\u00edtica de acompanhamento e credenciamento docente (2023) Pol\u00edtica de acompanhamento e credenciamento (2024)<\/p>\n","protected":false},"author":305,"featured_media":0,"parent":0,"menu_order":0,"comment_status":"closed","ping_status":"closed","template":"","meta":[],"_links":{"self":[{"href":"https:\/\/www2.uepg.br\/ppge\/wp-json\/wp\/v2\/pages\/1176"}],"collection":[{"href":"https:\/\/www2.uepg.br\/ppge\/wp-json\/wp\/v2\/pages"}],"about":[{"href":"https:\/\/www2.uepg.br\/ppge\/wp-json\/wp\/v2\/types\/page"}],"author":[{"embeddable":true,"href":"https:\/\/www2.uepg.br\/ppge\/wp-json\/wp\/v2\/users\/305"}],"replies":[{"embeddable":true,"href":"https:\/\/www2.uepg.br\/ppge\/wp-json\/wp\/v2\/comments?post=1176"}],"version-history":[{"count":10,"href":"https:\/\/www2.uepg.br\/ppge\/wp-json\/wp\/v2\/pages\/1176\/revisions"}],"predecessor-version":[{"id":3028,"href":"https:\/\/www2.uepg.br\/ppge\/wp-json\/wp\/v2\/pages\/1176\/revisions\/3028"}],"wp:attachment":[{"href":"https:\/\/www2.uepg.br\/ppge\/wp-json\/wp\/v2\/media?parent=1176"}],"curies":[{"name":"wp","href":"https:\/\/api.w.org\/{rel}","templated":true}]}}