{"id":151,"date":"2019-07-03T14:59:38","date_gmt":"2019-07-03T17:59:38","guid":{"rendered":"http:\/\/www2.uepg.br\/ppge\/?page_id=151"},"modified":"2025-07-10T21:50:00","modified_gmt":"2025-07-11T00:50:00","slug":"colegiado","status":"publish","type":"page","link":"https:\/\/www2.uepg.br\/ppge\/colegiado\/","title":{"rendered":"COLEGIADO"},"content":{"rendered":"<p style=\"font-weight: 400\"><strong>Membros do Colegiado do Programa de P\u00f3s-Gradua\u00e7\u00e3o em Educa\u00e7\u00e3o da UEPG<\/strong><\/p>\n<table width=\"100%\" cellspacing=\"0\" cellpadding=\"4\">\n<colgroup>\n<col width=\"85*\" \/>\n<col width=\"85*\" \/>\n<col width=\"85*\" \/> <\/colgroup>\n<tbody>\n<tr valign=\"top\">\n<td width=\"33%\">Maril\u00facia Ant\u00f4nia de Resende Peroza<\/td>\n<td width=\"33%\">Coordenadora<\/td>\n<td width=\"33%\"><\/td>\n<\/tr>\n<tr valign=\"top\">\n<td width=\"33%\">Alessandro de Melo<\/td>\n<td width=\"33%\">Vice coordenador<\/td>\n<td width=\"33%\"><\/td>\n<\/tr>\n<tr valign=\"top\">\n<td width=\"33%\">Jefferson Mainardes<\/td>\n<td width=\"33%\">Representante docente da Linha de Hist\u00f3ria e Pol\u00edtica Educacionais<\/td>\n<td width=\"33%\"><\/td>\n<\/tr>\n<tr valign=\"top\">\n<td width=\"33%\">Rita de C\u00e1ssia da silva Oliveira<\/td>\n<td width=\"33%\">Representante docente da Linha de Hist\u00f3ria e Pol\u00edtica Educacionais<\/td>\n<td width=\"33%\"><\/td>\n<\/tr>\n<tr valign=\"top\">\n<td width=\"33%\">Marcela Teixeira Godoy<\/td>\n<td width=\"33%\">Representante docente da Linha de Ensino e Aprendizagem<\/td>\n<td width=\"33%\"><\/td>\n<\/tr>\n<tr valign=\"top\">\n<td width=\"33%\">Marcelo Ubiali Ferracioli<\/td>\n<td width=\"33%\">Representante docente da Linha de Ensino e Aprendizagem<\/td>\n<td width=\"33%\"><\/td>\n<\/tr>\n<tr valign=\"top\">\n<td width=\"33%\">Cristiane Ferreira do Nascimento de Andrade<\/td>\n<td width=\"33%\">Representante discente &#8211; Mestrado<\/td>\n<td width=\"33%\"><\/td>\n<\/tr>\n<tr valign=\"top\">\n<td width=\"33%\">Elaine Aparecida Mayer<\/td>\n<td width=\"33%\">Representante discente &#8211; Doutorado<\/td>\n<td width=\"33%\"><\/td>\n<\/tr>\n<tr valign=\"top\">\n<td width=\"33%\">Karen Juliane da Silva<\/td>\n<td width=\"33%\">Suplente Mestrado<\/td>\n<td width=\"33%\"><\/td>\n<\/tr>\n<tr valign=\"top\">\n<td width=\"33%\">Carine Ferreira Costa Peplisnki<\/td>\n<td width=\"33%\">Suplente Doutorado<\/td>\n<td width=\"33%\"><\/td>\n<\/tr>\n<\/tbody>\n<\/table>\n<p>&nbsp;<\/p>\n","protected":false},"excerpt":{"rendered":"<p>Membros do Colegiado do Programa de P\u00f3s-Gradua\u00e7\u00e3o em Educa\u00e7\u00e3o da UEPG Maril\u00facia Ant\u00f4nia de Resende Peroza Coordenadora Alessandro de Melo Vice coordenador Jefferson Mainardes Representante docente da Linha de Hist\u00f3ria e Pol\u00edtica Educacionais Rita de C\u00e1ssia da silva Oliveira Representante docente da Linha de Hist\u00f3ria e Pol\u00edtica Educacionais Marcela Teixeira Godoy Representante docente da Linha&nbsp;&hellip;<\/p>\n","protected":false},"author":24,"featured_media":0,"parent":0,"menu_order":0,"comment_status":"closed","ping_status":"closed","template":"","meta":[],"_links":{"self":[{"href":"https:\/\/www2.uepg.br\/ppge\/wp-json\/wp\/v2\/pages\/151"}],"collection":[{"href":"https:\/\/www2.uepg.br\/ppge\/wp-json\/wp\/v2\/pages"}],"about":[{"href":"https:\/\/www2.uepg.br\/ppge\/wp-json\/wp\/v2\/types\/page"}],"author":[{"embeddable":true,"href":"https:\/\/www2.uepg.br\/ppge\/wp-json\/wp\/v2\/users\/24"}],"replies":[{"embeddable":true,"href":"https:\/\/www2.uepg.br\/ppge\/wp-json\/wp\/v2\/comments?post=151"}],"version-history":[{"count":11,"href":"https:\/\/www2.uepg.br\/ppge\/wp-json\/wp\/v2\/pages\/151\/revisions"}],"predecessor-version":[{"id":3169,"href":"https:\/\/www2.uepg.br\/ppge\/wp-json\/wp\/v2\/pages\/151\/revisions\/3169"}],"wp:attachment":[{"href":"https:\/\/www2.uepg.br\/ppge\/wp-json\/wp\/v2\/media?parent=151"}],"curies":[{"name":"wp","href":"https:\/\/api.w.org\/{rel}","templated":true}]}}