{"id":1566,"date":"2021-09-16T18:07:54","date_gmt":"2021-09-16T21:07:54","guid":{"rendered":"https:\/\/www2.uepg.br\/ppge\/?page_id=1566"},"modified":"2021-09-28T12:31:10","modified_gmt":"2021-09-28T15:31:10","slug":"trans","status":"publish","type":"page","link":"https:\/\/www2.uepg.br\/ppge\/trans\/","title":{"rendered":"TRANS"},"content":{"rendered":"<div id=\"pl-1566\"  class=\"panel-layout\" ><div id=\"pg-1566-0\"  class=\"panel-grid panel-no-style\" ><div id=\"pgc-1566-0-0\"  class=\"panel-grid-cell\" ><div id=\"panel-1566-0-0-0\" class=\"so-panel widget widget_sow-headline panel-first-child panel-last-child\" data-index=\"0\" ><div\n\t\t\t\n\t\t\tclass=\"so-widget-sow-headline so-widget-sow-headline-default-5fbac960ed64-1566\"\n\t\t\t\n\t\t><div class=\"sow-headline-container \">\n\t<h3 class='sow-headline'>\t\t\t\t\t\t<a href=\"https:\/\/www2.uepg.br\/ppge\/edital-de-selecao-doutorado-e-mestrado-2022-ppge-uepg\/\" >\n\t\t\t\t\tVOC\u00ca SE DECLAROU UMA PESSOA TRANS NA INSCRI\u00c7\u00c3O DO PPGE?<\/a><\/h3>\t\t\t\t\t<div class=\"decoration\">\n\t\t\t\t\t\t<div class=\"decoration-inside\"><\/div>\n\t\t\t\t\t<\/div>\n\t\t\t\t\t<\/div><\/div><\/div><\/div><\/div><div id=\"pg-1566-1\"  class=\"panel-grid panel-no-style\" ><div id=\"pgc-1566-1-0\"  class=\"panel-grid-cell\" ><div id=\"panel-1566-1-0-0\" class=\"so-panel widget widget_sow-image panel-first-child\" data-index=\"1\" ><div\n\t\t\t\n\t\t\tclass=\"so-widget-sow-image so-widget-sow-image-default-a5258576d588-1566\"\n\t\t\t\n\t\t>\n\n<div class=\"sow-image-container\">\n\t\t<img src=\"https:\/\/www2.uepg.br\/ppge\/wp-content\/uploads\/sites\/28\/2021\/09\/Trans-768x768.jpg\" width=\"400\" height=\"400\" srcset=\"https:\/\/www2.uepg.br\/ppge\/wp-content\/uploads\/sites\/28\/2021\/09\/Trans-768x768.jpg 768w, https:\/\/www2.uepg.br\/ppge\/wp-content\/uploads\/sites\/28\/2021\/09\/Trans-300x300.jpg 300w, https:\/\/www2.uepg.br\/ppge\/wp-content\/uploads\/sites\/28\/2021\/09\/Trans-1024x1024.jpg 1024w, https:\/\/www2.uepg.br\/ppge\/wp-content\/uploads\/sites\/28\/2021\/09\/Trans-150x150.jpg 150w, https:\/\/www2.uepg.br\/ppge\/wp-content\/uploads\/sites\/28\/2021\/09\/Trans-1536x1536.jpg 1536w, https:\/\/www2.uepg.br\/ppge\/wp-content\/uploads\/sites\/28\/2021\/09\/Trans-2048x2048.jpg 2048w, https:\/\/www2.uepg.br\/ppge\/wp-content\/uploads\/sites\/28\/2021\/09\/Trans-1232x1232.jpg 1232w, https:\/\/www2.uepg.br\/ppge\/wp-content\/uploads\/sites\/28\/2021\/09\/Trans-1080x1080.jpg 1080w\" sizes=\"(max-width: 400px) 100vw, 400px\" title=\"Trans\" alt=\"Trans\" loading=\"lazy\" \t\tclass=\"so-widget-image\"\/>\n\t<\/div>\n\n<\/div><\/div><div id=\"panel-1566-1-0-1\" class=\"so-panel widget widget_text panel-last-child\" data-index=\"2\" >\t\t\t<div class=\"textwidget\"><p>Ser\u00e1 solicitado aos candidatos que concorrem \u00e0s vagas de Pessoa Trans do Processo Seletivo do PPGE 2022 da UEPG que preencham o Formul\u00e1rio de Auto declara\u00e7\u00e3o para Reserva de Vagas, a <a href=\"http:\/\/www2.uepg.br\/ppge\/wp-content\/uploads\/sites\/28\/2021\/09\/Pessoas-trans.pdf\">Carta de Autodeclara\u00e7\u00e3o Candidata(o) Trans<\/a> que consta no edital. Este dever\u00e1 ser enviado junto ao sistema eletr\u00f4nico para o Processo de Sele\u00e7\u00e3o ao Curso de Mestrado ou Doutorado em Educa\u00e7\u00e3o, bem como ser devidamente protocolado no Sistema de Protocolo Digital SEI da UEPG (<a href=\"https:\/\/sisei.apps.uepg.br\/\">https:\/\/sisei.apps.uepg.br\/<\/a>).<\/p>\n<p>O link de divulga\u00e7\u00e3o das etapas do candidato, ser\u00e1 divulgado neste endere\u00e7o: (<a href=\"https:\/\/www2.uepg.br\/ppge\/editais\/#page-content\">https:\/\/www2.uepg.br\/ppge\/editais\/#page-content<\/a>).<\/p>\n<p>Siga as instru\u00e7\u00f5es e demais informa\u00e7\u00f5es aqui pelo site.<\/p>\n<\/div>\n\t\t<\/div><\/div><div id=\"pgc-1566-1-1\"  class=\"panel-grid-cell\" ><div id=\"panel-1566-1-1-0\" class=\"so-panel widget widget_sow-button panel-first-child\" data-index=\"3\" ><div\n\t\t\t\n\t\t\tclass=\"so-widget-sow-button so-widget-sow-button-atom-fc82fa7f101d-1566\"\n\t\t\t\n\t\t><div class=\"ow-button-base ow-button-align-center\">\n\t<a href=\"\" class=\"ow-icon-placement-left\" target=\"_blank\" rel=\"noopener noreferrer\" \t\t>\n\t\t<span>\n\t\t\t<span class=\"sow-icon-fontawesome sow-far\" data-sow-icon=\"&#xf274;\"\n\t\tstyle=\"color: #ffffff\" \n\t\taria-hidden=\"true\"><\/span>\n\t\t\tVeja o Calend\u00e1rio do Processo Seletivo\t\t<\/span>\n\t<\/a>\n<\/div>\n<\/div><\/div><div id=\"panel-1566-1-1-1\" class=\"so-panel widget widget_sow-button\" data-index=\"4\" ><div\n\t\t\t\n\t\t\tclass=\"so-widget-sow-button so-widget-sow-button-atom-89e6162d6feb-1566\"\n\t\t\t\n\t\t><div class=\"ow-button-base ow-button-align-center\">\n\t<a href=\"https:\/\/www2.uepg.br\/ppge\/edital-de-selecao-doutorado-e-mestrado-2022-ppge-uepg\/\" class=\"ow-icon-placement-left\" target=\"_blank\" rel=\"noopener noreferrer\" \t\t>\n\t\t<span>\n\t\t\t\n\t\t\tCandidatos aprovados e suplentes: confirmar as pr\u00f3ximas etapas\t\t<\/span>\n\t<\/a>\n<\/div>\n<\/div><\/div><div id=\"panel-1566-1-1-2\" class=\"so-panel widget widget_sow-button\" data-index=\"5\" ><div\n\t\t\t\n\t\t\tclass=\"so-widget-sow-button so-widget-sow-button-atom-89e6162d6feb-1566\"\n\t\t\t\n\t\t><div class=\"ow-button-base ow-button-align-center\">\n\t<a href=\"\" class=\"ow-icon-placement-left\" target=\"_blank\" rel=\"noopener noreferrer\" \t\t>\n\t\t<span>\n\t\t\t\n\t\t\tPublicadas as listas de classificados e a primeira chamada para matr\u00edculas\t\t<\/span>\n\t<\/a>\n<\/div>\n<\/div><\/div><div id=\"panel-1566-1-1-3\" class=\"so-panel widget widget_sow-button panel-last-child\" data-index=\"6\" ><div\n\t\t\t\n\t\t\tclass=\"so-widget-sow-button so-widget-sow-button-atom-89e6162d6feb-1566\"\n\t\t\t\n\t\t><div class=\"ow-button-base ow-button-align-center\">\n\t<a href=\"\" class=\"ow-icon-placement-left\" target=\"_blank\" rel=\"noopener noreferrer\" \t\t>\n\t\t<span>\n\t\t\t\n\t\t\tPublicadas as listas de classificados da segunda etapa\t\t<\/span>\n\t<\/a>\n<\/div>\n<\/div><\/div><\/div><\/div><\/div>","protected":false},"excerpt":{"rendered":"<p>Ser\u00e1 solicitado aos candidatos que concorrem \u00e0s vagas de Pessoa Trans do Processo Seletivo do PPGE 2022 da UEPG que preencham o Formul\u00e1rio de Auto declara\u00e7\u00e3o para Reserva de Vagas, a Carta de Autodeclara\u00e7\u00e3o Candidata(o) Trans que consta no edital. Este dever\u00e1 ser enviado junto ao sistema eletr\u00f4nico para o Processo de Sele\u00e7\u00e3o ao Curso&nbsp;&hellip;<\/p>\n","protected":false},"author":399,"featured_media":0,"parent":0,"menu_order":0,"comment_status":"closed","ping_status":"closed","template":"","meta":[],"_links":{"self":[{"href":"https:\/\/www2.uepg.br\/ppge\/wp-json\/wp\/v2\/pages\/1566"}],"collection":[{"href":"https:\/\/www2.uepg.br\/ppge\/wp-json\/wp\/v2\/pages"}],"about":[{"href":"https:\/\/www2.uepg.br\/ppge\/wp-json\/wp\/v2\/types\/page"}],"author":[{"embeddable":true,"href":"https:\/\/www2.uepg.br\/ppge\/wp-json\/wp\/v2\/users\/399"}],"replies":[{"embeddable":true,"href":"https:\/\/www2.uepg.br\/ppge\/wp-json\/wp\/v2\/comments?post=1566"}],"version-history":[{"count":4,"href":"https:\/\/www2.uepg.br\/ppge\/wp-json\/wp\/v2\/pages\/1566\/revisions"}],"predecessor-version":[{"id":1642,"href":"https:\/\/www2.uepg.br\/ppge\/wp-json\/wp\/v2\/pages\/1566\/revisions\/1642"}],"wp:attachment":[{"href":"https:\/\/www2.uepg.br\/ppge\/wp-json\/wp\/v2\/media?parent=1566"}],"curies":[{"name":"wp","href":"https:\/\/api.w.org\/{rel}","templated":true}]}}