{"id":3357,"date":"2025-07-22T08:44:30","date_gmt":"2025-07-22T11:44:30","guid":{"rendered":"https:\/\/www2.uepg.br\/ppge\/?page_id=3357"},"modified":"2025-07-22T08:44:30","modified_gmt":"2025-07-22T11:44:30","slug":"sobre-la-comision","status":"publish","type":"page","link":"https:\/\/www2.uepg.br\/ppge\/es\/sobre-la-comision\/","title":{"rendered":"SOBRE LA COMISI\u00d3N"},"content":{"rendered":"<div id=\"pl-3357\"  class=\"panel-layout\" ><div id=\"pg-3357-0\"  class=\"panel-grid panel-has-style\" ><div class=\"siteorigin-panels-stretch panel-row-style panel-row-style-for-3357-0\" data-stretch-type=\"full-stretched\" ><div id=\"pgc-3357-0-0\"  class=\"panel-grid-cell\" ><div id=\"panel-3357-0-0-0\" class=\"so-panel widget widget_media_image panel-first-child panel-last-child\" data-index=\"0\" ><img width=\"1509\" height=\"516\" src=\"https:\/\/www2.uepg.br\/ppge\/wp-content\/uploads\/sites\/28\/2021\/09\/banner-politicas-de-acoes-afirmativas5.png\" class=\"image wp-image-1606  attachment-full size-full\" alt=\"COMISS\u00c3O\" loading=\"lazy\" style=\"max-width: 100%; height: auto;\" srcset=\"https:\/\/www2.uepg.br\/ppge\/wp-content\/uploads\/sites\/28\/2021\/09\/banner-politicas-de-acoes-afirmativas5.png 1509w, https:\/\/www2.uepg.br\/ppge\/wp-content\/uploads\/sites\/28\/2021\/09\/banner-politicas-de-acoes-afirmativas5-300x103.png 300w, https:\/\/www2.uepg.br\/ppge\/wp-content\/uploads\/sites\/28\/2021\/09\/banner-politicas-de-acoes-afirmativas5-1024x350.png 1024w, https:\/\/www2.uepg.br\/ppge\/wp-content\/uploads\/sites\/28\/2021\/09\/banner-politicas-de-acoes-afirmativas5-768x263.png 768w, https:\/\/www2.uepg.br\/ppge\/wp-content\/uploads\/sites\/28\/2021\/09\/banner-politicas-de-acoes-afirmativas5-1232x421.png 1232w\" sizes=\"(max-width: 1509px) 100vw, 1509px\" \/><\/div><\/div><\/div><\/div><div id=\"pg-3357-1\"  class=\"panel-grid panel-no-style\" ><div id=\"pgc-3357-1-0\"  class=\"panel-grid-cell\" ><div id=\"panel-3357-1-0-0\" class=\"so-panel widget widget_sow-headline panel-first-child panel-last-child\" data-index=\"1\" ><div\n\t\t\t\n\t\t\tclass=\"so-widget-sow-headline so-widget-sow-headline-default-5fbac960ed64-3357\"\n\t\t\t\n\t\t><div class=\"sow-headline-container \">\n\t<h3 class='sow-headline'>SOBRE A COMISS\u00c3O DE POL\u00cdTICAS DE INCLUS\u00c3O UEPG<\/h3>\t\t\t\t\t<div class=\"decoration\">\n\t\t\t\t\t\t<div class=\"decoration-inside\"><\/div>\n\t\t\t\t\t<\/div>\n\t\t\t\t\t<\/div><\/div><\/div><\/div><div id=\"pgc-3357-1-1\"  class=\"panel-grid-cell\" ><div id=\"panel-3357-1-1-0\" class=\"so-panel widget widget_sow-button panel-first-child panel-last-child\" data-index=\"2\" ><div\n\t\t\t\n\t\t\tclass=\"so-widget-sow-button so-widget-sow-button-atom-fc82fa7f101d-3357\"\n\t\t\t\n\t\t><div class=\"ow-button-base ow-button-align-center\">\n\t<a href=\"\" class=\"ow-icon-placement-left\" target=\"_blank\" rel=\"noopener noreferrer\" \t\t>\n\t\t<span>\n\t\t\t<span class=\"sow-icon-fontawesome sow-far\" data-sow-icon=\"&#xf274;\"\n\t\tstyle=\"color: #ffffff\" \n\t\taria-hidden=\"true\"><\/span>\n\t\t\tVeja o Calend\u00e1rio do Processo Seletivo\t\t<\/span>\n\t<\/a>\n<\/div>\n<\/div><\/div><\/div><\/div><div id=\"pg-3357-2\"  class=\"panel-grid panel-no-style\" ><div id=\"pgc-3357-2-0\"  class=\"panel-grid-cell\" ><div id=\"panel-3357-2-0-0\" class=\"so-panel widget widget_text panel-first-child panel-last-child\" data-index=\"3\" >\t\t\t<div class=\"textwidget\"><h4 class=\"font_9\"><strong><span class=\"color_34\">Da Comiss\u00e3o<\/span><\/strong><\/h4>\n<p class=\"font_9\"><span class=\"color_34\">Comiss\u00e3o de Pol\u00edtica de A\u00e7\u00f5es Afirmativas para ingresso no Programa Acad\u00eamico de P\u00f3s-Gradua\u00e7\u00e3o Stricto sensu em Educa\u00e7\u00e3o \u2013 PPGE, da Universidade Estadual de Ponta Grossa \u2013 UEPG. est\u00e1 vinculada ao Programa de P\u00f3s Gradua\u00e7\u00e3o em Educa\u00e7\u00e3o Mestrado e Doutorado UEPG a partir da portaria\u00a0 <a href=\"https:\/\/www2.uepg.br\/ppge\/wp-content\/uploads\/sites\/28\/2021\/08\/Resoluc%CC%A7a%CC%83o-UNIV-2021.10-Poli%CC%81tica-de-Ac%CC%A7o%CC%83es-Afirmativas.pdf\">Resolu\u00e7\u00e3o UNIV \u2013 N\u00ba 2021.10<\/a>, de 04\/03\/2021, com atua\u00e7\u00e3o no per\u00edodo de 11\/12\/2020 a 11\/12\/2022.\u00a0 Atualmente a Comiss\u00e3o \u00e9 formada pelos seguintes membros:<\/span><\/p>\n<p class=\"font_9\"><span class=\"color_34\">\u00a0\u2013 Profa. Dra. Maria Isabel Moura Nascimento (presidente)<br \/>\n<\/span>\u2013\u00a0 Profa. Dra. Bettina Heerdt;<br \/>\n\u2013\u00a0 Prof. Dr. \u00c9rico Ribas Machado;<br \/>\n\u2013\u00a0 Profa. Dra. Mary \u00c2ngela Teixeira Brandalise;<br \/>\n\u2013\u00a0 Profa. Dra Maril\u00facia Ant\u00f4nia Resende<br \/>\n\u2013\u00a0 Doutorando Gregory Luis Rolim Rosa \u2013 representante discente<br \/>\n\u2013\u00a0 Egressa aluna da UEPG, Ms.Isis Tomas Da Silva<\/p>\n<h4 class=\"font_9\"><strong><span class=\"color_34\">Da Finalidade<\/span><\/strong><\/h4>\n<p class=\"font_9\"><span class=\"color_34\">A finalidade da Comiss\u00e3o de Pol\u00edticas de\u00a0 A\u00e7\u00f5es Afirmativas para ingresso\u00a0 do Programa Acad\u00eamico de P\u00f3s-Gradua\u00e7\u00e3o stricto sensu em Educa\u00e7\u00e3o, da UEPG, \u00a0\u00e9 propor, assessorar, acompanha, fortalecer e gerenciar as a\u00e7\u00f5es e programas voltados \u00e0 promo\u00e7\u00e3o de igualdade, inclus\u00e3o e diversidade de ra\u00e7a e etnia, atuando de forma sistematizada na promo\u00e7\u00e3o das a\u00e7\u00f5es afirmativas, na defesa dos direitos humanos, no respeito \u00e0s diferen\u00e7as, a inclus\u00e3o, a perman\u00eancia e \u00eaxito de estudantes da popula\u00e7\u00e3o negra (pretos e pardos), ind\u00edgenas, trans e com defici\u00eancia, no \u00e2mbito do Programa.<\/span><\/p>\n<h4 class=\"font_9\"><strong><span class=\"color_34\">Das Atribui\u00e7\u00f5es<\/span><\/strong><\/h4>\n<ul class=\"font_9 color_34\">\n<li>\n<p class=\"font_9\"><span class=\"color_34\">Propor, acompanhar e avaliar a implementa\u00e7\u00e3o da Pol\u00edtica de A\u00e7\u00f5es Afirmativas (cotas) do PPGE\/UEPG.<\/span><\/p>\n<\/li>\n<li>\n<p class=\"font_9\"><span class=\"color_34\">Assessorar a gest\u00e3o do PPGE\/UEPG nas quest\u00f5es referentes \u00e0s a\u00e7\u00f5es afirmativas para as popula\u00e7\u00f5es negras (pretos e pardos), ind\u00edgenas, trans e com defici\u00eancia, propondo estrat\u00e9gias para acolhimento, inser\u00e7\u00e3o\u00a0 e perman\u00eancia dos estudantes\u00a0 na p\u00f3s-gradua\u00e7\u00e3o stricto-sensu.<\/span><\/p>\n<\/li>\n<li>\n<p class=\"font_9\"><span class=\"color_34\">Propor e realizar semin\u00e1rios, cursos e\/ou grupos de estudos junto \u00e0s comunidades interna e externa, do PPGE, as tem\u00e1ticas de g\u00eanero, ra\u00e7a e etnia, diversidade sexual, inclus\u00e3o de pessoas com defici\u00eancia, a\u00e7\u00f5es afirmativas, entre outras relacionadas as pol\u00edticas de inclus\u00e3o social.<\/span><\/p>\n<\/li>\n<li>\n<p class=\"font_9\"><span class=\"color_34\">Apoiar estudos e pesquisas voltados \u00e0 promo\u00e7\u00e3o da diversidade \u00e9tnico-racial, cultural, de g\u00eanero e diversidade sexual e pessoas com defici\u00eancia<\/span><\/p>\n<\/li>\n<li>\n<p class=\"font_9\"><span class=\"color_34\">Incentivar a valoriza\u00e7\u00e3o da cultura da inclus\u00e3o das popula\u00e7\u00f5es afro-brasileira, ind\u00edgena, trans e com defici\u00eancia no contexto acad\u00eamico;<\/span><\/p>\n<\/li>\n<li>\n<p class=\"font_9\"><span class=\"color_34\">Coordenar, acompanhar, promover forma\u00e7\u00e3o e avaliar os procedimentos da Comiss\u00e3o de Heteroidentifica\u00e7\u00e3o do PPGE, em parceria com as unidades institucionais de apoio aos estudantes da UEPG.<\/span><\/p>\n<\/li>\n<li>\n<p class=\"font_9\"><span class=\"color_34\">Proceder o encaminhamento das demandas relativas \u00e0 Pol\u00edtica de A\u00e7\u00e3o Afirmativa do PPGE.<\/span><\/p>\n<\/li>\n<li>\n<p class=\"font_9\"><span class=\"color_34\">Elaborar relat\u00f3rio anual de suas atividades e apresent\u00e1-lo \u00e0 coordena\u00e7\u00e3o do PPGE.<\/span><\/p>\n<\/li>\n<\/ul>\n<p class=\"font_9\"><span class=\"color_34\">A fun\u00e7\u00e3o da Comiss\u00e3o \u00e9 a confirma\u00e7\u00e3o da autodeclara\u00e7\u00e3o para aqueles que optam pelas reservas de vagas para pessoas negras (pretas e pardas), ind\u00edgenas, pessoas trans e pessoas com defici\u00eancia. \u00c9 importante que o estudante que optou pelas cotas fique atento. Todo estudante que foi aprovado e que \u00e9 optante por cotas vai passar por uma comiss\u00e3o de Heteroidentifica\u00e7\u00e3o conforme a <a href=\"https:\/\/www2.uepg.br\/ppge\/wp-content\/uploads\/sites\/28\/2021\/08\/Resoluc%CC%A7a%CC%83o-UNIV-2021.10-Poli%CC%81tica-de-Ac%CC%A7o%CC%83es-Afirmativas.pdf\">Resolu\u00e7\u00e3o UNIV \u2013 N\u00ba 2021.10 .<\/a><\/span><\/p>\n<ul class=\"font_9 color_34\">\n<li>\n<p class=\"font_9\"><span class=\"color_34\">Esta Comiss\u00e3o de Heteroidentifica\u00e7\u00e3o, ser\u00e1 respons\u00e1vel por certificar a autodeclara\u00e7\u00e3o dos(as) candidatos(as) que concorrem \u00e0s cotas de pessoas negras (pretas e pardas), ind\u00edgenas, pessoas trans e pessoas com defici\u00eancia. As pessoas negras (pretas e pardas), ind\u00edgenas, pessoas trans e pessoas com defici\u00eancia, os candidatos autodeclarados, por meio de documento de autodeclara\u00e7\u00e3o a ser preenchido no ato da inscri\u00e7\u00e3o no processo seletivo, conforme os quesitos utilizados pela Funda\u00e7\u00e3o Instituto Brasileiro de Geografia e Estat\u00edstica \u2013 IBGE.<\/span><\/p>\n<\/li>\n<li>\n<p class=\"font_9\"><span class=\"color_34\">Os membros da Comiss\u00e3o de Heteroidentifica\u00e7\u00e3o s\u00e3o professores com atua\u00e7\u00e3o na p\u00f3s gradua\u00e7\u00e3o, gradua\u00e7\u00e3o e representantes da sociedade civil e funcion\u00e1rios da UEPG, pessoas comprometidas com o enfrentamento das desigualdades raciais.<\/span><\/p>\n<\/li>\n<li>\n<p class=\"font_9\"><span class=\"color_34\">A banca ser\u00e1 formada por cinco integrantes e ter\u00e1 composi\u00e7\u00e3o heterog\u00eanea\u201d.<\/span><\/p>\n<\/li>\n<li>\n<p class=\"font_9\"><span class=\"color_34\">Como a Comiss\u00e3o far\u00e1 a verifica\u00e7\u00e3o do fen\u00f3tipo? \u2013 Ap\u00f3s a divulga\u00e7\u00e3o da lista de classificados(as) no PPGE 2021, o programa de p\u00f3s gradua\u00e7\u00e3o far\u00e1 a An\u00e1lise dos documentos de auto declara\u00e7\u00e3o e convocara os(as) candidatos(as). Uma comiss\u00e3o composta por pesquisadores(as) e integrantes do movimento negro vai se encontrar com os(as) estudantes aprovados(as) que disputaram a reserva de vagas para pessoas negras, de cor preta ou parda;<\/span><\/p>\n<\/li>\n<li>\n<p class=\"font_9\"><span class=\"color_34\">A Comiss\u00e3o de Heteroidentifica\u00e7\u00e3o vai observar apenas os tra\u00e7os fenot\u00edpicos do(a) candidato(a), emitindo um parecer informando se ele(a) tem caracter\u00edsticas f\u00edsicas que permitem que seja visto(a) como um(a) estudante negro(a). N\u00e3o v\u00e3o ser consideradas informa\u00e7\u00f5es de cor contidas em documentos previamente emitidos, tampouco informa\u00e7\u00f5es sobre seus ascendentes, como pais ou av\u00f3s\u201d,<\/span><\/p>\n<\/li>\n<\/ul>\n<p class=\"font_9\"><span class=\"color_34\">O(a) candidato(a) que n\u00e3o tiver sua autodeclara\u00e7\u00e3o validada pela Comiss\u00e3o de Heteroidentifica\u00e7\u00e3o ter\u00e1 direito a uma segunda avalia\u00e7\u00e3o, da chamada comiss\u00e3o recursal, que dar\u00e1 o parecer definitivo, ou seja, se a autodeclara\u00e7\u00e3o for validada pela comiss\u00e3o recursal, o(a) candidato(a) ter\u00e1 direito \u00e0 matr\u00edcula. Se n\u00e3o for, perder\u00e1 a vaga.<\/span><\/p>\n<p>&nbsp;<\/p>\n<p class=\"font_9\"><strong><span class=\"color_34\">Documentos Relacionados \u00e0s A\u00e7\u00f5es Afirmativas Raciais:<\/span><\/strong><\/p>\n<ul class=\"font_9 color_34\">\n<li>\n<p class=\"font_9\"><span class=\"color_34\"><a href=\"https:\/\/www2.uepg.br\/ppge\/wp-content\/uploads\/sites\/28\/2021\/08\/Resoluc%CC%A7a%CC%83o-UNIV-2021.10-Poli%CC%81tica-de-Ac%CC%A7o%CC%83es-Afirmativas.pdf\">RESOLU\u00c7\u00c3O UNIV &#8211; N\u00ba 2021_10<\/a> Aprova implanta\u00e7\u00e3o de Pol\u00edtica de A\u00e7\u00f5es Afirmativas para ingresso no Programa de P\u00f3s-Gradua\u00e7\u00e3o em Educa\u00e7\u00e3o, da UEPG.<\/span><\/p>\n<\/li>\n<li>\n<p class=\"font_9\"><span class=\"color_34\">Estatuto da Igualdade Racial\u00a0<a href=\"http:\/\/www.planalto.gov.br\/ccivil_03\/_Ato2007-2010\/2010\/Lei\/L12288.htm\" target=\"_blank\" rel=\"nofollow noopener\">Lei Federal n\u00ba 12.288, de 20\/07\/2010<\/a><\/span><\/p>\n<\/li>\n<li>\n<p class=\"font_9\"><span class=\"color_34\"><a href=\"http:\/\/www2.uepg.br\/ppge\/wp-content\/uploads\/sites\/28\/2021\/09\/Declaracao_Durban.pdf\">Declaracao de Durban<\/a>, \u00c1frica do Sul<\/span><\/p>\n<\/li>\n<\/ul>\n<\/div>\n\t\t<\/div><\/div><\/div><\/div>","protected":false},"excerpt":{"rendered":"<p>SOBRE A COMISS\u00c3O DE POL\u00cdTICAS DE INCLUS\u00c3O UEPG Veja o Calend\u00e1rio do Processo Seletivo Da Comiss\u00e3o Comiss\u00e3o de Pol\u00edtica de A\u00e7\u00f5es Afirmativas para ingresso no Programa Acad\u00eamico de P\u00f3s-Gradua\u00e7\u00e3o Stricto sensu em Educa\u00e7\u00e3o \u2013 PPGE, da Universidade Estadual de Ponta Grossa \u2013 UEPG. est\u00e1 vinculada ao Programa de P\u00f3s Gradua\u00e7\u00e3o em Educa\u00e7\u00e3o Mestrado e Doutorado&nbsp;&hellip;<\/p>\n","protected":false},"author":378,"featured_media":0,"parent":0,"menu_order":0,"comment_status":"closed","ping_status":"closed","template":"","meta":[],"_links":{"self":[{"href":"https:\/\/www2.uepg.br\/ppge\/wp-json\/wp\/v2\/pages\/3357"}],"collection":[{"href":"https:\/\/www2.uepg.br\/ppge\/wp-json\/wp\/v2\/pages"}],"about":[{"href":"https:\/\/www2.uepg.br\/ppge\/wp-json\/wp\/v2\/types\/page"}],"author":[{"embeddable":true,"href":"https:\/\/www2.uepg.br\/ppge\/wp-json\/wp\/v2\/users\/378"}],"replies":[{"embeddable":true,"href":"https:\/\/www2.uepg.br\/ppge\/wp-json\/wp\/v2\/comments?post=3357"}],"version-history":[{"count":2,"href":"https:\/\/www2.uepg.br\/ppge\/wp-json\/wp\/v2\/pages\/3357\/revisions"}],"predecessor-version":[{"id":3361,"href":"https:\/\/www2.uepg.br\/ppge\/wp-json\/wp\/v2\/pages\/3357\/revisions\/3361"}],"wp:attachment":[{"href":"https:\/\/www2.uepg.br\/ppge\/wp-json\/wp\/v2\/media?parent=3357"}],"curies":[{"name":"wp","href":"https:\/\/api.w.org\/{rel}","templated":true}]}}