{"id":960,"date":"2021-02-15T15:14:45","date_gmt":"2021-02-15T18:14:45","guid":{"rendered":"http:\/\/www2.uepg.br\/ppge\/?page_id=960"},"modified":"2025-05-02T11:02:57","modified_gmt":"2025-05-02T14:02:57","slug":"politica-de-autovaliacao","status":"publish","type":"page","link":"https:\/\/www2.uepg.br\/ppge\/politica-de-autovaliacao\/","title":{"rendered":"POL\u00cdTICA DE AUTOAVALIA\u00c7\u00c3O"},"content":{"rendered":"<p style=\"text-align: center\"><a href=\"https:\/\/www2.uepg.br\/ppge\/politica-de-autovaliacao\/politica-de-autoavaliac%cc%a7a%cc%83o\/\" rel=\"attachment wp-att-1126\">Poli\u0301tica de Autoavaliac\u0327a\u0303o<\/a><\/p>\n<p><a href=\"http:\/\/www2.uepg.br\/ppge\/wp-content\/uploads\/sites\/28\/2025\/03\/Memoria-Comissao-Autoavaliacao-PPGE-2019-revisada.docx.pdf\">MEM\u00d3RIA DOS TRABALHOS DESENVOLVIDOS PELA COMISS\u00c3O DE AUTOAVALIA\u00c7\u00c3O-2019<\/a><\/p>\n<p><a href=\"http:\/\/www2.uepg.br\/ppge\/wp-content\/uploads\/sites\/28\/2025\/03\/Memoria-Comissao-Autoavaliacao-PPGE-2020-revisada-.docx.pdf\">MEM\u00d3RIA DOS TRABALHOS DESENVOLVIDOS PELA COMISS\u00c3O DE AUTOAVALIA\u00c7\u00c3O-2020<\/a><\/p>\n<p><a href=\"http:\/\/www2.uepg.br\/ppge\/wp-content\/uploads\/sites\/28\/2025\/03\/Memoria-Comissao-Autoavaliacao-PPGE-2021-revisada.docx.pdf\">MEM\u00d3RIA DOS TRABALHOS DESENVOLVIDOS PELA COMISS\u00c3O DE AUTOAVALIA\u00c7\u00c3O-2021<\/a><\/p>\n<p><a href=\"http:\/\/www2.uepg.br\/ppge\/wp-content\/uploads\/sites\/28\/2025\/03\/Memoria-Comissao-Autoavaliacao-PPGE-2022-revisada.docx.pdf\">MEM\u00d3RIA DOS TRABALHOS DESENVOLVIDOS PELA COMISS\u00c3O DE AUTOAVALIA\u00c7\u00c3O-2022<\/a><\/p>\n<p><a href=\"http:\/\/www2.uepg.br\/ppge\/wp-content\/uploads\/sites\/28\/2025\/03\/Memoria-Comissao-Autoavaliacao-PPGE-2023-revisada.docx.pdf\">MEM\u00d3RIA DOS TRABALHOS DESENVOLVIDOS PELA COMISS\u00c3O DE AUTOAVALIA\u00c7\u00c3O-2023<\/a><\/p>\n<p><a href=\"http:\/\/www2.uepg.br\/ppge\/wp-content\/uploads\/sites\/28\/2025\/03\/Memoria-Comissao-Autoavaliacao-PPGE-2024-1.pdf\">MEM\u00d3RIA DOS TRABALHOS DESENVOLVIDOS PELA COMISS\u00c3O DE AUTOAVALIA\u00c7\u00c3O-2024<\/a><\/p>\n<p><a href=\"https:\/\/docs.google.com\/document\/d\/1ACHEBasMXnWyzqAqVLxdPxycelUyO9zK\/edit\">RELAT\u00d3RIO SOBRE OS DADOS GERAIS DA AVALIA\u00c7\u00c3O DAS DISCIPLINAS POR ESTUDANTES DE MESTRADO E DOUTORADO DOS ANOS DE 2022 E 2023<\/a><\/p>\n<p><a href=\"http:\/\/www2.uepg.br\/ppge\/wp-content\/uploads\/sites\/28\/2024\/09\/Relatorio-Final-Autoavaliacao-2021-2022-FINAL.pdf\">RELAT\u00d3RIO AUTOVALIA\u00c7\u00c30 2021- 2022<\/a><\/p>\n<p><a href=\"http:\/\/www2.uepg.br\/ppge\/wp-content\/uploads\/sites\/28\/2025\/05\/ilovepdf_merged-7.pdf\">RELAT\u00d3RIO AUTOAVALIA\u00c7\u00c3O 2023-2024<\/a><\/p>\n","protected":false},"excerpt":{"rendered":"<p>Poli\u0301tica de Autoavaliac\u0327a\u0303o MEM\u00d3RIA DOS TRABALHOS DESENVOLVIDOS PELA COMISS\u00c3O DE AUTOAVALIA\u00c7\u00c3O-2019 MEM\u00d3RIA DOS TRABALHOS DESENVOLVIDOS PELA COMISS\u00c3O DE AUTOAVALIA\u00c7\u00c3O-2020 MEM\u00d3RIA DOS TRABALHOS DESENVOLVIDOS PELA COMISS\u00c3O DE AUTOAVALIA\u00c7\u00c3O-2021 MEM\u00d3RIA DOS TRABALHOS DESENVOLVIDOS PELA COMISS\u00c3O DE AUTOAVALIA\u00c7\u00c3O-2022 MEM\u00d3RIA DOS TRABALHOS DESENVOLVIDOS PELA COMISS\u00c3O DE AUTOAVALIA\u00c7\u00c3O-2023 MEM\u00d3RIA DOS TRABALHOS DESENVOLVIDOS PELA COMISS\u00c3O DE AUTOAVALIA\u00c7\u00c3O-2024 RELAT\u00d3RIO SOBRE OS DADOS&nbsp;&hellip;<\/p>\n","protected":false},"author":204,"featured_media":0,"parent":0,"menu_order":0,"comment_status":"closed","ping_status":"closed","template":"","meta":[],"_links":{"self":[{"href":"https:\/\/www2.uepg.br\/ppge\/wp-json\/wp\/v2\/pages\/960"}],"collection":[{"href":"https:\/\/www2.uepg.br\/ppge\/wp-json\/wp\/v2\/pages"}],"about":[{"href":"https:\/\/www2.uepg.br\/ppge\/wp-json\/wp\/v2\/types\/page"}],"author":[{"embeddable":true,"href":"https:\/\/www2.uepg.br\/ppge\/wp-json\/wp\/v2\/users\/204"}],"replies":[{"embeddable":true,"href":"https:\/\/www2.uepg.br\/ppge\/wp-json\/wp\/v2\/comments?post=960"}],"version-history":[{"count":15,"href":"https:\/\/www2.uepg.br\/ppge\/wp-json\/wp\/v2\/pages\/960\/revisions"}],"predecessor-version":[{"id":3104,"href":"https:\/\/www2.uepg.br\/ppge\/wp-json\/wp\/v2\/pages\/960\/revisions\/3104"}],"wp:attachment":[{"href":"https:\/\/www2.uepg.br\/ppge\/wp-json\/wp\/v2\/media?parent=960"}],"curies":[{"name":"wp","href":"https:\/\/api.w.org\/{rel}","templated":true}]}}