{"id":963,"date":"2021-02-15T15:15:22","date_gmt":"2021-02-15T18:15:22","guid":{"rendered":"http:\/\/www2.uepg.br\/ppge\/?page_id=963"},"modified":"2021-05-31T16:38:32","modified_gmt":"2021-05-31T19:38:32","slug":"politica-de-internacionalizacao","status":"publish","type":"page","link":"https:\/\/www2.uepg.br\/ppge\/politica-de-internacionalizacao\/","title":{"rendered":"POL\u00cdTICA DE INTERNACIONALIZA\u00c7\u00c3O"},"content":{"rendered":"<p style=\"text-align: center\"><a href=\"https:\/\/www2.uepg.br\/ppge\/politica-de-internacionalizacao\/politica-de-internacionalizac%cc%a7a%cc%83o\/\" rel=\"attachment wp-att-1128\">Poli\u0301tica de internacionalizac\u0327a\u0303o<\/a><\/p>\n","protected":false},"excerpt":{"rendered":"<p>Poli\u0301tica de internacionalizac\u0327a\u0303o<\/p>\n","protected":false},"author":204,"featured_media":0,"parent":0,"menu_order":0,"comment_status":"closed","ping_status":"closed","template":"","meta":[],"_links":{"self":[{"href":"https:\/\/www2.uepg.br\/ppge\/wp-json\/wp\/v2\/pages\/963"}],"collection":[{"href":"https:\/\/www2.uepg.br\/ppge\/wp-json\/wp\/v2\/pages"}],"about":[{"href":"https:\/\/www2.uepg.br\/ppge\/wp-json\/wp\/v2\/types\/page"}],"author":[{"embeddable":true,"href":"https:\/\/www2.uepg.br\/ppge\/wp-json\/wp\/v2\/users\/204"}],"replies":[{"embeddable":true,"href":"https:\/\/www2.uepg.br\/ppge\/wp-json\/wp\/v2\/comments?post=963"}],"version-history":[{"count":6,"href":"https:\/\/www2.uepg.br\/ppge\/wp-json\/wp\/v2\/pages\/963\/revisions"}],"predecessor-version":[{"id":1129,"href":"https:\/\/www2.uepg.br\/ppge\/wp-json\/wp\/v2\/pages\/963\/revisions\/1129"}],"wp:attachment":[{"href":"https:\/\/www2.uepg.br\/ppge\/wp-json\/wp\/v2\/media?parent=963"}],"curies":[{"name":"wp","href":"https:\/\/api.w.org\/{rel}","templated":true}]}}