{"id":139,"date":"2023-05-02T00:00:00","date_gmt":"2023-05-02T03:00:00","guid":{"rendered":"http:\/\/www2.uepg.br\/ppgecem\/?page_id=139"},"modified":"2026-02-25T14:28:57","modified_gmt":"2026-02-25T17:28:57","slug":"coordenacao-e-colegiado","status":"publish","type":"page","link":"https:\/\/www2.uepg.br\/ppgecem\/coordenacao-e-colegiado\/","title":{"rendered":"Coordena\u00e7\u00e3o e Colegiado"},"content":{"rendered":"<p><strong>COORDENA\u00c7\u00c3O &#8211; 01\/05\/2025 a 30\/04\/2027<\/strong><\/p>\n<p><strong>Coordenadora &#8211;\u00a0<\/strong>LEILA IN\u00caS FOLLMANN FREIRE \u2014 Dra. Ensino de Ci\u00eancias e Educa\u00e7\u00e3o Matem\u00e1tica<\/p>\n<p><strong>Vice Coordenador &#8211; <\/strong>SILVIO LUIZ RUTZ DA SILVA \u2014 Dr. Ci\u00eancia dos Materiais<\/p>\n<p><strong>Colegiado Representante Docente &#8211; <\/strong><strong>Titulares<\/strong><\/p>\n<p>ANA L\u00daCIA PEREIRA \u2014 Dra. Ensino de Ci\u00eancias e Educa\u00e7\u00e3o Matem\u00e1tica<\/p>\n<p>JOSIE AGATHA PARRILHA DA SILVA \u2014 Dra. Ensino de Ci\u00eancias e Educa\u00e7\u00e3o Matem\u00e1tica<\/p>\n<p>LUCIANE GROSSI \u2014 Dra. Ci\u00eancia da Computa\u00e7\u00e3o e Matem\u00e1tica Computacional<\/p>\n<p>RODRIGO DE C\u00c1SSIO DA SILVA \u2014 Dr. Ci\u00eancias Biol\u00f3gicas (Biof\u00edsica)<\/p>\n<p><strong>Colegiado Representante Docente &#8211;\u00a0<\/strong><strong>Suplentes<\/strong><\/p>\n<p>MARILEI CASTURINA MENDES SANDRI \u2014 Dra. Educa\u00e7\u00e3o para a Ci\u00eancia e a Matem\u00e1tica<\/p>\n<p>JOCEMAR DE QUADROS CHAGAS \u2014 Dr. Matem\u00e1tica<\/p>\n<p><strong>Colegiado Representante Discente &#8211;\u00a0<\/strong><strong>Titular &#8211; <\/strong>JO\u00c3O VICTOR SERAFIM<\/p>\n<p><strong>Colegiado Representante Discente &#8211;\u00a0Suplente &#8211; <\/strong>\u00c9RICA DA SILVA CONRADO<\/p>\n<h4><\/h4>\n<p>&nbsp;<\/p>\n<h3><strong>COORDENA\u00c7\u00c3O\u00a0<\/strong><strong>&#8211; 01\/05\/2023 a 30\/04\/2025<\/strong><\/h3>\n<p><strong>Coordenadora &#8211;\u00a0<\/strong>LUCIANE GROSSI \u2014 Dra. Ci\u00eancia da Computa\u00e7\u00e3o e Matem\u00e1tica Computacional<\/p>\n<p><strong>Vice Coordenadora &#8211;\u00a0<\/strong>MARILEI CASTURINA MENDES SANDRI \u2014 Dra. Educa\u00e7\u00e3o para a Ci\u00eancia e a Matem\u00e1tica<\/p>\n<p><strong>Colegiado Representante Docente &#8211;\u00a0<\/strong><strong>Titulares<\/strong><\/p>\n<p>ANA L\u00daCIA PEREIRA \u2014 Dra. Ensino de Ci\u00eancias e Educa\u00e7\u00e3o Matem\u00e1tica<\/p>\n<p>RONALDO DA SILVA \u2014 Dr. M\u00fasica<\/p>\n<p>JOSIE AGATHA PARRILHA DA SILVA \u2014 Dra. Ensino de Ci\u00eancias e Educa\u00e7\u00e3o Matem\u00e1tica<\/p>\n<p><strong>Colegiado Representante Docente &#8211;\u00a0Suplentes<\/strong><\/p>\n<p>LEILA IN\u00caS FOLLMANN FREIRE &#8211; Dra. Ensino de Ci\u00eancias e Educa\u00e7\u00e3o Matem\u00e1tica<\/p>\n<p><strong>Colegiado Representante Discente &#8211;\u00a0<\/strong><strong>Titular &#8211;\u00a0<\/strong>FERNANDA SILVA BEATRIZ \u2014 Discente<\/p>\n<p><strong>Colegiado Representante Discente &#8211;\u00a0Suplente &#8211;\u00a0<\/strong>F\u00c1BIO VICENTE DA SILVA SANTOS \u2014 Discente<\/p>\n<p>&nbsp;<\/p>\n","protected":false},"excerpt":{"rendered":"<p>COORDENA\u00c7\u00c3O &#8211; 01\/05\/2025 a 30\/04\/2027 Coordenadora &#8211;\u00a0LEILA IN\u00caS FOLLMANN FREIRE \u2014 Dra. Ensino de Ci\u00eancias e Educa\u00e7\u00e3o Matem\u00e1tica Vice Coordenador &#8211; SILVIO LUIZ RUTZ DA SILVA \u2014 Dr. Ci\u00eancia dos Materiais Colegiado Representante Docente &#8211; Titulares ANA L\u00daCIA PEREIRA \u2014 Dra. Ensino de Ci\u00eancias e Educa\u00e7\u00e3o Matem\u00e1tica JOSIE AGATHA PARRILHA DA SILVA \u2014 Dra. Ensino&nbsp;&hellip;<\/p>\n","protected":false},"author":1,"featured_media":0,"parent":0,"menu_order":0,"comment_status":"open","ping_status":"open","template":"","meta":[],"_links":{"self":[{"href":"https:\/\/www2.uepg.br\/ppgecem\/wp-json\/wp\/v2\/pages\/139"}],"collection":[{"href":"https:\/\/www2.uepg.br\/ppgecem\/wp-json\/wp\/v2\/pages"}],"about":[{"href":"https:\/\/www2.uepg.br\/ppgecem\/wp-json\/wp\/v2\/types\/page"}],"author":[{"embeddable":true,"href":"https:\/\/www2.uepg.br\/ppgecem\/wp-json\/wp\/v2\/users\/1"}],"replies":[{"embeddable":true,"href":"https:\/\/www2.uepg.br\/ppgecem\/wp-json\/wp\/v2\/comments?post=139"}],"version-history":[{"count":24,"href":"https:\/\/www2.uepg.br\/ppgecem\/wp-json\/wp\/v2\/pages\/139\/revisions"}],"predecessor-version":[{"id":1718,"href":"https:\/\/www2.uepg.br\/ppgecem\/wp-json\/wp\/v2\/pages\/139\/revisions\/1718"}],"wp:attachment":[{"href":"https:\/\/www2.uepg.br\/ppgecem\/wp-json\/wp\/v2\/media?parent=139"}],"curies":[{"name":"wp","href":"https:\/\/api.w.org\/{rel}","templated":true}]}}