{"id":154,"date":"2022-06-30T00:00:00","date_gmt":"2022-06-30T03:00:00","guid":{"rendered":"http:\/\/www2.uepg.br\/ppgecem\/?page_id=154"},"modified":"2026-04-10T09:12:01","modified_gmt":"2026-04-10T12:12:01","slug":"documentos","status":"publish","type":"page","link":"https:\/\/www2.uepg.br\/ppgecem\/documentos\/","title":{"rendered":"Documentos"},"content":{"rendered":"<div id=\"pl-154\"  class=\"panel-layout\" ><div id=\"pg-154-0\"  class=\"panel-grid panel-no-style\" ><div id=\"pgc-154-0-0\"  class=\"panel-grid-cell\" ><div id=\"panel-154-0-0-0\" class=\"so-panel widget widget_sow-accordion panel-first-child panel-last-child\" data-index=\"0\" ><div\n\t\t\t\n\t\t\tclass=\"so-widget-sow-accordion so-widget-sow-accordion-default-99be652ed941-154\"\n\t\t\t\n\t\t><div>\n\t<div class=\"sow-accordion\">\n\t\t\t<div class=\"sow-accordion-panel\"\n\t\t\t data-anchor=\"documentos-para-qualifica%c3%a7%c3%a3o\">\n\t\t\t\t<div class=\"sow-accordion-panel-header-container\" role=\"heading\" aria-level=\"2\">\n\t\t\t\t\t<div class=\"sow-accordion-panel-header\" tabindex=\"0\" role=\"button\" id=\"accordion-label-documentos-para-qualifica%c3%a7%c3%a3o\" aria-controls=\"accordion-content-documentos-para-qualifica%c3%a7%c3%a3o\" aria-expanded=\"false\">\n\t\t\t\t\t\t<div class=\"sow-accordion-title sow-accordion-title-icon-left\">\n\t\t\t\t\t\t\t\t\t\t\t\t\t\tDocumentos para Qualifica\u00e7\u00e3o\t\t\t\t\t\t\t\t\t\t\t\t\t<\/div>\n\t\t\t\t\t\t<div class=\"sow-accordion-open-close-button\">\n\t\t\t\t\t\t\t<div class=\"sow-accordion-open-button\">\n\t\t\t\t\t\t\t\t<span class=\"sow-icon-ionicons\" data-sow-icon=\"&#xf218;\"\n\t\t \n\t\taria-hidden=\"true\"><\/span>\t\t\t\t\t\t\t<\/div>\n\t\t\t\t\t\t\t<div class=\"sow-accordion-close-button\">\n\t\t\t\t\t\t\t\t<span class=\"sow-icon-ionicons\" data-sow-icon=\"&#xf209;\"\n\t\t \n\t\taria-hidden=\"true\"><\/span>\t\t\t\t\t\t\t<\/div>\n\t\t\t\t\t\t<\/div>\n\t\t\t\t\t<\/div>\n\t\t\t\t<\/div>\n\n\t\t\t<div\n\t\t\t\tclass=\"sow-accordion-panel-content\"\n\t\t\t\trole=\"region\"\n\t\t\t\taria-labelledby=\"accordion-label-documentos-para-qualifica%c3%a7%c3%a3o\"\n\t\t\t\tid=\"accordion-content-documentos-para-qualifica%c3%a7%c3%a3o\"\n\t\t\t\tstyle=\"display: none;\"\t\t\t>\n\t\t\t\t<div class=\"sow-accordion-panel-border\" tabindex=\"0\">\n\t\t\t\t\t<ol>\n<li><a href=\"http:\/\/www2.uepg.br\/ppgecem\/wp-content\/uploads\/sites\/155\/2025\/10\/Requerimento-de-QUALIFICACAO.docx\" target=\"_blank\" rel=\"noopener\">Modelo de requerimento de Qualifica\u00e7\u00e3o<\/a><\/li>\n<li><a href=\"http:\/\/www2.uepg.br\/ppgecem\/wp-content\/uploads\/sites\/155\/2024\/02\/Modelo-de-Qualificacao-PPGECEM-2023.docx\" target=\"_blank\" rel=\"noopener\">Modelo de Qualifica\u00e7\u00e3o<\/a><\/li>\n<li><a href=\"http:\/\/www2.uepg.br\/ppgecem\/wp-content\/uploads\/sites\/155\/2025\/10\/Procedimentos-de-Agendamento-de-Qualificacao.docx\" target=\"_blank\" rel=\"noopener\">Procedimento para agendamento de Qualifica\u00e7\u00e3o<\/a><\/li>\n<li><a href=\"http:\/\/www2.uepg.br\/ppgecem\/wp-content\/uploads\/sites\/155\/2023\/04\/CADASTRO-EXTERNO-1.doc\" target=\"_blank\" rel=\"noopener\">Cadastro de Docentes Externos<\/a><\/li>\n<li><a href=\"http:\/\/www2.uepg.br\/ppgecem\/wp-content\/uploads\/sites\/155\/2022\/06\/PASSO-A-PASSO-PARA-USUARIO-EXTERNO.docx\" target=\"_blank\" rel=\"noopener\">Passo a passo - Cadastro de Docentes Externos<\/a><\/li>\n<\/ol>\n\t\t\t\t<\/div>\n\t\t\t<\/div>\n\t\t<\/div>\n\t\t\t<div class=\"sow-accordion-panel\"\n\t\t\t data-anchor=\"documentos-para-defesa\">\n\t\t\t\t<div class=\"sow-accordion-panel-header-container\" role=\"heading\" aria-level=\"2\">\n\t\t\t\t\t<div class=\"sow-accordion-panel-header\" tabindex=\"0\" role=\"button\" id=\"accordion-label-documentos-para-defesa\" aria-controls=\"accordion-content-documentos-para-defesa\" aria-expanded=\"false\">\n\t\t\t\t\t\t<div class=\"sow-accordion-title sow-accordion-title-icon-left\">\n\t\t\t\t\t\t\t\t\t\t\t\t\t\tDocumentos para Defesa\t\t\t\t\t\t\t\t\t\t\t\t\t<\/div>\n\t\t\t\t\t\t<div class=\"sow-accordion-open-close-button\">\n\t\t\t\t\t\t\t<div class=\"sow-accordion-open-button\">\n\t\t\t\t\t\t\t\t<span class=\"sow-icon-ionicons\" data-sow-icon=\"&#xf218;\"\n\t\t \n\t\taria-hidden=\"true\"><\/span>\t\t\t\t\t\t\t<\/div>\n\t\t\t\t\t\t\t<div class=\"sow-accordion-close-button\">\n\t\t\t\t\t\t\t\t<span class=\"sow-icon-ionicons\" data-sow-icon=\"&#xf209;\"\n\t\t \n\t\taria-hidden=\"true\"><\/span>\t\t\t\t\t\t\t<\/div>\n\t\t\t\t\t\t<\/div>\n\t\t\t\t\t<\/div>\n\t\t\t\t<\/div>\n\n\t\t\t<div\n\t\t\t\tclass=\"sow-accordion-panel-content\"\n\t\t\t\trole=\"region\"\n\t\t\t\taria-labelledby=\"accordion-label-documentos-para-defesa\"\n\t\t\t\tid=\"accordion-content-documentos-para-defesa\"\n\t\t\t\tstyle=\"display: none;\"\t\t\t>\n\t\t\t\t<div class=\"sow-accordion-panel-border\" tabindex=\"0\">\n\t\t\t\t\t<ol>\n<li><a href=\"http:\/\/www2.uepg.br\/ppgecem\/wp-content\/uploads\/sites\/155\/2023\/07\/Requerimento-de-DEFESA.docx\" target=\"_blank\" rel=\"noopener\">Modelo de requerimento de Defesa<\/a><\/li>\n<li><a href=\"http:\/\/www2.uepg.br\/ppgecem\/wp-content\/uploads\/sites\/155\/2024\/02\/Modelo-de-Dissertacao.docx\" target=\"_blank\" rel=\"noopener\">Modelo de Disserta\u00e7\u00e3o<\/a><\/li>\n<li><a href=\"http:\/\/www2.uepg.br\/ppgecem\/wp-content\/uploads\/sites\/155\/2025\/10\/Procedimento-Defesa-1.pdf\" target=\"_blank\" rel=\"noopener\">Procedimento para pedido de Defesa<\/a><\/li>\n<\/ol>\n\t\t\t\t<\/div>\n\t\t\t<\/div>\n\t\t<\/div>\n\t\t\t<div class=\"sow-accordion-panel\"\n\t\t\t data-anchor=\"documentos-para-defesa-2-69e4ae015488d\">\n\t\t\t\t<div class=\"sow-accordion-panel-header-container\" role=\"heading\" aria-level=\"2\">\n\t\t\t\t\t<div class=\"sow-accordion-panel-header\" tabindex=\"0\" role=\"button\" id=\"accordion-label-documentos-para-defesa-2-69e4ae015488d\" aria-controls=\"accordion-content-documentos-para-defesa-2-69e4ae015488d\" aria-expanded=\"false\">\n\t\t\t\t\t\t<div class=\"sow-accordion-title sow-accordion-title-icon-left\">\n\t\t\t\t\t\t\t\t\t\t\t\t\t\tDocumentos para Defesa\t\t\t\t\t\t\t\t\t\t\t\t\t<\/div>\n\t\t\t\t\t\t<div class=\"sow-accordion-open-close-button\">\n\t\t\t\t\t\t\t<div class=\"sow-accordion-open-button\">\n\t\t\t\t\t\t\t\t<span class=\"sow-icon-ionicons\" data-sow-icon=\"&#xf218;\"\n\t\t \n\t\taria-hidden=\"true\"><\/span>\t\t\t\t\t\t\t<\/div>\n\t\t\t\t\t\t\t<div class=\"sow-accordion-close-button\">\n\t\t\t\t\t\t\t\t<span class=\"sow-icon-ionicons\" data-sow-icon=\"&#xf209;\"\n\t\t \n\t\taria-hidden=\"true\"><\/span>\t\t\t\t\t\t\t<\/div>\n\t\t\t\t\t\t<\/div>\n\t\t\t\t\t<\/div>\n\t\t\t\t<\/div>\n\n\t\t\t<div\n\t\t\t\tclass=\"sow-accordion-panel-content\"\n\t\t\t\trole=\"region\"\n\t\t\t\taria-labelledby=\"accordion-label-documentos-para-defesa-2-69e4ae015488d\"\n\t\t\t\tid=\"accordion-content-documentos-para-defesa-2-69e4ae015488d\"\n\t\t\t\tstyle=\"display: none;\"\t\t\t>\n\t\t\t\t<div class=\"sow-accordion-panel-border\" tabindex=\"0\">\n\t\t\t\t\t<ol>\n<li><a href=\"http:\/\/www2.uepg.br\/ppgecem\/wp-content\/uploads\/sites\/155\/2023\/07\/Requerimento-de-DEFESA.docx\" target=\"_blank\" rel=\"noopener\">Modelo de requerimento de Defesa<\/a><\/li>\n<li><a href=\"http:\/\/www2.uepg.br\/ppgecem\/wp-content\/uploads\/sites\/155\/2024\/02\/Modelo-de-Dissertacao.docx\" target=\"_blank\" rel=\"noopener\">Modelo de Disserta\u00e7\u00e3o<\/a><\/li>\n<li><a href=\"http:\/\/www2.uepg.br\/ppgecem\/wp-content\/uploads\/sites\/155\/2025\/10\/Procedimento-Defesa-1.pdf\" target=\"_blank\" rel=\"noopener\">Procedimento para pedido de Defesa<\/a><\/li>\n<\/ol>\n\t\t\t\t<\/div>\n\t\t\t<\/div>\n\t\t<\/div>\n\t\t\t<div class=\"sow-accordion-panel\"\n\t\t\t data-anchor=\"vers%c3%a3o-final-da-disserta%c3%a7%c3%a3o\">\n\t\t\t\t<div class=\"sow-accordion-panel-header-container\" role=\"heading\" aria-level=\"2\">\n\t\t\t\t\t<div class=\"sow-accordion-panel-header\" tabindex=\"0\" role=\"button\" id=\"accordion-label-vers%c3%a3o-final-da-disserta%c3%a7%c3%a3o\" aria-controls=\"accordion-content-vers%c3%a3o-final-da-disserta%c3%a7%c3%a3o\" aria-expanded=\"false\">\n\t\t\t\t\t\t<div class=\"sow-accordion-title sow-accordion-title-icon-left\">\n\t\t\t\t\t\t\t\t\t\t\t\t\t\tVers\u00e3o Final da Disserta\u00e7\u00e3o\t\t\t\t\t\t\t\t\t\t\t\t\t<\/div>\n\t\t\t\t\t\t<div class=\"sow-accordion-open-close-button\">\n\t\t\t\t\t\t\t<div class=\"sow-accordion-open-button\">\n\t\t\t\t\t\t\t\t<span class=\"sow-icon-ionicons\" data-sow-icon=\"&#xf218;\"\n\t\t \n\t\taria-hidden=\"true\"><\/span>\t\t\t\t\t\t\t<\/div>\n\t\t\t\t\t\t\t<div class=\"sow-accordion-close-button\">\n\t\t\t\t\t\t\t\t<span class=\"sow-icon-ionicons\" data-sow-icon=\"&#xf209;\"\n\t\t \n\t\taria-hidden=\"true\"><\/span>\t\t\t\t\t\t\t<\/div>\n\t\t\t\t\t\t<\/div>\n\t\t\t\t\t<\/div>\n\t\t\t\t<\/div>\n\n\t\t\t<div\n\t\t\t\tclass=\"sow-accordion-panel-content\"\n\t\t\t\trole=\"region\"\n\t\t\t\taria-labelledby=\"accordion-label-vers%c3%a3o-final-da-disserta%c3%a7%c3%a3o\"\n\t\t\t\tid=\"accordion-content-vers%c3%a3o-final-da-disserta%c3%a7%c3%a3o\"\n\t\t\t\tstyle=\"display: none;\"\t\t\t>\n\t\t\t\t<div class=\"sow-accordion-panel-border\" tabindex=\"0\">\n\t\t\t\t\t<p>1. <a href=\"http:\/\/www2.uepg.br\/ppgecem\/wp-content\/uploads\/sites\/155\/2026\/04\/ORIENTACOES-PARA-DEPOSITO-DE-DISSERTACAO.pdf\">Procedimentos para publica\u00e7\u00e3o de disserta\u00e7\u00f5es na TEDE da UEPG<\/a><\/p>\n<p>2. <a href=\"http:\/\/www2.uepg.br\/ppgecem\/wp-content\/uploads\/sites\/155\/2026\/04\/TERMO-DE-AUTORIZACAO-PARA-PUBLICACAO-ELETRONICA-NA-BDTD-DA-UEPG.docx\">TERMO DE AUTORIZA\u00c7\u00c3O PARA PUBLICA\u00c7\u00c3O ELETR\u00d4NICA NA BDTD DA UEPG<\/a><\/p>\n\t\t\t\t<\/div>\n\t\t\t<\/div>\n\t\t<\/div>\n\t\t<\/div>\n<\/div>\n<\/div><\/div><\/div><\/div><\/div>","protected":false},"excerpt":{"rendered":"<p>Documentos para Qualifica\u00e7\u00e3o Modelo de requerimento de Qualifica\u00e7\u00e3o Modelo de Qualifica\u00e7\u00e3o Procedimento para agendamento de Qualifica\u00e7\u00e3o Cadastro de Docentes Externos Passo a passo &#8211; Cadastro de Docentes Externos Documentos para Defesa Modelo de requerimento de Defesa Modelo de Disserta\u00e7\u00e3o Procedimento para pedido de Defesa Documentos para Defesa Modelo de requerimento de Defesa Modelo de Disserta\u00e7\u00e3o&nbsp;&hellip;<\/p>\n","protected":false},"author":1,"featured_media":0,"parent":0,"menu_order":0,"comment_status":"closed","ping_status":"closed","template":"","meta":[],"_links":{"self":[{"href":"https:\/\/www2.uepg.br\/ppgecem\/wp-json\/wp\/v2\/pages\/154"}],"collection":[{"href":"https:\/\/www2.uepg.br\/ppgecem\/wp-json\/wp\/v2\/pages"}],"about":[{"href":"https:\/\/www2.uepg.br\/ppgecem\/wp-json\/wp\/v2\/types\/page"}],"author":[{"embeddable":true,"href":"https:\/\/www2.uepg.br\/ppgecem\/wp-json\/wp\/v2\/users\/1"}],"replies":[{"embeddable":true,"href":"https:\/\/www2.uepg.br\/ppgecem\/wp-json\/wp\/v2\/comments?post=154"}],"version-history":[{"count":53,"href":"https:\/\/www2.uepg.br\/ppgecem\/wp-json\/wp\/v2\/pages\/154\/revisions"}],"predecessor-version":[{"id":1814,"href":"https:\/\/www2.uepg.br\/ppgecem\/wp-json\/wp\/v2\/pages\/154\/revisions\/1814"}],"wp:attachment":[{"href":"https:\/\/www2.uepg.br\/ppgecem\/wp-json\/wp\/v2\/media?parent=154"}],"curies":[{"name":"wp","href":"https:\/\/api.w.org\/{rel}","templated":true}]}}