{"id":240,"date":"2020-08-03T10:36:20","date_gmt":"2020-08-03T13:36:20","guid":{"rendered":"http:\/\/www2.uepg.br\/ppgeco\/?page_id=240"},"modified":"2023-07-11T14:04:24","modified_gmt":"2023-07-11T17:04:24","slug":"ementas","status":"publish","type":"page","link":"https:\/\/www2.uepg.br\/ppgeco\/ementas\/","title":{"rendered":"Ementas"},"content":{"rendered":"<p><a href=\"http:\/\/www2.uepg.br\/ppgeco\/wp-content\/uploads\/sites\/130\/2023\/07\/EMPREENDEDORISMO.pdf\">EMPREENDEDORISMO<\/a><\/p>\n<p><a href=\"http:\/\/www2.uepg.br\/ppgeco\/wp-content\/uploads\/sites\/130\/2020\/09\/MACROECONOMIA-II.pdf\">MACROECONOMIA II<\/a><\/p>\n<p><a href=\"http:\/\/www2.uepg.br\/ppgeco\/wp-content\/uploads\/sites\/130\/2020\/09\/MACROECONOMIA-ABERTA.pdf\">MACROECONOMIA ABERTA<\/a><\/p>\n<p><a href=\"http:\/\/www2.uepg.br\/ppgeco\/wp-content\/uploads\/sites\/130\/2020\/09\/ECONOMETRIA-II.pdf\">ECONOMETRIA II<\/a><\/p>\n<p><a href=\"http:\/\/www2.uepg.br\/ppgeco\/wp-content\/uploads\/sites\/130\/2021\/04\/Metodos-quantitativos-1.pdf\">M\u00c9TODOS QUANTITATIVOS<\/a><\/p>\n<p><a href=\"http:\/\/www2.uepg.br\/ppgeco\/wp-content\/uploads\/sites\/130\/2021\/04\/Microeconomia-I.pdf\">MICROECONOMIA I<\/a><\/p>\n<p><a href=\"http:\/\/www2.uepg.br\/ppgeco\/wp-content\/uploads\/sites\/130\/2020\/08\/MACROECONOMIA-I.pdf\">MACROECONOMIA I<\/a><\/p>\n<p><a href=\"http:\/\/www2.uepg.br\/ppgeco\/wp-content\/uploads\/sites\/130\/2020\/08\/ECONOMETRIA-I.pdf\">ECONOMETRIA I<\/a><\/p>\n<p><a href=\"http:\/\/www2.uepg.br\/ppgeco\/wp-content\/uploads\/sites\/130\/2020\/08\/COMERCIALIZA\u00c7\u00c3O-AGR\u00cdCOLA.pdf\">COMERCIALIZA\u00c7\u00c3O AGR\u00cdCOLA<\/a><\/p>\n<p><a href=\"http:\/\/www2.uepg.br\/ppgeco\/wp-content\/uploads\/sites\/130\/2020\/08\/ECONOMIA-DO-TRABALHO.pdf\">ECONOMIA DO TRABALHO<\/a><\/p>\n<p><a href=\"http:\/\/www2.uepg.br\/ppgeco\/wp-content\/uploads\/sites\/130\/2020\/08\/MACROECONOMIA-III.pdf\">MACROECONOMIA III<\/a><\/p>\n<p><a href=\"http:\/\/www2.uepg.br\/ppgeco\/wp-content\/uploads\/sites\/130\/2020\/08\/ECONOMETRIA-ESPACIAL.pdf\">ECONOMETRIA ESPACIAL<\/a><\/p>\n<p><a href=\"http:\/\/www2.uepg.br\/ppgeco\/wp-content\/uploads\/sites\/130\/2020\/08\/M\u00c9TODOS-E-MODELOS-DE-AN\u00c1LISE-REGIONAL.pdf\">M\u00c9TODOS E MODELOS DE AN\u00c1LISE REGIONAL<\/a><\/p>\n","protected":false},"excerpt":{"rendered":"<p>EMPREENDEDORISMO MACROECONOMIA II MACROECONOMIA ABERTA ECONOMETRIA II M\u00c9TODOS QUANTITATIVOS MICROECONOMIA I MACROECONOMIA I ECONOMETRIA I COMERCIALIZA\u00c7\u00c3O AGR\u00cdCOLA ECONOMIA DO TRABALHO MACROECONOMIA III ECONOMETRIA ESPACIAL M\u00c9TODOS E MODELOS DE AN\u00c1LISE REGIONAL<\/p>\n","protected":false},"author":24,"featured_media":0,"parent":0,"menu_order":0,"comment_status":"closed","ping_status":"closed","template":"","meta":[],"_links":{"self":[{"href":"https:\/\/www2.uepg.br\/ppgeco\/wp-json\/wp\/v2\/pages\/240"}],"collection":[{"href":"https:\/\/www2.uepg.br\/ppgeco\/wp-json\/wp\/v2\/pages"}],"about":[{"href":"https:\/\/www2.uepg.br\/ppgeco\/wp-json\/wp\/v2\/types\/page"}],"author":[{"embeddable":true,"href":"https:\/\/www2.uepg.br\/ppgeco\/wp-json\/wp\/v2\/users\/24"}],"replies":[{"embeddable":true,"href":"https:\/\/www2.uepg.br\/ppgeco\/wp-json\/wp\/v2\/comments?post=240"}],"version-history":[{"count":8,"href":"https:\/\/www2.uepg.br\/ppgeco\/wp-json\/wp\/v2\/pages\/240\/revisions"}],"predecessor-version":[{"id":268,"href":"https:\/\/www2.uepg.br\/ppgeco\/wp-json\/wp\/v2\/pages\/240\/revisions\/268"}],"wp:attachment":[{"href":"https:\/\/www2.uepg.br\/ppgeco\/wp-json\/wp\/v2\/media?parent=240"}],"curies":[{"name":"wp","href":"https:\/\/api.w.org\/{rel}","templated":true}]}}