{"id":90,"date":"2020-07-24T15:39:54","date_gmt":"2020-07-24T18:39:54","guid":{"rendered":"http:\/\/www2.uepg.br\/ppgeco\/?page_id=90"},"modified":"2025-11-12T09:33:49","modified_gmt":"2025-11-12T12:33:49","slug":"formularios","status":"publish","type":"page","link":"https:\/\/www2.uepg.br\/ppgeco\/formularios\/","title":{"rendered":"Formul\u00e1rios"},"content":{"rendered":"<p><a href=\"http:\/\/www2.uepg.br\/ppgeco\/wp-content\/uploads\/sites\/130\/2021\/03\/Relatorio-de-atividades-semestrais-CAPES.pdf\">Relatorio de atividades semestrais &#8211; CAPES<\/a><\/p>\n<p><a href=\"http:\/\/www2.uepg.br\/ppgeco\/wp-content\/uploads\/sites\/130\/2020\/07\/Plano-de-Est\u00e1gio-Doc\u00eancia-convertido.pdf\" target=\"_blank\" rel=\"noopener noreferrer\">Plano de Est\u00e1gio Doc\u00eancia<\/a><\/p>\n<p><a href=\"http:\/\/www2.uepg.br\/ppgeco\/wp-content\/uploads\/sites\/130\/2021\/03\/Relatorio-de-Estagio-Docencia.pdf\">Relat\u00f3rio de Est\u00e1gio Doc\u00eancia<\/a><\/p>\n<p><a href=\"http:\/\/www2.uepg.br\/ppgeco\/wp-content\/uploads\/sites\/130\/2025\/11\/Requerimento-de-defesa.pdf\">Requerimento de defesa<\/a><\/p>\n<p><a href=\"http:\/\/www2.uepg.br\/ppgeco\/wp-content\/uploads\/sites\/130\/2021\/03\/Requerimento-de-qualificacao.pdf\">Requerimento de qualifica\u00e7\u00e3o<\/a><\/p>\n<p><a href=\"http:\/\/www2.uepg.br\/ppgeco\/wp-content\/uploads\/sites\/130\/2021\/03\/Declaracao_do_orientador.pdf\">Declara\u00e7\u00e3o_do_orientador<\/a><\/p>\n<p><a href=\"http:\/\/www2.uepg.br\/ppgeco\/wp-content\/uploads\/sites\/130\/2024\/07\/TERMO-NOVO.pdf\">Termo de autoriza\u00e7\u00e3o para publica\u00e7\u00e3o<\/a><\/p>\n<p><a href=\"http:\/\/www2.uepg.br\/ppgeco\/wp-content\/uploads\/sites\/130\/2021\/03\/Termo-de-responsabilidade-de-autoria.pdf\">Termo de responsabilidade de autoria<\/a><\/p>\n<p><a href=\"http:\/\/www2.uepg.br\/ppgeco\/wp-content\/uploads\/sites\/130\/2021\/03\/Formulario-para-Disciplinas-Isoladas-.pdf\">Formul\u00e1rio para Disciplinas Isoladas<\/a><\/p>\n<p><a href=\"http:\/\/www2.uepg.br\/ppgeco\/wp-content\/uploads\/sites\/130\/2021\/03\/Formulario-Cadastro-CAPES-1.pdf\">Formul\u00e1rio Cadastro CAPES <\/a><\/p>\n<p><a href=\"http:\/\/www2.uepg.br\/ppgeco\/wp-content\/uploads\/sites\/130\/2021\/03\/Formulario-Cancelamento-CAPES.pdf\">Formulario Cancelamento CAPES<\/a><\/p>\n<p><a href=\"http:\/\/www2.uepg.br\/ppgeco\/wp-content\/uploads\/sites\/130\/2021\/03\/Formulario-Suspensao-Bolsa-CAPES.pdf\">Formulario Suspensao Bolsa CAPES<\/a><\/p>\n<p><a href=\"http:\/\/www2.uepg.br\/ppgeco\/wp-content\/uploads\/sites\/130\/2025\/03\/Declaracao-de-acumulos-2023-NOVO.pdf\">Declarac\u00e3o de ac\u00famulos de bolsas e outros rendimentos<\/a><\/p>\n<p><a href=\"http:\/\/www2.uepg.br\/ppgeco\/wp-content\/uploads\/sites\/130\/2023\/09\/Manual-de-normalizacao-5-ed-2023-1.pdf\">Manual de normaliza\u00e7\u00e3o -5-ed-2023 (1)<\/a><\/p>\n<p><a href=\"http:\/\/www2.uepg.br\/ppgeco\/wp-content\/uploads\/sites\/130\/2023\/10\/Declaracao-de-acumulos-2023-NOVO.pdf\">Declara\u00e7\u00e3o de ac\u00famulos &#8211; 2023- NOVO<\/a><\/p>\n<p><a href=\"http:\/\/www2.uepg.br\/ppgeco\/wp-content\/uploads\/sites\/130\/2023\/10\/Termo-de-Compromisso-bolsistas-CAPES-2023-NOVO..pdf\">Termo de Compromisso bolsistas CAPES- 2023- NOVO<\/a><\/p>\n<p>&nbsp;<\/p>\n<p>&nbsp;<\/p>\n","protected":false},"excerpt":{"rendered":"<p>Relatorio de atividades semestrais &#8211; CAPES Plano de Est\u00e1gio Doc\u00eancia Relat\u00f3rio de Est\u00e1gio Doc\u00eancia Requerimento de defesa Requerimento de qualifica\u00e7\u00e3o Declara\u00e7\u00e3o_do_orientador Termo de autoriza\u00e7\u00e3o para publica\u00e7\u00e3o Termo de responsabilidade de autoria Formul\u00e1rio para Disciplinas Isoladas Formul\u00e1rio Cadastro CAPES Formulario Cancelamento CAPES Formulario Suspensao Bolsa CAPES Declarac\u00e3o de ac\u00famulos de bolsas e outros rendimentos Manual de&nbsp;&hellip;<\/p>\n","protected":false},"author":24,"featured_media":0,"parent":0,"menu_order":0,"comment_status":"closed","ping_status":"closed","template":"","meta":[],"_links":{"self":[{"href":"https:\/\/www2.uepg.br\/ppgeco\/wp-json\/wp\/v2\/pages\/90"}],"collection":[{"href":"https:\/\/www2.uepg.br\/ppgeco\/wp-json\/wp\/v2\/pages"}],"about":[{"href":"https:\/\/www2.uepg.br\/ppgeco\/wp-json\/wp\/v2\/types\/page"}],"author":[{"embeddable":true,"href":"https:\/\/www2.uepg.br\/ppgeco\/wp-json\/wp\/v2\/users\/24"}],"replies":[{"embeddable":true,"href":"https:\/\/www2.uepg.br\/ppgeco\/wp-json\/wp\/v2\/comments?post=90"}],"version-history":[{"count":20,"href":"https:\/\/www2.uepg.br\/ppgeco\/wp-json\/wp\/v2\/pages\/90\/revisions"}],"predecessor-version":[{"id":1920,"href":"https:\/\/www2.uepg.br\/ppgeco\/wp-json\/wp\/v2\/pages\/90\/revisions\/1920"}],"wp:attachment":[{"href":"https:\/\/www2.uepg.br\/ppgeco\/wp-json\/wp\/v2\/media?parent=90"}],"curies":[{"name":"wp","href":"https:\/\/api.w.org\/{rel}","templated":true}]}}