{"id":125,"date":"2021-08-11T12:31:51","date_gmt":"2021-08-11T15:31:51","guid":{"rendered":"https:\/\/www2.uepg.br\/ppgef\/?page_id=125"},"modified":"2025-11-28T16:21:47","modified_gmt":"2025-11-28T19:21:47","slug":"discentes","status":"publish","type":"page","link":"https:\/\/www2.uepg.br\/ppgef\/discentes\/","title":{"rendered":"Discentes"},"content":{"rendered":"<p><audio class=\"audio-for-speech\"><\/audio><\/p>\n<div class=\"translate-tooltip-mtz translator-hidden\">\n<div class=\"header\">\n<div class=\"header-controls\">Translator<\/div>\n<div class=\"header-controls\"><\/div>\n<div class=\"header-controls\"><\/div>\n<\/div>\n<div class=\"translated-text\">\n<div class=\"words\"><\/div>\n<div class=\"sentences\"><\/div>\n<\/div>\n<\/div>\n<p>&nbsp;<\/p>\n<div class=\"translate-tooltip-mtz translator-hidden\">\n<div class=\"header\">\n<div class=\"header-controls\">Translator<\/div>\n<div class=\"header-controls\"><\/div>\n<div class=\"header-controls\"><\/div>\n<\/div>\n<div class=\"translated-text\">\n<div class=\"words\"><\/div>\n<div class=\"sentences\"><\/div>\n<\/div>\n<\/div>\n<div class=\"translate-tooltip-mtz translator-hidden\">\n<div class=\"header\">\n<div class=\"header-controls\">Translator<\/div>\n<div class=\"header-controls\"><\/div>\n<div class=\"header-controls\"><\/div>\n<\/div>\n<div class=\"translated-text\">\n<div class=\"words\"><\/div>\n<div class=\"sentences\"><\/div>\n<\/div>\n<\/div>\n<div class=\"translate-tooltip-mtz translator-hidden\">\n<div class=\"header\">\n<div class=\"header-controls\">Translator<\/div>\n<div class=\"header-controls\"><\/div>\n<div class=\"header-controls\"><\/div>\n<\/div>\n<div class=\"translated-text\">\n<div class=\"words\"><\/div>\n<div class=\"sentences\"><\/div>\n<\/div>\n<\/div>\n<p><strong>CORPO DISCENTE<\/strong><\/p>\n<p><strong>Discentes com entrada no ano de 2025<\/strong><\/p>\n<p>Emanuel Pontes Guarneri (Orientador: Prof. Dr. )<br \/>\nPriscila Hellmann (Orientador: Prof. Dr. )<br \/>\nRodrigo Gomes Evaristo (Orientador: Prof. Dr. )<\/p>\n<p><strong>Discentes com entrada no ano de 2024<\/strong><\/p>\n<p>Grazielle Lao (Orientador: Prof. Dr. Andr\u00e9 Maur\u00edcio Brinatti)<\/p>\n<p><strong>Discentes com entrada no ano de 2023<\/strong><\/p>\n<p>Gabriela Pierin de Freitas (Orientador: Prof. Dr. J\u00falio Flemming Neto)<\/p>\n<p>Me. Alessandro Lima Konopacki (Orientador: Prof. Dr. Andr\u00e9 Vitor Chaves de Andrade)<br \/>\nMe. Samuel Correa Machado (Orientador: Prof. Dr. Luiz Ant\u00f4nio Bastos Bernardes)<\/p>\n<p><strong>Discentes com entrada no ano de 2022<\/strong><\/p>\n<p>Alecksander Jos\u00e9 Machado (Orientador: Prof. Dr. Jeremias Borges da Silva)<br \/>\nAnisio Lasievicz (Orientador: Prof. Dr. Marcelo Emilio)<br \/>\nFagner Fernando Miranda da Silva (Orientador: Prof. Dr. Jeremias Borges da Silva)<\/p>\n<p>Ma. Alessandra Ana Silva de Alencar (Orientador: Prof. Dr. Silvio Luiz Rutz da Silva)<br \/>\nMe. Antonio Pereira Dos Santos (Orientador: Prof. Dr. Andr\u00e9 Maur\u00edcio Brinatti)<br \/>\nMa. Giovana Maria da Silva (Orientador: Prof. Dr. Andr\u00e9 Maur\u00edcio Brinatti)<\/p>\n<p><strong>Discentes com entrada no ano de 2020<\/strong><\/p>\n<p>Me. Gabriel Roberto Garcia Levinski (Orientador: Prof. Dr. G\u00e9rson Kniphoff da Cruz)<br \/>\nMe. Giovani Borges Graciano (Orientador: Prof. Dr. Lucas Stori de Lara)<br \/>\nMe. Ivo Patel (Orientador: Prof. Dr. Silvio Luiz Rutz da Silva)<br \/>\nMe. Lu\u00eds Henrique Mendes de Souza (Orientador: Prof. Dr. Silvio Luiz Rutz da Silva)<br \/>\nMa. M\u00e1rcia Antunes Alvarenga (Orientador: Prof. Dr. G\u00e9rson Kniphoff da Cruz)<\/p>\n<p><strong>Discentes com entrada no ano de 2019<\/strong><\/p>\n<p>Me. Emerson Pereira Braz (Orientador: Prof. Dr. Andr\u00e9 Vitor Chaves de Andrade)<br \/>\nMa. Franciele Pastori (Orientador: Prof. Dr. Dr. Silvio Luiz Rutz da Silva)<br \/>\nMa. Francieli Jaqueline Noll Della Vechia (Orientador: Prof. Dr. Silvio Luiz Rutz da Silva)<\/p>\n<p><strong>Discentes com entrada no ano de 2018<\/strong><\/p>\n<p>Me. Gaspar Gilmar Romaniuk (Orientador: Prof. Dr. Paulo Cesar Facin)<br \/>\nMe. Gilvan Chaves Filho (Orientador: Prof. Dr. Luiz Ant\u00f4nio Bastos Bernardes)<br \/>\nMe. Jair Ribeiro Junior (Orientador: Prof. Dr. Paulo Cesar Facin)<br \/>\nMe. Jairo Rodrigo Corr\u00eaa (Orientador: Prof. Dr. F\u00e1bio de Meira C\u00e1ssaro)<br \/>\nMe. Jose Felipe Hneda (Orientador: Prof. Dr. Andr\u00e9 Mauricio Brinatti)<br \/>\nMa. Rosivete Dos Santos Romaniuk (Orientador: Prof. Dr. J\u00falio Flemming Neto)<\/p>\n<p><strong>Discentes com entrada no ano de 2017<\/strong><\/p>\n<p>Me. Andre Felipe Astrogildo de Lima (Orientador: Prof. Dr. S\u00e9rgio da Costa Saab)<br \/>\nMa. Elisiane De Campos de Oliveira Albrecht (Orientador: Prof. Dr. Andr\u00e9 Vitor Chaves de Andrade)<br \/>\nMe. Josu\u00e9 Duda (Orientador: Prof. Dr. Andr\u00e9 Maur\u00edcio Brinatti)<br \/>\nMa. Lorena de Lima Auer (Orientador: Prof. Dr. Gelson Biscaia de Souza)<br \/>\nMe. Michel De Angelis Nunes (Orientador: Prof. Dr. Silvio Luiz Rutz da Silva)<br \/>\nMe. Osni Daniel de Almeida (Orientador: Prof. Dr. Andr\u00e9 Vitor Chaves de Andrade)<br \/>\nMa. P\u00e2mela Sofia Krzsynski (Orientador: Prof. Dr. G\u00e9rson Kniphoff da Cruz)<br \/>\nMe. S\u00e9rgio Henrique De Freitas (Orientador: Prof. Dr. Silvio Luiz Rutz da Silva)<\/p>\n<p><strong>Discentes com entrada no ano de 2016<\/strong><\/p>\n<p>Me. Claudio Cordeiro Messias (Orientador: Prof. Dr. Paulo Cesar Facin)<br \/>\nMe. Danilo Fl\u00fcgel Lucas (Orientador: Prof. Dr. G\u00e9rson Kniphoff da Cruz)<br \/>\nMe. Evandro Luiz de Queiroz (Orientador: Prof. Dr. Ant\u00f4nio S\u00e9rgio Magalh\u00e3es de Castro)<br \/>\nMe. Elano Gustavo Rein (Orientador: Prof. Dr. Luiz Ant\u00f4nio Bastos Bernardes)<br \/>\nMe. Ivonei Almeida (Orientador: Prof. Dr. Luiz Am\u00e9rico Alves Pereira)<br \/>\nMe. Lu\u00eds Carlos Menezes Almeida J\u00fanior (Orientador: Prof. Dr. Luiz Am\u00e9rico Alves Pereira)<br \/>\nMe. Marcos Damian Sim\u00e3o (Orientador: Prof. Dr. Andr\u00e9 Maur\u00edcio Brinatti)<br \/>\nMe. Gustavo Miguel Bittencourt Morski (Orientador: Prof. Dr. Andr\u00e9 Vitor Chaves de Andrade)<br \/>\nMe. Roberto Pereira Strapazzon Bastos (Orientador: Prof. Dr. Silvio Luiz Rutz da Silva)<br \/>\nMe. Robson Lima Oliveira (Orientador: Prof. Dr. Andr\u00e9 Maur\u00edcio Brinatti)<br \/>\nMe. Vilson Finta (Orientador: Prof. Dr. Jeremias Borges da Silva)<\/p>\n<p><strong>Discentes com entrada no ano de 2014<\/strong><\/p>\n<p>Me. Ademir Krepki Henisch (Orientador: Prof. Dr. Jeremias Borges da Silva)<br \/>\nMa. Ana Caroline Pscheidt (Orientador: Prof. Dr. Marcelo Emilio)<br \/>\nMe. Edenilson Orkiel (Orientador: Prof. Dr. Silvio Luiz Rutz da Silva)<br \/>\nMe. Gustavo Trierveiler Anselmo (Orientador: Prof. Dr. J\u00falio Flemming Neto)<br \/>\nMe. Hernani Batista da Cruz (Orientador: Prof. Dr. Luiz Ant\u00f4nio Bastos Bernardes)<br \/>\nMe. Heterson Luiz de Lara (Orientador: Prof. Dr. Alexandre Camilo J\u00fanior)<br \/>\nMe. Josicarlos Peron (Orientador: Prof. Dr. Andr\u00e9 Vitor Chaves de Andrade)<br \/>\nMe. Leandro Antonio Dos Santos (Orientador: Prof. Dr. Ant\u00f4nio S\u00e9rgio Magalh\u00e3es de Castro)<br \/>\nMe. Lu\u00eds Alexandre Rauch (Orientador: Prof. Dr. Andr\u00e9 Maur\u00edcio Brinatti)<br \/>\nMe. Luiz Alberto Clabonde (Orientador: Prof. Dr. Luiz Ant\u00f4nio Bastos Bernardes)<br \/>\nMa. Marilene Probst Novacoski (Orientador: Prof. Dr. Luiz Am\u00e9rico Alves Pereira)<br \/>\nMe. Marlon Labas (Orientador: Prof. Dr. F\u00e1bio de Meira C\u00e1ssaro)<br \/>\nMe. Renato Dalzotto (Orientador: Prof. Dr. S\u00e9rgio da Costa Saab)<br \/>\nMe. Romeu Nunes de Freitas (Orientador: Prof. Dr. Andr\u00e9 Maur\u00edcio Brinatti)<br \/>\nMe. Wanderley Marc\u00edlio Veronez (Orientador: Prof. Dr. Gelson Biscaia de Souza)<\/p>\n","protected":false},"excerpt":{"rendered":"<p>Translator &nbsp; Translator Translator Translator CORPO DISCENTE Discentes com entrada no ano de 2025 Emanuel Pontes Guarneri (Orientador: Prof. Dr. ) Priscila Hellmann (Orientador: Prof. Dr. ) Rodrigo Gomes Evaristo (Orientador: Prof. Dr. ) Discentes com entrada no ano de 2024 Grazielle Lao (Orientador: Prof. Dr. Andr\u00e9 Maur\u00edcio Brinatti) Discentes com entrada no ano de&nbsp;&hellip;<\/p>\n","protected":false},"author":305,"featured_media":0,"parent":0,"menu_order":0,"comment_status":"closed","ping_status":"closed","template":"","meta":[],"_links":{"self":[{"href":"https:\/\/www2.uepg.br\/ppgef\/wp-json\/wp\/v2\/pages\/125"}],"collection":[{"href":"https:\/\/www2.uepg.br\/ppgef\/wp-json\/wp\/v2\/pages"}],"about":[{"href":"https:\/\/www2.uepg.br\/ppgef\/wp-json\/wp\/v2\/types\/page"}],"author":[{"embeddable":true,"href":"https:\/\/www2.uepg.br\/ppgef\/wp-json\/wp\/v2\/users\/305"}],"replies":[{"embeddable":true,"href":"https:\/\/www2.uepg.br\/ppgef\/wp-json\/wp\/v2\/comments?post=125"}],"version-history":[{"count":33,"href":"https:\/\/www2.uepg.br\/ppgef\/wp-json\/wp\/v2\/pages\/125\/revisions"}],"predecessor-version":[{"id":830,"href":"https:\/\/www2.uepg.br\/ppgef\/wp-json\/wp\/v2\/pages\/125\/revisions\/830"}],"wp:attachment":[{"href":"https:\/\/www2.uepg.br\/ppgef\/wp-json\/wp\/v2\/media?parent=125"}],"curies":[{"name":"wp","href":"https:\/\/api.w.org\/{rel}","templated":true}]}}