{"id":177,"date":"2020-05-27T16:07:05","date_gmt":"2020-05-27T19:07:05","guid":{"rendered":"http:\/\/www2.uepg.br\/ppgel\/?page_id=177"},"modified":"2022-11-12T21:55:58","modified_gmt":"2022-11-13T00:55:58","slug":"revistas","status":"publish","type":"page","link":"https:\/\/www2.uepg.br\/ppgel\/revistas\/","title":{"rendered":"Revistas"},"content":{"rendered":"<h4 style=\"text-align: center\"><strong>MUITAS VOZES<\/strong><\/h4>\n<p>A revista Muitas Vozes \u00e9 um espa\u00e7o de reflex\u00e3o sobre quest\u00f5es de linguagem em suas m\u00faltiplas manifesta\u00e7\u00f5es e tem contribu\u00eddo para o interc\u00e2mbio de conhecimentos entre pesquisadores externos e do Programa de P\u00f3s-Gradua\u00e7\u00e3o em Estudos da Linguagem. De periodicidade cont\u00ednua, desde a sua cria\u00e7\u00e3o em 2012 os editores v\u00eam trabalhando para consolidar os requisitos b\u00e1sicos quanto \u00e0 qualidade, circula\u00e7\u00e3o, periodicidade, normatiza\u00e7\u00e3o e distribui\u00e7\u00e3o, o que lhe garantiu a classifica\u00e7\u00e3o no extrato Qualis B2 na \u00faltima avalia\u00e7\u00e3o de peri\u00f3dicos realizada pela Capes. <a href=\"http:\/\/www.revistas2.uepg.br\/index.php\/muitasvozes\/index\" target=\"_blank\" rel=\"noopener noreferrer\">http:\/\/www.revistas2.uepg.br\/index.php\/muitasvozes\/index<\/a><\/p>\n<p><a href=\"https:\/\/www-periodicos-capes-gov-br.ezl.periodicos.capes.gov.br\/\"><img loading=\"lazy\" class=\"alignnone size-medium wp-image-2884\" src=\"http:\/\/www2.uepg.br\/ppgel\/wp-content\/uploads\/sites\/68\/2022\/11\/Imagem-muitas-vozes-300x114.png\" alt=\"\" width=\"300\" height=\"114\" srcset=\"https:\/\/www2.uepg.br\/ppgel\/wp-content\/uploads\/sites\/68\/2022\/11\/Imagem-muitas-vozes-300x114.png 300w, https:\/\/www2.uepg.br\/ppgel\/wp-content\/uploads\/sites\/68\/2022\/11\/Imagem-muitas-vozes.png 422w\" sizes=\"(max-width: 300px) 100vw, 300px\" \/><\/a><\/p>\n<h4 align=\"center\"><strong>REVISTA UNILETRAS<\/strong><\/h4>\n<p>A Revista Uniletras foi criada pelo Departamento de Letras no ano de 1979 com o objetivo de oportunizar o desenvolvimento e a amplia\u00e7\u00e3o da \u00e1rea de atua\u00e7\u00e3o e promover maior integra\u00e7\u00e3o da comunidade \u00e0 vida universit\u00e1ria. Em todos esses anos de publica\u00e7\u00e3o ininterrupta, a Revista Uniletras avan\u00e7ou em dire\u00e7\u00f5es inimagin\u00e1veis tornando-se um espa\u00e7o leg\u00edtimo de discuss\u00e3o e reflex\u00e3o sobre os assuntos pertinentes \u00e0 \u00e1rea de Letras e afins. Atualmente possui um conselho editorial de diferentes institui\u00e7\u00f5es de ensino superior do Brasil e do exterior. Todo o trabalho de inova\u00e7\u00e3o, renova\u00e7\u00e3o, qualidade, periodicidade, distribui\u00e7\u00e3o promovido durante esse per\u00edodo resultou no reconhecimento e qualifica\u00e7\u00e3o por importantes \u00f3rg\u00e3os indexadores tanto nacionais como internacionais. Uniletras hoje \u00e9 um peri\u00f3dico referenciado e qualificado pelo Projeto Qualis, obtendo a classifica\u00e7\u00e3o B2, nas vers\u00f5es impressas e\u00a0<em>online\u00a0<\/em>.<br \/>\n<a href=\"http:\/\/www.revistas2.uepg.br\/index.php\/uniletras\/index\" target=\"_blank\" rel=\"noopener noreferrer\">http:\/\/www.revistas2.uepg.br\/index.php\/uniletras\/index<\/a><\/p>\n<p><a href=\"https:\/\/www-periodicos-capes-gov-br.ezl.periodicos.capes.gov.br\/\"><img loading=\"lazy\" class=\"alignnone size-medium wp-image-2885\" src=\"http:\/\/www2.uepg.br\/ppgel\/wp-content\/uploads\/sites\/68\/2022\/11\/Uniletras-300x107.jpg\" alt=\"\" width=\"300\" height=\"107\" srcset=\"https:\/\/www2.uepg.br\/ppgel\/wp-content\/uploads\/sites\/68\/2022\/11\/Uniletras-300x107.jpg 300w, https:\/\/www2.uepg.br\/ppgel\/wp-content\/uploads\/sites\/68\/2022\/11\/Uniletras.jpg 320w\" sizes=\"(max-width: 300px) 100vw, 300px\" \/><\/a><\/p>\n<p>&nbsp;<\/p>\n<p><a href=\"https:\/\/www-periodicos-capes-gov-br.ezl.periodicos.capes.gov.br\/\"><img loading=\"lazy\" class=\"alignnone  wp-image-2888\" src=\"http:\/\/www2.uepg.br\/ppgel\/wp-content\/uploads\/sites\/68\/2022\/11\/logo_periodicos-simples2.jpg\" alt=\"\" width=\"478\" height=\"60\" \/><\/a><\/p>\n","protected":false},"excerpt":{"rendered":"<p>MUITAS VOZES A revista Muitas Vozes \u00e9 um espa\u00e7o de reflex\u00e3o sobre quest\u00f5es de linguagem em suas m\u00faltiplas manifesta\u00e7\u00f5es e tem contribu\u00eddo para o interc\u00e2mbio de conhecimentos entre pesquisadores externos e do Programa de P\u00f3s-Gradua\u00e7\u00e3o em Estudos da Linguagem. De periodicidade cont\u00ednua, desde a sua cria\u00e7\u00e3o em 2012 os editores v\u00eam trabalhando para consolidar os&nbsp;&hellip;<\/p>\n","protected":false},"author":24,"featured_media":0,"parent":0,"menu_order":0,"comment_status":"closed","ping_status":"closed","template":"page-templates\/page-with-right-sidebar.php","meta":[],"_links":{"self":[{"href":"https:\/\/www2.uepg.br\/ppgel\/wp-json\/wp\/v2\/pages\/177"}],"collection":[{"href":"https:\/\/www2.uepg.br\/ppgel\/wp-json\/wp\/v2\/pages"}],"about":[{"href":"https:\/\/www2.uepg.br\/ppgel\/wp-json\/wp\/v2\/types\/page"}],"author":[{"embeddable":true,"href":"https:\/\/www2.uepg.br\/ppgel\/wp-json\/wp\/v2\/users\/24"}],"replies":[{"embeddable":true,"href":"https:\/\/www2.uepg.br\/ppgel\/wp-json\/wp\/v2\/comments?post=177"}],"version-history":[{"count":6,"href":"https:\/\/www2.uepg.br\/ppgel\/wp-json\/wp\/v2\/pages\/177\/revisions"}],"predecessor-version":[{"id":2891,"href":"https:\/\/www2.uepg.br\/ppgel\/wp-json\/wp\/v2\/pages\/177\/revisions\/2891"}],"wp:attachment":[{"href":"https:\/\/www2.uepg.br\/ppgel\/wp-json\/wp\/v2\/media?parent=177"}],"curies":[{"name":"wp","href":"https:\/\/api.w.org\/{rel}","templated":true}]}}

<h4 style="text-align: center"><strong>MUITAS VOZES</strong></h4>
<p>A revista Muitas Vozes é um espaço de reflexão sobre questões de linguagem em suas múltiplas manifestações e tem contribuído para o intercâmbio de conhecimentos entre pesquisadores externos e do Programa de Pós-Graduação em Estudos da Linguagem. De periodicidade contínua, desde a sua criação em 2012 os editores vêm trabalhando para consolidar os requisitos básicos quanto à qualidade, circulação, periodicidade, normatização e distribuição, o que lhe garantiu a classificação no extrato Qualis B2 na última avaliação de periódicos realizada pela Capes. <a href="http://www.revistas2.uepg.br/index.php/muitasvozes/index" target="_blank" rel="noopener noreferrer">http://www.revistas2.uepg.br/index.php/muitasvozes/index</a></p>
<p><a href="https://www-periodicos-capes-gov-br.ezl.periodicos.capes.gov.br/"><img loading="lazy" class="alignnone size-medium wp-image-2884" src="http://www2.uepg.br/ppgel/wp-content/uploads/sites/68/2022/11/Imagem-muitas-vozes-300x114.png" alt="" width="300" height="114" srcset="https://www2.uepg.br/ppgel/wp-content/uploads/sites/68/2022/11/Imagem-muitas-vozes-300x114.png 300w, https://www2.uepg.br/ppgel/wp-content/uploads/sites/68/2022/11/Imagem-muitas-vozes.png 422w" sizes="(max-width: 300px) 100vw, 300px" /></a></p>
<h4 align="center"><strong>REVISTA UNILETRAS</strong></h4>
<p>A Revista Uniletras foi criada pelo Departamento de Letras no ano de 1979 com o objetivo de oportunizar o desenvolvimento e a ampliação da área de atuação e promover maior integração da comunidade à vida universitária. Em todos esses anos de publicação ininterrupta, a Revista Uniletras avançou em direções inimagináveis tornando-se um espaço legítimo de discussão e reflexão sobre os assuntos pertinentes à área de Letras e afins. Atualmente possui um conselho editorial de diferentes instituições de ensino superior do Brasil e do exterior. Todo o trabalho de inovação, renovação, qualidade, periodicidade, distribuição promovido durante esse período resultou no reconhecimento e qualificação por importantes órgãos indexadores tanto nacionais como internacionais. Uniletras hoje é um periódico referenciado e qualificado pelo Projeto Qualis, obtendo a classificação B2, nas versões impressas e <em>online </em>.<br />
<a href="http://www.revistas2.uepg.br/index.php/uniletras/index" target="_blank" rel="noopener noreferrer">http://www.revistas2.uepg.br/index.php/uniletras/index</a></p>
<p><a href="https://www-periodicos-capes-gov-br.ezl.periodicos.capes.gov.br/"><img loading="lazy" class="alignnone size-medium wp-image-2885" src="http://www2.uepg.br/ppgel/wp-content/uploads/sites/68/2022/11/Uniletras-300x107.jpg" alt="" width="300" height="107" srcset="https://www2.uepg.br/ppgel/wp-content/uploads/sites/68/2022/11/Uniletras-300x107.jpg 300w, https://www2.uepg.br/ppgel/wp-content/uploads/sites/68/2022/11/Uniletras.jpg 320w" sizes="(max-width: 300px) 100vw, 300px" /></a></p>
<p>&nbsp;</p>
<p><a href="https://www-periodicos-capes-gov-br.ezl.periodicos.capes.gov.br/"><img loading="lazy" class="alignnone  wp-image-2888" src="http://www2.uepg.br/ppgel/wp-content/uploads/sites/68/2022/11/logo_periodicos-simples2.jpg" alt="" width="478" height="60" /></a></p>

<p>MUITAS VOZES A revista Muitas Vozes é um espaço de reflexão sobre questões de linguagem em suas múltiplas manifestações e tem contribuído para o intercâmbio de conhecimentos entre pesquisadores externos e do Programa de Pós-Graduação em Estudos da Linguagem. De periodicidade contínua, desde a sua criação em 2012 os editores vêm trabalhando para consolidar os&nbsp;&hellip;</p>
