{"id":2841,"date":"2022-11-11T13:40:28","date_gmt":"2022-11-11T16:40:28","guid":{"rendered":"https:\/\/www2.uepg.br\/ppgel\/?page_id=2841"},"modified":"2024-12-11T15:41:27","modified_gmt":"2024-12-11T18:41:27","slug":"processo-seletivo","status":"publish","type":"page","link":"https:\/\/www2.uepg.br\/ppgel\/processo-seletivo\/","title":{"rendered":"Processo Seletivo"},"content":{"rendered":"<p><a href=\"http:\/\/www2.uepg.br\/ppgel\/wp-content\/uploads\/sites\/68\/2024\/12\/EDITAL-No-54-DE-2024-INSCRICOES-PARA-DISCIPLINAS-ISOLADAS-1o-SEMESTRE-2025-1.pdf\">EDITAL-No-54-DE-2024-INSCRICOES-PARA-DISCIPLINAS-ISOLADAS-1o-SEMESTRE-2025<\/a><\/p>\n<p><a href=\"http:\/\/www2.uepg.br\/ppgel\/wp-content\/uploads\/sites\/68\/2024\/12\/EDITAL-No-39-DE-2024-ESTAGIO-POS-DOUTORAL-NOVO.pdf\">EDITAL-No-39-DE-2024-ESTAGIO-POS-DOUTORAL-NOVO<\/a><\/p>\n<p><a href=\"http:\/\/www2.uepg.br\/ppgel\/wp-content\/uploads\/sites\/68\/2024\/12\/EDITAL-No-22-Mestrado-SELECAO-DISCENTE-2024-2025.pdf\">EDITAL-No-22-Mestrado-SELECAO-DISCENTE-2024-2025<\/a><\/p>\n<p><a href=\"http:\/\/www2.uepg.br\/ppgel\/wp-content\/uploads\/sites\/68\/2024\/12\/EDITAL-No-21-Doutorado-SELECAO-2024-2025-.pdf\">EDITAL-No-21-Doutorado-SELECAO-2024-2025-<\/a><\/p>\n<p><a href=\"http:\/\/www2.uepg.br\/ppgel\/wp-content\/uploads\/sites\/68\/2023\/09\/EDITAL-No-22-DE-2023-SELECAO-DISCENTE-2023-2024-RETIFICADO-1.pdf\">EDITAL No 22\/2023-INSCRI\u00c7\u00c3O E SELE\u00c7\u00c3O PARA O CURSO DE MESTRADO EM ESTUDOS<br \/>\nDA LINGUAGEM 2023-2024 <\/a><\/p>\n","protected":false},"excerpt":{"rendered":"<p>EDITAL-No-54-DE-2024-INSCRICOES-PARA-DISCIPLINAS-ISOLADAS-1o-SEMESTRE-2025 EDITAL-No-39-DE-2024-ESTAGIO-POS-DOUTORAL-NOVO EDITAL-No-22-Mestrado-SELECAO-DISCENTE-2024-2025 EDITAL-No-21-Doutorado-SELECAO-2024-2025- EDITAL No 22\/2023-INSCRI\u00c7\u00c3O E SELE\u00c7\u00c3O PARA O CURSO DE MESTRADO EM ESTUDOS DA LINGUAGEM 2023-2024<\/p>\n","protected":false},"author":378,"featured_media":0,"parent":0,"menu_order":0,"comment_status":"closed","ping_status":"closed","template":"","meta":[],"_links":{"self":[{"href":"https:\/\/www2.uepg.br\/ppgel\/wp-json\/wp\/v2\/pages\/2841"}],"collection":[{"href":"https:\/\/www2.uepg.br\/ppgel\/wp-json\/wp\/v2\/pages"}],"about":[{"href":"https:\/\/www2.uepg.br\/ppgel\/wp-json\/wp\/v2\/types\/page"}],"author":[{"embeddable":true,"href":"https:\/\/www2.uepg.br\/ppgel\/wp-json\/wp\/v2\/users\/378"}],"replies":[{"embeddable":true,"href":"https:\/\/www2.uepg.br\/ppgel\/wp-json\/wp\/v2\/comments?post=2841"}],"version-history":[{"count":5,"href":"https:\/\/www2.uepg.br\/ppgel\/wp-json\/wp\/v2\/pages\/2841\/revisions"}],"predecessor-version":[{"id":4345,"href":"https:\/\/www2.uepg.br\/ppgel\/wp-json\/wp\/v2\/pages\/2841\/revisions\/4345"}],"wp:attachment":[{"href":"https:\/\/www2.uepg.br\/ppgel\/wp-json\/wp\/v2\/media?parent=2841"}],"curies":[{"name":"wp","href":"https:\/\/api.w.org\/{rel}","templated":true}]}}