{"id":40,"date":"2020-05-25T10:55:58","date_gmt":"2020-05-25T13:55:58","guid":{"rendered":"http:\/\/www2.uepg.br\/ppgel\/?page_id=40"},"modified":"2021-04-19T18:22:35","modified_gmt":"2021-04-19T21:22:35","slug":"area-de-concentracao","status":"publish","type":"page","link":"https:\/\/www2.uepg.br\/ppgel\/area-de-concentracao\/","title":{"rendered":"\u00c1rea de Concentra\u00e7\u00e3o"},"content":{"rendered":"<h4 style=\"text-align: center\"><strong>LINGUAGEM, IDENTIDADE E SUBJETIVIDADE<\/strong><\/h4>\n<p>A \u00e1rea de concentra\u00e7\u00e3o do Programa, \u201cLinguagem, Identidade e Subjetividade\u201d, se define por conceber a linguagem como um l\u00f3cus produtivo de estudos e de pesquisa, em especial, no que diz respeito ao ensino dos diversos v\u00e9rtices da linguagem, em suas dimens\u00f5es comunicativa, reflexiva e art\u00edstica, e \u00e0s pol\u00edticas culturais, lingu\u00edsticas e educacionais. Seu objetivo \u00e9 estudar a linguagem em uso nas variadas pr\u00e1ticas sociais e culturais, nas quais operam marcas ideol\u00f3gicas, culturais, \u00e9ticas e art\u00edsticas. As perspectivas te\u00f3rico-metodol\u00f3gicas que sustentam esta proposta compreendem a linguagem pelo vi\u00e9s da intera\u00e7\u00e3o social, levando-se em considera\u00e7\u00e3o as dimens\u00f5es expressivas da sociedade, da cultura, da \u00e9tica e da est\u00e9tica.<\/p>\n<p>Nesse sentido, os estudos desta \u00e1rea de concentra\u00e7\u00e3o devem contribuir, por um lado, para investigar a subjetividade presente no uso da linguagem em suas manifesta\u00e7\u00f5es nos m\u00faltiplos contextos sociais, culturais e liter\u00e1rios, e, por outro, para determinar como os indiv\u00edduos revelam e negociam suas participa\u00e7\u00f5es em e seu pertencimento a determinados grupos sociais pelo exerc\u00edcio da linguagem, em suas dimens\u00f5es pol\u00edtica, cultural, \u00e9tica e est\u00e9tica, no entendimento de que os discursos produzidos pelos grupos se articulam por interesses de express\u00e3o que passam por diferentes registros e intencionalidades, motivados por diferentes contextos sociais e culturais. Entendemos que, por esse vi\u00e9s, os estudos da linguagem abarcam a abordagem dos contextos expressivos da linguagem em uso comunicativo, bem como em sua pot\u00eancia de express\u00e3o art\u00edstica, o que se configura como discurso liter\u00e1rio.<\/p>\n","protected":false},"excerpt":{"rendered":"<p>LINGUAGEM, IDENTIDADE E SUBJETIVIDADE A \u00e1rea de concentra\u00e7\u00e3o do Programa, \u201cLinguagem, Identidade e Subjetividade\u201d, se define por conceber a linguagem como um l\u00f3cus produtivo de estudos e de pesquisa, em especial, no que diz respeito ao ensino dos diversos v\u00e9rtices da linguagem, em suas dimens\u00f5es comunicativa, reflexiva e art\u00edstica, e \u00e0s pol\u00edticas culturais, lingu\u00edsticas e&nbsp;&hellip;<\/p>\n","protected":false},"author":24,"featured_media":0,"parent":0,"menu_order":0,"comment_status":"closed","ping_status":"closed","template":"page-templates\/page-with-right-sidebar.php","meta":[],"_links":{"self":[{"href":"https:\/\/www2.uepg.br\/ppgel\/wp-json\/wp\/v2\/pages\/40"}],"collection":[{"href":"https:\/\/www2.uepg.br\/ppgel\/wp-json\/wp\/v2\/pages"}],"about":[{"href":"https:\/\/www2.uepg.br\/ppgel\/wp-json\/wp\/v2\/types\/page"}],"author":[{"embeddable":true,"href":"https:\/\/www2.uepg.br\/ppgel\/wp-json\/wp\/v2\/users\/24"}],"replies":[{"embeddable":true,"href":"https:\/\/www2.uepg.br\/ppgel\/wp-json\/wp\/v2\/comments?post=40"}],"version-history":[{"count":3,"href":"https:\/\/www2.uepg.br\/ppgel\/wp-json\/wp\/v2\/pages\/40\/revisions"}],"predecessor-version":[{"id":1889,"href":"https:\/\/www2.uepg.br\/ppgel\/wp-json\/wp\/v2\/pages\/40\/revisions\/1889"}],"wp:attachment":[{"href":"https:\/\/www2.uepg.br\/ppgel\/wp-json\/wp\/v2\/media?parent=40"}],"curies":[{"name":"wp","href":"https:\/\/api.w.org\/{rel}","templated":true}]}}

Área de Concentração

<h4 style="text-align: center"><strong>LINGUAGEM, IDENTIDADE E SUBJETIVIDADE</strong></h4>
<p>A área de concentração do Programa, “Linguagem, Identidade e Subjetividade”, se define por conceber a linguagem como um lócus produtivo de estudos e de pesquisa, em especial, no que diz respeito ao ensino dos diversos vértices da linguagem, em suas dimensões comunicativa, reflexiva e artística, e às políticas culturais, linguísticas e educacionais. Seu objetivo é estudar a linguagem em uso nas variadas práticas sociais e culturais, nas quais operam marcas ideológicas, culturais, éticas e artísticas. As perspectivas teórico-metodológicas que sustentam esta proposta compreendem a linguagem pelo viés da interação social, levando-se em consideração as dimensões expressivas da sociedade, da cultura, da ética e da estética.</p>
<p>Nesse sentido, os estudos desta área de concentração devem contribuir, por um lado, para investigar a subjetividade presente no uso da linguagem em suas manifestações nos múltiplos contextos sociais, culturais e literários, e, por outro, para determinar como os indivíduos revelam e negociam suas participações em e seu pertencimento a determinados grupos sociais pelo exercício da linguagem, em suas dimensões política, cultural, ética e estética, no entendimento de que os discursos produzidos pelos grupos se articulam por interesses de expressão que passam por diferentes registros e intencionalidades, motivados por diferentes contextos sociais e culturais. Entendemos que, por esse viés, os estudos da linguagem abarcam a abordagem dos contextos expressivos da linguagem em uso comunicativo, bem como em sua potência de expressão artística, o que se configura como discurso literário.</p>

<p>LINGUAGEM, IDENTIDADE E SUBJETIVIDADE A área de concentração do Programa, “Linguagem, Identidade e Subjetividade”, se define por conceber a linguagem como um lócus produtivo de estudos e de pesquisa, em especial, no que diz respeito ao ensino dos diversos vértices da linguagem, em suas dimensões comunicativa, reflexiva e artística, e às políticas culturais, linguísticas e&nbsp;&hellip;</p>
