{"id":645,"date":"2020-06-09T14:52:49","date_gmt":"2020-06-09T17:52:49","guid":{"rendered":"http:\/\/www2.uepg.br\/ppgel\/?page_id=645"},"modified":"2025-12-09T16:16:36","modified_gmt":"2025-12-09T19:16:36","slug":"impacto-social","status":"publish","type":"page","link":"https:\/\/www2.uepg.br\/ppgel\/impacto-social\/","title":{"rendered":"Impacto Social"},"content":{"rendered":"<p style=\"text-align: left\">IMPACTO E CAR\u00c1TER INOVADOR DA PRODU\u00c7\u00c3O INTELECTUAL EM<br \/>\nFUN\u00c7\u00c3O DA NATUREZA DO PROGRAMA<\/p>\n<p style=\"text-align: left\">Comiss\u00e3o:<\/p>\n<p style=\"text-align: left\">Prof.\u00aa Leticia Fraga &#8211;\u00a0 Prof.\u00aa Rubia Carla da Silva<\/p>\n<p style=\"text-align: left\">\u00a0 \u00a0 \u00a0 \u00a0Prof. Daniel de Oliveira Gomes &#8211; Prof. Evanir Pavloski<\/p>\n<p style=\"text-align: left\"><a href=\"http:\/\/www2.uepg.br\/ppgel\/wp-content\/uploads\/sites\/68\/2022\/06\/IMPACTO-SOCIAL.pdf\">IMPACTO SOCIAL<\/a><\/p>\n","protected":false},"excerpt":{"rendered":"<p>IMPACTO E CAR\u00c1TER INOVADOR DA PRODU\u00c7\u00c3O INTELECTUAL EM FUN\u00c7\u00c3O DA NATUREZA DO PROGRAMA Comiss\u00e3o: Prof.\u00aa Leticia Fraga &#8211;\u00a0 Prof.\u00aa Rubia Carla da Silva \u00a0 \u00a0 \u00a0 \u00a0Prof. Daniel de Oliveira Gomes &#8211; Prof. Evanir Pavloski IMPACTO SOCIAL<\/p>\n","protected":false},"author":24,"featured_media":0,"parent":0,"menu_order":0,"comment_status":"closed","ping_status":"closed","template":"page-templates\/page-with-right-sidebar.php","meta":[],"_links":{"self":[{"href":"https:\/\/www2.uepg.br\/ppgel\/wp-json\/wp\/v2\/pages\/645"}],"collection":[{"href":"https:\/\/www2.uepg.br\/ppgel\/wp-json\/wp\/v2\/pages"}],"about":[{"href":"https:\/\/www2.uepg.br\/ppgel\/wp-json\/wp\/v2\/types\/page"}],"author":[{"embeddable":true,"href":"https:\/\/www2.uepg.br\/ppgel\/wp-json\/wp\/v2\/users\/24"}],"replies":[{"embeddable":true,"href":"https:\/\/www2.uepg.br\/ppgel\/wp-json\/wp\/v2\/comments?post=645"}],"version-history":[{"count":7,"href":"https:\/\/www2.uepg.br\/ppgel\/wp-json\/wp\/v2\/pages\/645\/revisions"}],"predecessor-version":[{"id":4926,"href":"https:\/\/www2.uepg.br\/ppgel\/wp-json\/wp\/v2\/pages\/645\/revisions\/4926"}],"wp:attachment":[{"href":"https:\/\/www2.uepg.br\/ppgel\/wp-json\/wp\/v2\/media?parent=645"}],"curies":[{"name":"wp","href":"https:\/\/api.w.org\/{rel}","templated":true}]}}