{"id":715,"date":"2020-06-17T10:40:33","date_gmt":"2020-06-17T13:40:33","guid":{"rendered":"http:\/\/www2.uepg.br\/ppgel\/?page_id=715"},"modified":"2021-04-19T18:24:09","modified_gmt":"2021-04-19T21:24:09","slug":"areas-de-especializacion","status":"publish","type":"page","link":"https:\/\/www2.uepg.br\/ppgel\/es\/areas-de-especializacion\/","title":{"rendered":"\u00c1reas de Especializaci\u00f3n"},"content":{"rendered":"<p style=\"text-align: center\"><strong>LENGUAJE, IDENTIDAD Y SUBJETIVIDAD<\/strong><\/p>\n<p>El \u00e1rea de concentraci\u00f3n del Programa \u201cLenguaje, Identidad y Subjetividad\u201d se define por concebir el lenguaje como un locus productivo de estudios y de investigaci\u00f3n, especialmente con respecto a la ense\u00f1anza de los diversos v\u00e9rtices del lenguaje, en sus dimensiones comunicativa, reflexiva y art\u00edstica, e a las pol\u00edticas culturales, ling\u00fc\u00edsticas y educativas. Su objetivo es estudiar el lenguaje en uso en las variadas pr\u00e1cticas sociales y culturales, en las cuales operan marcas ideol\u00f3gicas, culturales, \u00e9ticas y art\u00edsticas. Las perspectivas te\u00f3rico-metodol\u00f3gicas que sostienen dicha propuesta comprenden el lenguaje por el sesgo de la interacci\u00f3n social consider\u00e1ndose las dimensiones expresivas de la sociedad, cultura, \u00e9tica y est\u00e9tica.<\/p>\n<p>En este sentido, los estudios de esta \u00e1rea de concentraci\u00f3n deben contribuir, por un lado para investigar la subjetividad presente en el uso del lenguaje en sus manifestaciones en los m\u00faltiples contextos sociales, culturales y literarios, y por otro para determinar como los individuos revelan y negocian sus participaciones en su pertenencia a determinados grupos sociales por ejercicio del lenguaje, en sus dimensiones pol\u00edtica, cultural, \u00e9tica y est\u00e9tica, al entendimiento de que los discursos producidos por los grupos se articulan por intereses de expresi\u00f3n que pasan por distintos registros e intencionalidades, motivados por diferentes contextos sociales y culturales. Entendemos que, por ese sesgo, los estudios de lenguaje abarcan el abordaje de los contextos expresivos del lenguaje en uso comunicativo, bien como en su potencia de expresi\u00f3n art\u00edstica, lo que se configura como discurso literario.<\/p>\n","protected":false},"excerpt":{"rendered":"<p>LENGUAJE, IDENTIDAD Y SUBJETIVIDAD El \u00e1rea de concentraci\u00f3n del Programa \u201cLenguaje, Identidad y Subjetividad\u201d se define por concebir el lenguaje como un locus productivo de estudios y de investigaci\u00f3n, especialmente con respecto a la ense\u00f1anza de los diversos v\u00e9rtices del lenguaje, en sus dimensiones comunicativa, reflexiva y art\u00edstica, e a las pol\u00edticas culturales, ling\u00fc\u00edsticas y&nbsp;&hellip;<\/p>\n","protected":false},"author":24,"featured_media":0,"parent":0,"menu_order":0,"comment_status":"closed","ping_status":"closed","template":"page-templates\/page-with-right-sidebar.php","meta":[],"_links":{"self":[{"href":"https:\/\/www2.uepg.br\/ppgel\/wp-json\/wp\/v2\/pages\/715"}],"collection":[{"href":"https:\/\/www2.uepg.br\/ppgel\/wp-json\/wp\/v2\/pages"}],"about":[{"href":"https:\/\/www2.uepg.br\/ppgel\/wp-json\/wp\/v2\/types\/page"}],"author":[{"embeddable":true,"href":"https:\/\/www2.uepg.br\/ppgel\/wp-json\/wp\/v2\/users\/24"}],"replies":[{"embeddable":true,"href":"https:\/\/www2.uepg.br\/ppgel\/wp-json\/wp\/v2\/comments?post=715"}],"version-history":[{"count":2,"href":"https:\/\/www2.uepg.br\/ppgel\/wp-json\/wp\/v2\/pages\/715\/revisions"}],"predecessor-version":[{"id":1891,"href":"https:\/\/www2.uepg.br\/ppgel\/wp-json\/wp\/v2\/pages\/715\/revisions\/1891"}],"wp:attachment":[{"href":"https:\/\/www2.uepg.br\/ppgel\/wp-json\/wp\/v2\/media?parent=715"}],"curies":[{"name":"wp","href":"https:\/\/api.w.org\/{rel}","templated":true}]}}

Áreas de Especialización

<p style="text-align: center"><strong>LENGUAJE, IDENTIDAD Y SUBJETIVIDAD</strong></p>
<p>El área de concentración del Programa “Lenguaje, Identidad y Subjetividad” se define por concebir el lenguaje como un locus productivo de estudios y de investigación, especialmente con respecto a la enseñanza de los diversos vértices del lenguaje, en sus dimensiones comunicativa, reflexiva y artística, e a las políticas culturales, lingüísticas y educativas. Su objetivo es estudiar el lenguaje en uso en las variadas prácticas sociales y culturales, en las cuales operan marcas ideológicas, culturales, éticas y artísticas. Las perspectivas teórico-metodológicas que sostienen dicha propuesta comprenden el lenguaje por el sesgo de la interacción social considerándose las dimensiones expresivas de la sociedad, cultura, ética y estética.</p>
<p>En este sentido, los estudios de esta área de concentración deben contribuir, por un lado para investigar la subjetividad presente en el uso del lenguaje en sus manifestaciones en los múltiples contextos sociales, culturales y literarios, y por otro para determinar como los individuos revelan y negocian sus participaciones en su pertenencia a determinados grupos sociales por ejercicio del lenguaje, en sus dimensiones política, cultural, ética y estética, al entendimiento de que los discursos producidos por los grupos se articulan por intereses de expresión que pasan por distintos registros e intencionalidades, motivados por diferentes contextos sociales y culturales. Entendemos que, por ese sesgo, los estudios de lenguaje abarcan el abordaje de los contextos expresivos del lenguaje en uso comunicativo, bien como en su potencia de expresión artística, lo que se configura como discurso literario.</p>

<p>LENGUAJE, IDENTIDAD Y SUBJETIVIDAD El área de concentración del Programa “Lenguaje, Identidad y Subjetividad” se define por concebir el lenguaje como un locus productivo de estudios y de investigación, especialmente con respecto a la enseñanza de los diversos vértices del lenguaje, en sus dimensiones comunicativa, reflexiva y artística, e a las políticas culturales, lingüísticas y&nbsp;&hellip;</p>
