{"id":813,"date":"2020-06-17T13:45:58","date_gmt":"2020-06-17T16:45:58","guid":{"rendered":"http:\/\/www2.uepg.br\/ppgel\/?page_id=813"},"modified":"2021-04-19T18:30:52","modified_gmt":"2021-04-19T21:30:52","slug":"revues","status":"publish","type":"page","link":"https:\/\/www2.uepg.br\/ppgel\/fr\/revues\/","title":{"rendered":"Revues"},"content":{"rendered":"<h4 style=\"text-align: center\"><strong>LE MAGAZINE: &#8220;MUITAS VOZES&#8220; (PLUSIEURS VOIX)<\/strong><\/h4>\n<p>Le magazine: &#8220;Muitas Vozes&#8220; (Plusieurs Voix) est un espace de r\u00e9flexion concernant les questions linguistiques dans ses multiples manifestations et a contribu\u00e9 \u00e0 l&#8217;\u00e9change de connaissances entre chercheurs externes et le programme de troisi\u00e8me cycle en \u00e9tudes des langages. Ce magazine est publi\u00e9 tous les douze mois, depuis sa cr\u00e9ation en 2012, et les \u00e9diteurs travaillent \u00e0 consolider les exigences basiques en mati\u00e8re de qualit\u00e9, la diffusion, la p\u00e9riodicit\u00e9, la standardisation et la diffusion, qui ont garanti le classement dans l&#8217;extrait Qualis B2 lors de la derni\u00e8re \u00e9valuation des journaux que est r\u00e9alis\u00e9e par le Capes (coordination pour l&#8217;am\u00e9lioration du personnel de l&#8217;enseignement sup\u00e9rieur). <a href=\"http:\/\/www.revistas2.uepg.br\/index.php\/muitasvozes\/index\">http:\/\/www.revistas2.uepg.br\/index.php\/muitasvozes\/index<\/a><\/p>\n<h4 style=\"text-align: center\"><strong>\u00a0<\/strong><strong>LE MAGAZINE: UNILETRAS<\/strong><\/h4>\n<p>Le magazine: Uniletras a \u00e9t\u00e9 cr\u00e9\u00e9e par le D\u00e9partement des Langues en 1979 avec le objectif de fournir des opportunit\u00e9s de d\u00e9veloppement et d&#8217;\u00e9largissement du domaine d&#8217;activit\u00e9 et de promouvoir une plus grande int\u00e9gration de la communaut\u00e9 dans la vie universitaire. Au cours de toutes ces ann\u00e9es de publication de mani\u00e8re ininterrompue, le magazine: Uniletras a \u00e9volu\u00e9 dans des directions inimaginables et est devenue un espace l\u00e9gitime de discussion et de r\u00e9flexion sur des sujets pertinents dans le domaine des langues et des sujets connexes. Actuellement le magazine a un comit\u00e9 de r\u00e9daction de diff\u00e9rents \u00e9tablissements d&#8217;enseignement sup\u00e9rieur au Br\u00e9sil et \u00e0 l&#8217;\u00e9tranger. Tous les travaux d&#8217;innovation, de r\u00e9novation, de qualit\u00e9, de p\u00e9riodicit\u00e9, de distribution qui sont promus durant cette p\u00e9riode ont abouti \u00e0 la reconnaissance et \u00e0 la qualification par d&#8217;importants organismes d&#8217;indexation, tant nationaux qu&#8217;internationaux. Actuellement, Uniletras est un journal r\u00e9f\u00e9renc\u00e9 et qualifi\u00e9 par le Projet d\u00e9nomm\u00e9: Qualis, et a obtenu le classement B2, en version imprim\u00e9e et en ligne.<br \/>\n<a href=\"http:\/\/www.revistas2.uepg.br\/index.php\/uniletras\/index\">http:\/\/www.revistas2.uepg.br\/index.php\/uniletras\/index<\/a><\/p>\n","protected":false},"excerpt":{"rendered":"<p>LE MAGAZINE: &#8220;MUITAS VOZES&#8220; (PLUSIEURS VOIX) Le magazine: &#8220;Muitas Vozes&#8220; (Plusieurs Voix) est un espace de r\u00e9flexion concernant les questions linguistiques dans ses multiples manifestations et a contribu\u00e9 \u00e0 l&#8217;\u00e9change de connaissances entre chercheurs externes et le programme de troisi\u00e8me cycle en \u00e9tudes des langages. Ce magazine est publi\u00e9 tous les douze mois, depuis sa&nbsp;&hellip;<\/p>\n","protected":false},"author":24,"featured_media":0,"parent":0,"menu_order":0,"comment_status":"closed","ping_status":"closed","template":"page-templates\/page-with-right-sidebar.php","meta":[],"_links":{"self":[{"href":"https:\/\/www2.uepg.br\/ppgel\/wp-json\/wp\/v2\/pages\/813"}],"collection":[{"href":"https:\/\/www2.uepg.br\/ppgel\/wp-json\/wp\/v2\/pages"}],"about":[{"href":"https:\/\/www2.uepg.br\/ppgel\/wp-json\/wp\/v2\/types\/page"}],"author":[{"embeddable":true,"href":"https:\/\/www2.uepg.br\/ppgel\/wp-json\/wp\/v2\/users\/24"}],"replies":[{"embeddable":true,"href":"https:\/\/www2.uepg.br\/ppgel\/wp-json\/wp\/v2\/comments?post=813"}],"version-history":[{"count":3,"href":"https:\/\/www2.uepg.br\/ppgel\/wp-json\/wp\/v2\/pages\/813\/revisions"}],"predecessor-version":[{"id":1897,"href":"https:\/\/www2.uepg.br\/ppgel\/wp-json\/wp\/v2\/pages\/813\/revisions\/1897"}],"wp:attachment":[{"href":"https:\/\/www2.uepg.br\/ppgel\/wp-json\/wp\/v2\/media?parent=813"}],"curies":[{"name":"wp","href":"https:\/\/api.w.org\/{rel}","templated":true}]}}

<h4 style="text-align: center"><strong>LE MAGAZINE: &#8220;MUITAS VOZES&#8220; (PLUSIEURS VOIX)</strong></h4>
<p>Le magazine: &#8220;Muitas Vozes&#8220; (Plusieurs Voix) est un espace de réflexion concernant les questions linguistiques dans ses multiples manifestations et a contribué à l&#8217;échange de connaissances entre chercheurs externes et le programme de troisième cycle en études des langages. Ce magazine est publié tous les douze mois, depuis sa création en 2012, et les éditeurs travaillent à consolider les exigences basiques en matière de qualité, la diffusion, la périodicité, la standardisation et la diffusion, qui ont garanti le classement dans l&#8217;extrait Qualis B2 lors de la dernière évaluation des journaux que est réalisée par le Capes (coordination pour l&#8217;amélioration du personnel de l&#8217;enseignement supérieur). <a href="http://www.revistas2.uepg.br/index.php/muitasvozes/index">http://www.revistas2.uepg.br/index.php/muitasvozes/index</a></p>
<h4 style="text-align: center"><strong> </strong><strong>LE MAGAZINE: UNILETRAS</strong></h4>
<p>Le magazine: Uniletras a été créée par le Département des Langues en 1979 avec le objectif de fournir des opportunités de développement et d&#8217;élargissement du domaine d&#8217;activité et de promouvoir une plus grande intégration de la communauté dans la vie universitaire. Au cours de toutes ces années de publication de manière ininterrompue, le magazine: Uniletras a évolué dans des directions inimaginables et est devenue un espace légitime de discussion et de réflexion sur des sujets pertinents dans le domaine des langues et des sujets connexes. Actuellement le magazine a un comité de rédaction de différents établissements d&#8217;enseignement supérieur au Brésil et à l&#8217;étranger. Tous les travaux d&#8217;innovation, de rénovation, de qualité, de périodicité, de distribution qui sont promus durant cette période ont abouti à la reconnaissance et à la qualification par d&#8217;importants organismes d&#8217;indexation, tant nationaux qu&#8217;internationaux. Actuellement, Uniletras est un journal référencé et qualifié par le Projet dénommé: Qualis, et a obtenu le classement B2, en version imprimée et en ligne.<br />
<a href="http://www.revistas2.uepg.br/index.php/uniletras/index">http://www.revistas2.uepg.br/index.php/uniletras/index</a></p>

<p>LE MAGAZINE: &#8220;MUITAS VOZES&#8220; (PLUSIEURS VOIX) Le magazine: &#8220;Muitas Vozes&#8220; (Plusieurs Voix) est un espace de réflexion concernant les questions linguistiques dans ses multiples manifestations et a contribué à l&#8217;échange de connaissances entre chercheurs externes et le programme de troisième cycle en études des langages. Ce magazine est publié tous les douze mois, depuis sa&nbsp;&hellip;</p>
