{"id":131,"date":"2020-10-29T10:31:47","date_gmt":"2020-10-29T13:31:47","guid":{"rendered":"http:\/\/www2.uepg.br\/ppgfisica\/?page_id=131"},"modified":"2024-10-05T15:16:51","modified_gmt":"2024-10-05T18:16:51","slug":"discentes-do-doutorado","status":"publish","type":"page","link":"https:\/\/www2.uepg.br\/ppgfisica\/discentes-do-doutorado\/","title":{"rendered":"Discentes do Doutorado"},"content":{"rendered":"<h5 style=\"text-align: center\"><strong>Alunos regulares do programa<\/strong><\/h5>\n<p style=\"text-align: center\">\u00a0<span class=\"fontstyle0\">Jonathan Alexandre Moraz Almeida Rocha<\/span><br \/>\nOrientador: Prof. Dr. Antonio S\u00e9rgio Magalh\u00e3es de Castro<br \/>\nAno in\u00edcio: 08\/2023<\/p>\n<p style=\"text-align: center\">Dair Gabriel Ditzel<br \/>\nOrientador: Prof. Dr. Francisco Carlos Serbena<br \/>\nAno in\u00edcio: 1\/2020<\/p>\n<p style=\"text-align: center\">Jaqueline Valeski Gunha<br \/>\nOrientador: Profa. Dra. Andressa Novatski<br \/>\nAno in\u00edcio: 1\/2020<\/p>\n<p style=\"text-align: center\">Matheus Rolim Sales<br \/>\nOrientador: Prof. Dr. Jos\u00e9 Danilo Szezech Junior<br \/>\nAno in\u00edcio: 1\/2020<\/p>\n<p style=\"text-align: center\">Margarete Aparecida dos Santos<br \/>\nOrientador: Prof. Dr. Jos\u00e9 Danilo Szezech Junior<br \/>\nAno in\u00edcio: 2\/2019<\/p>\n<p style=\"text-align: center\">M\u00e1rio Augusto Camargo<br \/>\nOrientador: Prof. Dr. Luiz Fernando Pires<br \/>\nAno in\u00edcio: 2\/2019<\/p>\n<p style=\"text-align: center\">Victor Akio Yanaguisawa<br \/>\nOrientador: Prof. Dr. Andr\u00e9 Maur\u00edcio Brinatti<br \/>\nAno in\u00edcio: 2\/2019<\/p>\n<p style=\"text-align: center\">Rafael Fillus Chuproski<br \/>\nOrientador: Prof. Dr. Gelson Biscaia de Souza<br \/>\nAno in\u00edcio: 1\/2019<\/p>\n<p style=\"text-align: center\">Wellington Luis de Almeida<br \/>\nOrientador: Prof. Dr. Andr\u00e9 Maur\u00edcio Brinatti<br \/>\nAno in\u00edcio: 2\/2018<\/p>\n<p style=\"text-align: center\">Rosiane Antunes dos Santos<br \/>\nOrientador: Profa. Dra. Andressa Novatski<br \/>\nAno in\u00edcio: 2\/2018<\/p>\n<p style=\"text-align: center\">Danilo Cius<br \/>\nOrientador: Prof. Dr. Fabiano Manoel de Andrade<br \/>\nAno in\u00edcio: 1\/2018<\/p>\n<p style=\"text-align: center\">Karen Cristiane Ribeiro<br \/>\nOrientador: Prof. Dr. Sergio Leonardo Gomez<br \/>\nAno in\u00edcio: 1\/2018<\/p>\n<p style=\"text-align: center\">Lohane Tech<br \/>\nOrientador: Prof. Dr. Luiz Fernando Pires<br \/>\nAno in\u00edcio: 1\/2018<\/p>\n<p style=\"text-align: center\">Mariza Veiga Senk<br \/>\nOrientador: Prof. Dr. Francisco Carlos Serbena<br \/>\nAno in\u00edcio: 1\/2018<\/p>\n<p style=\"text-align: center\">Bergerson Van Hallen Vieira da Silva<br \/>\nOrientador: Prof. Dr. Marcelo Em\u00edlio<br \/>\nAno in\u00edcio: 1\/2017<\/p>\n<p style=\"text-align: center\">Gustavo Mehanna Uhdre<br \/>\nOrientador: Prof. Dr. Fabiano Manoel de Andrade<br \/>\nAno in\u00edcio: 1\/2017<\/p>\n<p style=\"text-align: center\">Vinicius Salem<br \/>\nOrientador: Prof. Dr. Fabiano Manoel de Andrade<br \/>\nAno in\u00edcio: 1\/2017<\/p>\n<p style=\"text-align: center\">Jocenei Antonio Teodoro de Oliveira<br \/>\nOrientador: Prof. Dr. Luiz Fernando Pires<br \/>\nAno in\u00edcio: 2016<\/p>\n<p style=\"text-align: center\">Anderson Gon\u00e7alves<br \/>\nOrientador: Profa. Dra. Andressa Novatski<br \/>\nAno in\u00edcio: 2016<\/p>\n<p style=\"text-align: center\">Crislaine da Cruz<br \/>\nOrientador: Prof. Dr. Francisco Carlos Serbena<br \/>\nAno in\u00edcio: 2016<\/p>\n<p style=\"text-align: center\">Willian Rafael de Oliveira<br \/>\nOrientador: Prof. Dr. Gelson Biscaia de Souza<br \/>\nAno in\u00edcio: 2016<\/p>\n<p style=\"text-align: center\">Iolanda Justus Dechandt<br \/>\nOrientador: Prof. Dr. Francisco Carlos Serbena<br \/>\nAno in\u00edcio: 2015<\/p>\n<p>&nbsp;<\/p>\n","protected":false},"excerpt":{"rendered":"<p>Alunos regulares do programa \u00a0Jonathan Alexandre Moraz Almeida Rocha Orientador: Prof. Dr. Antonio S\u00e9rgio Magalh\u00e3es de Castro Ano in\u00edcio: 08\/2023 Dair Gabriel Ditzel Orientador: Prof. Dr. Francisco Carlos Serbena Ano in\u00edcio: 1\/2020 Jaqueline Valeski Gunha Orientador: Profa. Dra. Andressa Novatski Ano in\u00edcio: 1\/2020 Matheus Rolim Sales Orientador: Prof. Dr. Jos\u00e9 Danilo Szezech Junior Ano in\u00edcio:&nbsp;&hellip;<\/p>\n","protected":false},"author":24,"featured_media":0,"parent":0,"menu_order":0,"comment_status":"closed","ping_status":"closed","template":"","meta":[],"_links":{"self":[{"href":"https:\/\/www2.uepg.br\/ppgfisica\/wp-json\/wp\/v2\/pages\/131"}],"collection":[{"href":"https:\/\/www2.uepg.br\/ppgfisica\/wp-json\/wp\/v2\/pages"}],"about":[{"href":"https:\/\/www2.uepg.br\/ppgfisica\/wp-json\/wp\/v2\/types\/page"}],"author":[{"embeddable":true,"href":"https:\/\/www2.uepg.br\/ppgfisica\/wp-json\/wp\/v2\/users\/24"}],"replies":[{"embeddable":true,"href":"https:\/\/www2.uepg.br\/ppgfisica\/wp-json\/wp\/v2\/comments?post=131"}],"version-history":[{"count":6,"href":"https:\/\/www2.uepg.br\/ppgfisica\/wp-json\/wp\/v2\/pages\/131\/revisions"}],"predecessor-version":[{"id":975,"href":"https:\/\/www2.uepg.br\/ppgfisica\/wp-json\/wp\/v2\/pages\/131\/revisions\/975"}],"wp:attachment":[{"href":"https:\/\/www2.uepg.br\/ppgfisica\/wp-json\/wp\/v2\/media?parent=131"}],"curies":[{"name":"wp","href":"https:\/\/api.w.org\/{rel}","templated":true}]}}