{"id":780,"date":"2024-02-06T08:58:32","date_gmt":"2024-02-06T11:58:32","guid":{"rendered":"https:\/\/www2.uepg.br\/ppgfisica\/?page_id=780"},"modified":"2025-02-05T09:44:07","modified_gmt":"2025-02-05T12:44:07","slug":"calendario","status":"publish","type":"page","link":"https:\/\/www2.uepg.br\/ppgfisica\/calendario\/","title":{"rendered":"Calend\u00e1rio"},"content":{"rendered":"<h1 style=\"text-align: center\"><a href=\"https:\/\/drive.google.com\/file\/d\/1EY08dJe3PzZMwYnr5qb4n3BMp6IzmtJg\/view?usp=sharing\">Calend\u00e1rio PPG-CIE 2025<\/a><\/h1>\n<h1 style=\"text-align: center\"><a href=\"https:\/\/drive.google.com\/file\/d\/1A3OlmsuMUwiYmFqg97qBjEfnM1vTAeif\/view\">Calend\u00e1rio PPG-CIE 2024<\/a><\/h1>\n<h1 style=\"text-align: center\"><a href=\"https:\/\/drive.google.com\/file\/d\/1ixlA_D9wlC1qEAb-u6ZRAdoPGK96FdO0\/view\">Calend\u00e1rio PPG-CIE 2023<\/a><\/h1>\n","protected":false},"excerpt":{"rendered":"<p>Calend\u00e1rio PPG-CIE 2025 Calend\u00e1rio PPG-CIE 2024 Calend\u00e1rio PPG-CIE 2023<\/p>\n","protected":false},"author":661,"featured_media":0,"parent":0,"menu_order":0,"comment_status":"closed","ping_status":"closed","template":"","meta":[],"_links":{"self":[{"href":"https:\/\/www2.uepg.br\/ppgfisica\/wp-json\/wp\/v2\/pages\/780"}],"collection":[{"href":"https:\/\/www2.uepg.br\/ppgfisica\/wp-json\/wp\/v2\/pages"}],"about":[{"href":"https:\/\/www2.uepg.br\/ppgfisica\/wp-json\/wp\/v2\/types\/page"}],"author":[{"embeddable":true,"href":"https:\/\/www2.uepg.br\/ppgfisica\/wp-json\/wp\/v2\/users\/661"}],"replies":[{"embeddable":true,"href":"https:\/\/www2.uepg.br\/ppgfisica\/wp-json\/wp\/v2\/comments?post=780"}],"version-history":[{"count":10,"href":"https:\/\/www2.uepg.br\/ppgfisica\/wp-json\/wp\/v2\/pages\/780\/revisions"}],"predecessor-version":[{"id":1045,"href":"https:\/\/www2.uepg.br\/ppgfisica\/wp-json\/wp\/v2\/pages\/780\/revisions\/1045"}],"wp:attachment":[{"href":"https:\/\/www2.uepg.br\/ppgfisica\/wp-json\/wp\/v2\/media?parent=780"}],"curies":[{"name":"wp","href":"https:\/\/api.w.org\/{rel}","templated":true}]}}