{"id":125,"date":"2020-12-10T10:12:56","date_gmt":"2020-12-10T13:12:56","guid":{"rendered":"http:\/\/www2.uepg.br\/ppgeo\/?page_id=125"},"modified":"2025-12-15T16:30:29","modified_gmt":"2025-12-15T19:30:29","slug":"mestrado","status":"publish","type":"page","link":"https:\/\/www2.uepg.br\/ppgg\/mestrado\/","title":{"rendered":"Mestrado"},"content":{"rendered":"<div id=\"pl-125\"  class=\"panel-layout\"><div id=\"pg-125-0\"  class=\"panel-grid panel-no-style\"><div id=\"pgc-125-0-0\"  class=\"panel-grid-cell\"><div id=\"panel-125-0-0-0\" class=\"so-panel widget widget_sow-accordion panel-first-child panel-last-child\" data-index=\"0\"><div id=\"docentes\" class=\"panel-widget-style panel-widget-style-for-125-0-0-0\"><div\n\t\t\t\n\t\t\tclass=\"so-widget-sow-accordion so-widget-sow-accordion-default-7f158b849c7f-125\"><h3 class=\"widget-title\">Docentes<\/h3><div>\n\t<div class=\"sow-accordion\">\n\t\t\t<div class=\"sow-accordion-panel\"\n\t\t\t data-anchor=\"alides-baptista-chimin-junior\">\n\t\t\t\t<div class=\"sow-accordion-panel-header-container\" role=\"heading\" aria-level=\"2\">\n\t\t\t\t\t<div class=\"sow-accordion-panel-header\" tabindex=\"0\" role=\"button\" id=\"accordion-label-alides-baptista-chimin-junior\" aria-controls=\"accordion-content-alides-baptista-chimin-junior\" aria-expanded=\"false\">\n\t\t\t\t\t\t<div class=\"sow-accordion-title sow-accordion-title-icon-left\">\n\t\t\t\t\t\t\t\t\t\t\t\t\t\tAlides Baptista Chimin Junior\t\t\t\t\t\t\t\t\t\t\t\t\t<\/div>\n\t\t\t\t\t\t<div class=\"sow-accordion-open-close-button\">\n\t\t\t\t\t\t\t<div class=\"sow-accordion-open-button\">\n\t\t\t\t\t\t\t\t<span class=\"sow-icon-ionicons\" data-sow-icon=\"&#xf218;\"\n\t\t \n\t\taria-hidden=\"true\"><\/span>\t\t\t\t\t\t\t<\/div>\n\t\t\t\t\t\t\t<div class=\"sow-accordion-close-button\">\n\t\t\t\t\t\t\t\t<span class=\"sow-icon-ionicons\" data-sow-icon=\"&#xf209;\"\n\t\t \n\t\taria-hidden=\"true\"><\/span>\t\t\t\t\t\t\t<\/div>\n\t\t\t\t\t\t<\/div>\n\t\t\t\t\t<\/div>\n\t\t\t\t<\/div>\n\n\t\t\t<div\n\t\t\t\tclass=\"sow-accordion-panel-content\"\n\t\t\t\trole=\"region\"\n\t\t\t\taria-labelledby=\"accordion-label-alides-baptista-chimin-junior\"\n\t\t\t\tid=\"accordion-content-alides-baptista-chimin-junior\"\n\t\t\t\tstyle=\"display: none;\">\n\t\t\t\t<div class=\"sow-accordion-panel-border\" tabindex=\"0\">\n\t\t\t\t\t<p><a href=\"http:\/\/lattes.cnpq.br\/6531153303479183\" target=\"_blank\" rel=\"noopener\">Alides Baptista Chimin Junior<\/a><\/p>\n<p>\u00c1reas de Interesse:<\/p>\n<ul>\n<li>Geografia e G\u00eanero<\/li>\n<li>Geografia e Pol\u00edticas P\u00fablicas<\/li>\n<li>Instrumenta\u00e7\u00e3o Geogr\u00e1fica voltada para o Planejamento P\u00fablico<\/li>\n<li>Linha de Pesquisa: An\u00e1lises Socioecon\u00f4micas e Din\u00e2micas Regionais e Urbanas<\/li>\n<li>E-mail: alides.territoriolivre@gmail.com<\/li>\n<\/ul>\n\t\t\t\t<\/div>\n\t\t\t<\/div>\n\t\t<\/div>\n\t\t\t<div class=\"sow-accordion-panel\"\n\t\t\t data-anchor=\"almir-nabozny\">\n\t\t\t\t<div class=\"sow-accordion-panel-header-container\" role=\"heading\" aria-level=\"2\">\n\t\t\t\t\t<div class=\"sow-accordion-panel-header\" tabindex=\"0\" role=\"button\" id=\"accordion-label-almir-nabozny\" aria-controls=\"accordion-content-almir-nabozny\" aria-expanded=\"false\">\n\t\t\t\t\t\t<div class=\"sow-accordion-title sow-accordion-title-icon-left\">\n\t\t\t\t\t\t\t\t\t\t\t\t\t\tAlmir Nabozny\t\t\t\t\t\t\t\t\t\t\t\t\t<\/div>\n\t\t\t\t\t\t<div class=\"sow-accordion-open-close-button\">\n\t\t\t\t\t\t\t<div class=\"sow-accordion-open-button\">\n\t\t\t\t\t\t\t\t<span class=\"sow-icon-ionicons\" data-sow-icon=\"&#xf218;\"\n\t\t \n\t\taria-hidden=\"true\"><\/span>\t\t\t\t\t\t\t<\/div>\n\t\t\t\t\t\t\t<div class=\"sow-accordion-close-button\">\n\t\t\t\t\t\t\t\t<span class=\"sow-icon-ionicons\" data-sow-icon=\"&#xf209;\"\n\t\t \n\t\taria-hidden=\"true\"><\/span>\t\t\t\t\t\t\t<\/div>\n\t\t\t\t\t\t<\/div>\n\t\t\t\t\t<\/div>\n\t\t\t\t<\/div>\n\n\t\t\t<div\n\t\t\t\tclass=\"sow-accordion-panel-content\"\n\t\t\t\trole=\"region\"\n\t\t\t\taria-labelledby=\"accordion-label-almir-nabozny\"\n\t\t\t\tid=\"accordion-content-almir-nabozny\"\n\t\t\t\tstyle=\"display: none;\">\n\t\t\t\t<div class=\"sow-accordion-panel-border\" tabindex=\"0\">\n\t\t\t\t\t<div class=\"informacoes\">\n<p class=\"nome_professor\"><a title=\"Almir Nabozny\" href=\"http:\/\/lattes.cnpq.br\/3128969547056177\" target=\"_blank\" rel=\"noopener\">Almir Nabozny<\/a><\/p>\n<p>\u00c1rea de interesse:<\/p>\n<ul>\n<li>Geografia Social,<\/li>\n<li>Geografia Cultural<\/li>\n<li>Hist\u00f3ria da Geografia e do Pensamento Geogr\u00e1fico<\/li>\n<li>Epistemologia da Geografia<\/li>\n<li>Educa\u00e7\u00e3o Geogr\u00e1fica<\/li>\n<li>Linha de Pesquisa: An\u00e1lises Socioecon\u00f4micas e Din\u00e2micas Regionais e Urbanas<\/li>\n<li>Email: almirnabozny@yahoo.com.br<\/li>\n<\/ul>\n<\/div>\n\t\t\t\t<\/div>\n\t\t\t<\/div>\n\t\t<\/div>\n\t\t\t<div class=\"sow-accordion-panel\"\n\t\t\t data-anchor=\"antonio-liccardo\">\n\t\t\t\t<div class=\"sow-accordion-panel-header-container\" role=\"heading\" aria-level=\"2\">\n\t\t\t\t\t<div class=\"sow-accordion-panel-header\" tabindex=\"0\" role=\"button\" id=\"accordion-label-antonio-liccardo\" aria-controls=\"accordion-content-antonio-liccardo\" aria-expanded=\"false\">\n\t\t\t\t\t\t<div class=\"sow-accordion-title sow-accordion-title-icon-left\">\n\t\t\t\t\t\t\t\t\t\t\t\t\t\tAntonio Liccardo\t\t\t\t\t\t\t\t\t\t\t\t\t<\/div>\n\t\t\t\t\t\t<div class=\"sow-accordion-open-close-button\">\n\t\t\t\t\t\t\t<div class=\"sow-accordion-open-button\">\n\t\t\t\t\t\t\t\t<span class=\"sow-icon-ionicons\" data-sow-icon=\"&#xf218;\"\n\t\t \n\t\taria-hidden=\"true\"><\/span>\t\t\t\t\t\t\t<\/div>\n\t\t\t\t\t\t\t<div class=\"sow-accordion-close-button\">\n\t\t\t\t\t\t\t\t<span class=\"sow-icon-ionicons\" data-sow-icon=\"&#xf209;\"\n\t\t \n\t\taria-hidden=\"true\"><\/span>\t\t\t\t\t\t\t<\/div>\n\t\t\t\t\t\t<\/div>\n\t\t\t\t\t<\/div>\n\t\t\t\t<\/div>\n\n\t\t\t<div\n\t\t\t\tclass=\"sow-accordion-panel-content\"\n\t\t\t\trole=\"region\"\n\t\t\t\taria-labelledby=\"accordion-label-antonio-liccardo\"\n\t\t\t\tid=\"accordion-content-antonio-liccardo\"\n\t\t\t\tstyle=\"display: none;\">\n\t\t\t\t<div class=\"sow-accordion-panel-border\" tabindex=\"0\">\n\t\t\t\t\t<div class=\"informacoes\">\n<p class=\"nome_professor\"><a title=\"Antonio Liccardo\" href=\"http:\/\/lattes.cnpq.br\/6558382628378667\" target=\"_blank\" rel=\"noopener\"> Antonio Liccardo <\/a><\/p>\n<p>\u00c1rea de interesse:<\/p>\n<ul>\n<li>Geodiversidade<\/li>\n<li>Geopatrim\u00f4nio<\/li>\n<li>Geoconserva\u00e7\u00e3o<\/li>\n<li>Patrim\u00f4nio de Minera\u00e7\u00e3o<\/li>\n<li>Educa\u00e7\u00e3o N\u00e3o Formal em Geoci\u00eancias<\/li>\n<li>Geoturismo<\/li>\n<li>Educa\u00e7\u00e3o Geogr\u00e1fica<\/li>\n<li>Linha de Pesquisa: Din\u00e2micas Naturais e An\u00e1lise Socioambiental<\/li>\n<li>Email: aliccardo@uepg.br<\/li>\n<\/ul>\n<\/div>\n\t\t\t\t<\/div>\n\t\t\t<\/div>\n\t\t<\/div>\n\t\t\t<div class=\"sow-accordion-panel\"\n\t\t\t data-anchor=\"celbo-antonio-da-fonseca-rosas\">\n\t\t\t\t<div class=\"sow-accordion-panel-header-container\" role=\"heading\" aria-level=\"2\">\n\t\t\t\t\t<div class=\"sow-accordion-panel-header\" tabindex=\"0\" role=\"button\" id=\"accordion-label-celbo-antonio-da-fonseca-rosas\" aria-controls=\"accordion-content-celbo-antonio-da-fonseca-rosas\" aria-expanded=\"false\">\n\t\t\t\t\t\t<div class=\"sow-accordion-title sow-accordion-title-icon-left\">\n\t\t\t\t\t\t\t\t\t\t\t\t\t\tCelbo Antonio da Fonseca Rosas\t\t\t\t\t\t\t\t\t\t\t\t\t<\/div>\n\t\t\t\t\t\t<div class=\"sow-accordion-open-close-button\">\n\t\t\t\t\t\t\t<div class=\"sow-accordion-open-button\">\n\t\t\t\t\t\t\t\t<span class=\"sow-icon-ionicons\" data-sow-icon=\"&#xf218;\"\n\t\t \n\t\taria-hidden=\"true\"><\/span>\t\t\t\t\t\t\t<\/div>\n\t\t\t\t\t\t\t<div class=\"sow-accordion-close-button\">\n\t\t\t\t\t\t\t\t<span class=\"sow-icon-ionicons\" data-sow-icon=\"&#xf209;\"\n\t\t \n\t\taria-hidden=\"true\"><\/span>\t\t\t\t\t\t\t<\/div>\n\t\t\t\t\t\t<\/div>\n\t\t\t\t\t<\/div>\n\t\t\t\t<\/div>\n\n\t\t\t<div\n\t\t\t\tclass=\"sow-accordion-panel-content\"\n\t\t\t\trole=\"region\"\n\t\t\t\taria-labelledby=\"accordion-label-celbo-antonio-da-fonseca-rosas\"\n\t\t\t\tid=\"accordion-content-celbo-antonio-da-fonseca-rosas\"\n\t\t\t\tstyle=\"display: none;\">\n\t\t\t\t<div class=\"sow-accordion-panel-border\" tabindex=\"0\">\n\t\t\t\t\t<div class=\"informacoes\">\n<p class=\"nome_professor\"><a title=\"Celbo Antonio Ramos da Fonseca Rosas\" href=\"http:\/\/lattes.cnpq.br\/5658398125679314\" target=\"_blank\" rel=\"noopener\">Celbo Antonio da Fonseca Rosas<\/a><\/p>\n<p>\u00c1rea de interesse:<\/p>\n<ul>\n<li>Movimentos Socioterritoriais<\/li>\n<li>Din\u00e2micas rurais<\/li>\n<li>Geografia Agr\u00e1ria e Agroecologia<\/li>\n<li>Territ\u00f3rio e territorialidades<\/li>\n<li>Educa\u00e7\u00e3o Geogr\u00e1fica e Geografia Humana<\/li>\n<li>Linha de Pesquisa: An\u00e1lises Socioecon\u00f4micas e Din\u00e2micas Regionais e Urbanas<\/li>\n<li>E-mail: celboantonio@uepg.br<\/li>\n<\/ul>\n<\/div>\n\t\t\t\t<\/div>\n\t\t\t<\/div>\n\t\t<\/div>\n\t\t\t<div class=\"sow-accordion-panel\"\n\t\t\t data-anchor=\"edson-belo-clemente-de-souza\">\n\t\t\t\t<div class=\"sow-accordion-panel-header-container\" role=\"heading\" aria-level=\"2\">\n\t\t\t\t\t<div class=\"sow-accordion-panel-header\" tabindex=\"0\" role=\"button\" id=\"accordion-label-edson-belo-clemente-de-souza\" aria-controls=\"accordion-content-edson-belo-clemente-de-souza\" aria-expanded=\"false\">\n\t\t\t\t\t\t<div class=\"sow-accordion-title sow-accordion-title-icon-left\">\n\t\t\t\t\t\t\t\t\t\t\t\t\t\tEdson Belo Clemente de Souza\t\t\t\t\t\t\t\t\t\t\t\t\t<\/div>\n\t\t\t\t\t\t<div class=\"sow-accordion-open-close-button\">\n\t\t\t\t\t\t\t<div class=\"sow-accordion-open-button\">\n\t\t\t\t\t\t\t\t<span class=\"sow-icon-ionicons\" data-sow-icon=\"&#xf218;\"\n\t\t \n\t\taria-hidden=\"true\"><\/span>\t\t\t\t\t\t\t<\/div>\n\t\t\t\t\t\t\t<div class=\"sow-accordion-close-button\">\n\t\t\t\t\t\t\t\t<span class=\"sow-icon-ionicons\" data-sow-icon=\"&#xf209;\"\n\t\t \n\t\taria-hidden=\"true\"><\/span>\t\t\t\t\t\t\t<\/div>\n\t\t\t\t\t\t<\/div>\n\t\t\t\t\t<\/div>\n\t\t\t\t<\/div>\n\n\t\t\t<div\n\t\t\t\tclass=\"sow-accordion-panel-content\"\n\t\t\t\trole=\"region\"\n\t\t\t\taria-labelledby=\"accordion-label-edson-belo-clemente-de-souza\"\n\t\t\t\tid=\"accordion-content-edson-belo-clemente-de-souza\"\n\t\t\t\tstyle=\"display: none;\">\n\t\t\t\t<div class=\"sow-accordion-panel-border\" tabindex=\"0\">\n\t\t\t\t\t<div class=\"informacoes\">\n<p class=\"nome_professor\"><a title=\"Edson Belo Clemente de Souza\" href=\"http:\/\/lattes.cnpq.br\/2535005490225402\" target=\"_blank\" rel=\"noopener\"> Edson Belo Clemente de Souza <\/a><\/p>\n<div class=\"informacoes\">\n<p>\u00c1rea de interesse:<\/p>\n<ul>\n<li>Planejamento Urbano e Regional<\/li>\n<li>Cidades e Urbaniza\u00e7\u00e3o (Mobilidade Urbana-Redes Urbanas-Circuitos da Economia Urbana-Circuitos Espaciais de Produ\u00e7\u00e3o-Produ\u00e7\u00e3o Social do Espa\u00e7o Urbano-Direito \u00e0 Cidade)<\/li>\n<li>Din\u00e2micas socioespaciais em\u00a0<span class=\"il\">\u00e1reas<\/span>\u00a0de fronteira<\/li>\n<li>Educa\u00e7\u00e3o Geogr\u00e1fica<\/li>\n<li>E-mail: <a href=\"mailto:ebelosouza@uepg.br\" target=\"_blank\" rel=\"nofollow noopener\">ebelosouza@uepg.br<\/a><\/li>\n<\/ul>\n<\/div>\n<\/div>\n<p>&nbsp;<\/p>\n\t\t\t\t<\/div>\n\t\t\t<\/div>\n\t\t<\/div>\n\t\t\t<div class=\"sow-accordion-panel\"\n\t\t\t data-anchor=\"elvio-pinto-bosetti\">\n\t\t\t\t<div class=\"sow-accordion-panel-header-container\" role=\"heading\" aria-level=\"2\">\n\t\t\t\t\t<div class=\"sow-accordion-panel-header\" tabindex=\"0\" role=\"button\" id=\"accordion-label-elvio-pinto-bosetti\" aria-controls=\"accordion-content-elvio-pinto-bosetti\" aria-expanded=\"false\">\n\t\t\t\t\t\t<div class=\"sow-accordion-title sow-accordion-title-icon-left\">\n\t\t\t\t\t\t\t\t\t\t\t\t\t\tElvio Pinto Bosetti\t\t\t\t\t\t\t\t\t\t\t\t\t<\/div>\n\t\t\t\t\t\t<div class=\"sow-accordion-open-close-button\">\n\t\t\t\t\t\t\t<div class=\"sow-accordion-open-button\">\n\t\t\t\t\t\t\t\t<span class=\"sow-icon-ionicons\" data-sow-icon=\"&#xf218;\"\n\t\t \n\t\taria-hidden=\"true\"><\/span>\t\t\t\t\t\t\t<\/div>\n\t\t\t\t\t\t\t<div class=\"sow-accordion-close-button\">\n\t\t\t\t\t\t\t\t<span class=\"sow-icon-ionicons\" data-sow-icon=\"&#xf209;\"\n\t\t \n\t\taria-hidden=\"true\"><\/span>\t\t\t\t\t\t\t<\/div>\n\t\t\t\t\t\t<\/div>\n\t\t\t\t\t<\/div>\n\t\t\t\t<\/div>\n\n\t\t\t<div\n\t\t\t\tclass=\"sow-accordion-panel-content\"\n\t\t\t\trole=\"region\"\n\t\t\t\taria-labelledby=\"accordion-label-elvio-pinto-bosetti\"\n\t\t\t\tid=\"accordion-content-elvio-pinto-bosetti\"\n\t\t\t\tstyle=\"display: none;\">\n\t\t\t\t<div class=\"sow-accordion-panel-border\" tabindex=\"0\">\n\t\t\t\t\t<div class=\"informacoes\">\n<p class=\"nome_professor\"><a title=\"Elvio Pinto Bosetti\" href=\"http:\/\/buscatextual.cnpq.br\/buscatextual\/visualizacv.do?id=K4787271J0\" target=\"_blank\" rel=\"noopener\"> Elvio Pinto Bosetti <\/a><\/p>\n<p>\u00c1rea de interesse:<\/p>\n<ul>\n<li>Paleogeografia<\/li>\n<li>Paleoambiente<\/li>\n<li>Paleoecologia<\/li>\n<li>Linha de Pesquisa: Din\u00e2micas Naturais e An\u00e1lise Socioambiental<\/li>\n<li>Email: elviobosetti@gmail.com<\/li>\n<\/ul>\n<\/div>\n\t\t\t\t<\/div>\n\t\t\t<\/div>\n\t\t<\/div>\n\t\t\t<div class=\"sow-accordion-panel\"\n\t\t\t data-anchor=\"gilson-burigo-guimar%c3%a3es\">\n\t\t\t\t<div class=\"sow-accordion-panel-header-container\" role=\"heading\" aria-level=\"2\">\n\t\t\t\t\t<div class=\"sow-accordion-panel-header\" tabindex=\"0\" role=\"button\" id=\"accordion-label-gilson-burigo-guimar%c3%a3es\" aria-controls=\"accordion-content-gilson-burigo-guimar%c3%a3es\" aria-expanded=\"false\">\n\t\t\t\t\t\t<div class=\"sow-accordion-title sow-accordion-title-icon-left\">\n\t\t\t\t\t\t\t\t\t\t\t\t\t\tGilson Burigo Guimar\u00e3es\t\t\t\t\t\t\t\t\t\t\t\t\t<\/div>\n\t\t\t\t\t\t<div class=\"sow-accordion-open-close-button\">\n\t\t\t\t\t\t\t<div class=\"sow-accordion-open-button\">\n\t\t\t\t\t\t\t\t<span class=\"sow-icon-ionicons\" data-sow-icon=\"&#xf218;\"\n\t\t \n\t\taria-hidden=\"true\"><\/span>\t\t\t\t\t\t\t<\/div>\n\t\t\t\t\t\t\t<div class=\"sow-accordion-close-button\">\n\t\t\t\t\t\t\t\t<span class=\"sow-icon-ionicons\" data-sow-icon=\"&#xf209;\"\n\t\t \n\t\taria-hidden=\"true\"><\/span>\t\t\t\t\t\t\t<\/div>\n\t\t\t\t\t\t<\/div>\n\t\t\t\t\t<\/div>\n\t\t\t\t<\/div>\n\n\t\t\t<div\n\t\t\t\tclass=\"sow-accordion-panel-content\"\n\t\t\t\trole=\"region\"\n\t\t\t\taria-labelledby=\"accordion-label-gilson-burigo-guimar%c3%a3es\"\n\t\t\t\tid=\"accordion-content-gilson-burigo-guimar%c3%a3es\"\n\t\t\t\tstyle=\"display: none;\">\n\t\t\t\t<div class=\"sow-accordion-panel-border\" tabindex=\"0\">\n\t\t\t\t\t<div class=\"informacoes\">\n<p class=\"nome_professor\"><a title=\"Gilson Burigo Guimar\u00e3es\" href=\"http:\/\/lattes.cnpq.br\/7935834829053000\" target=\"_blank\" rel=\"noopener\"> Gilson Burigo Guimar\u00e3es <\/a><\/p>\n<p>\u00c1rea de interesse:<\/p>\n<ul>\n<li>Espeleologia<\/li>\n<li>Geologia Regional<\/li>\n<li>Geoconserva\u00e7\u00e3o<\/li>\n<li>Linha de Pesquisa: Din\u00e2micas Naturais e An\u00e1lise Socioambiental<\/li>\n<li>Email: gilsonburigo@gmail.com<\/li>\n<\/ul>\n<\/div>\n\t\t\t\t<\/div>\n\t\t\t<\/div>\n\t\t<\/div>\n\t\t\t<div class=\"sow-accordion-panel\"\n\t\t\t data-anchor=\"isonel-sandino-meneguzzo\">\n\t\t\t\t<div class=\"sow-accordion-panel-header-container\" role=\"heading\" aria-level=\"2\">\n\t\t\t\t\t<div class=\"sow-accordion-panel-header\" tabindex=\"0\" role=\"button\" id=\"accordion-label-isonel-sandino-meneguzzo\" aria-controls=\"accordion-content-isonel-sandino-meneguzzo\" aria-expanded=\"false\">\n\t\t\t\t\t\t<div class=\"sow-accordion-title sow-accordion-title-icon-left\">\n\t\t\t\t\t\t\t\t\t\t\t\t\t\tIsonel Sandino Meneguzzo\t\t\t\t\t\t\t\t\t\t\t\t\t<\/div>\n\t\t\t\t\t\t<div class=\"sow-accordion-open-close-button\">\n\t\t\t\t\t\t\t<div class=\"sow-accordion-open-button\">\n\t\t\t\t\t\t\t\t<span class=\"sow-icon-ionicons\" data-sow-icon=\"&#xf218;\"\n\t\t \n\t\taria-hidden=\"true\"><\/span>\t\t\t\t\t\t\t<\/div>\n\t\t\t\t\t\t\t<div class=\"sow-accordion-close-button\">\n\t\t\t\t\t\t\t\t<span class=\"sow-icon-ionicons\" data-sow-icon=\"&#xf209;\"\n\t\t \n\t\taria-hidden=\"true\"><\/span>\t\t\t\t\t\t\t<\/div>\n\t\t\t\t\t\t<\/div>\n\t\t\t\t\t<\/div>\n\t\t\t\t<\/div>\n\n\t\t\t<div\n\t\t\t\tclass=\"sow-accordion-panel-content\"\n\t\t\t\trole=\"region\"\n\t\t\t\taria-labelledby=\"accordion-label-isonel-sandino-meneguzzo\"\n\t\t\t\tid=\"accordion-content-isonel-sandino-meneguzzo\"\n\t\t\t\tstyle=\"display: none;\">\n\t\t\t\t<div class=\"sow-accordion-panel-border\" tabindex=\"0\">\n\t\t\t\t\t<div class=\"professores\">\n<div class=\"fotos\"><\/div>\n<div class=\"informacoes\">\n<p class=\"nome_professor\"><a title=\"Isonel Sandino Meneguzzo\" href=\"http:\/\/lattes.cnpq.br\/4143463837463431\" target=\"_blank\" rel=\"noopener\"> Isonel Sandino Meneguzzo <\/a><\/p>\n<p>\u00c1rea de interesse:<\/p>\n<ul>\n<li>Movimentos de massa e processos erosivos<\/li>\n<li>Caracteriza\u00e7\u00e3o geot\u00e9cnica de solos em taludes<\/li>\n<li>Linha de Pesquisa: Din\u00e2micas Naturais e An\u00e1lise Socioambiental<\/li>\n<li>Email: meneguzzo@uepg.br<\/li>\n<\/ul>\n<p>&nbsp;<\/p>\n<\/div>\n<\/div>\n\t\t\t\t<\/div>\n\t\t\t<\/div>\n\t\t<\/div>\n\t\t\t<div class=\"sow-accordion-panel\"\n\t\t\t data-anchor=\"jasmine-cardozo-moreira\">\n\t\t\t\t<div class=\"sow-accordion-panel-header-container\" role=\"heading\" aria-level=\"2\">\n\t\t\t\t\t<div class=\"sow-accordion-panel-header\" tabindex=\"0\" role=\"button\" id=\"accordion-label-jasmine-cardozo-moreira\" aria-controls=\"accordion-content-jasmine-cardozo-moreira\" aria-expanded=\"false\">\n\t\t\t\t\t\t<div class=\"sow-accordion-title sow-accordion-title-icon-left\">\n\t\t\t\t\t\t\t\t\t\t\t\t\t\tJasmine Cardozo Moreira\t\t\t\t\t\t\t\t\t\t\t\t\t<\/div>\n\t\t\t\t\t\t<div class=\"sow-accordion-open-close-button\">\n\t\t\t\t\t\t\t<div class=\"sow-accordion-open-button\">\n\t\t\t\t\t\t\t\t<span class=\"sow-icon-ionicons\" data-sow-icon=\"&#xf218;\"\n\t\t \n\t\taria-hidden=\"true\"><\/span>\t\t\t\t\t\t\t<\/div>\n\t\t\t\t\t\t\t<div class=\"sow-accordion-close-button\">\n\t\t\t\t\t\t\t\t<span class=\"sow-icon-ionicons\" data-sow-icon=\"&#xf209;\"\n\t\t \n\t\taria-hidden=\"true\"><\/span>\t\t\t\t\t\t\t<\/div>\n\t\t\t\t\t\t<\/div>\n\t\t\t\t\t<\/div>\n\t\t\t\t<\/div>\n\n\t\t\t<div\n\t\t\t\tclass=\"sow-accordion-panel-content\"\n\t\t\t\trole=\"region\"\n\t\t\t\taria-labelledby=\"accordion-label-jasmine-cardozo-moreira\"\n\t\t\t\tid=\"accordion-content-jasmine-cardozo-moreira\"\n\t\t\t\tstyle=\"display: none;\">\n\t\t\t\t<div class=\"sow-accordion-panel-border\" tabindex=\"0\">\n\t\t\t\t\t<div class=\"informacoes\">\n<p class=\"nome_professor\"><a title=\"Jasmine Cardozo Moreira\" href=\"http:\/\/buscatextual.cnpq.br\/buscatextual\/visualizacv.do?id=K4776014E5\" target=\"_blank\" rel=\"noopener\"> Jasmine Cardozo Moreira <\/a><\/p>\n<p>\u00c1rea de interesse:<\/p>\n<ul>\n<li>Uso p\u00fablico em Unidades de Conserva\u00e7\u00e3o<\/li>\n<li>Turismo em \u00c1reas Naturais<\/li>\n<li>Interpreta\u00e7\u00e3o Ambiental<\/li>\n<li>Educa\u00e7\u00e3o Geogr\u00e1fica<\/li>\n<li>Linha de Pesquisa: Din\u00e2micas Naturais e An\u00e1lise Socioambiental<\/li>\n<li>Email: jasmine@uepg.br<\/li>\n<\/ul>\n<\/div>\n\t\t\t\t<\/div>\n\t\t\t<\/div>\n\t\t<\/div>\n\t\t\t<div class=\"sow-accordion-panel\"\n\t\t\t data-anchor=\"joseli-maria-silva\">\n\t\t\t\t<div class=\"sow-accordion-panel-header-container\" role=\"heading\" aria-level=\"2\">\n\t\t\t\t\t<div class=\"sow-accordion-panel-header\" tabindex=\"0\" role=\"button\" id=\"accordion-label-joseli-maria-silva\" aria-controls=\"accordion-content-joseli-maria-silva\" aria-expanded=\"false\">\n\t\t\t\t\t\t<div class=\"sow-accordion-title sow-accordion-title-icon-left\">\n\t\t\t\t\t\t\t\t\t\t\t\t\t\tJoseli Maria Silva\t\t\t\t\t\t\t\t\t\t\t\t\t<\/div>\n\t\t\t\t\t\t<div class=\"sow-accordion-open-close-button\">\n\t\t\t\t\t\t\t<div class=\"sow-accordion-open-button\">\n\t\t\t\t\t\t\t\t<span class=\"sow-icon-ionicons\" data-sow-icon=\"&#xf218;\"\n\t\t \n\t\taria-hidden=\"true\"><\/span>\t\t\t\t\t\t\t<\/div>\n\t\t\t\t\t\t\t<div class=\"sow-accordion-close-button\">\n\t\t\t\t\t\t\t\t<span class=\"sow-icon-ionicons\" data-sow-icon=\"&#xf209;\"\n\t\t \n\t\taria-hidden=\"true\"><\/span>\t\t\t\t\t\t\t<\/div>\n\t\t\t\t\t\t<\/div>\n\t\t\t\t\t<\/div>\n\t\t\t\t<\/div>\n\n\t\t\t<div\n\t\t\t\tclass=\"sow-accordion-panel-content\"\n\t\t\t\trole=\"region\"\n\t\t\t\taria-labelledby=\"accordion-label-joseli-maria-silva\"\n\t\t\t\tid=\"accordion-content-joseli-maria-silva\"\n\t\t\t\tstyle=\"display: none;\">\n\t\t\t\t<div class=\"sow-accordion-panel-border\" tabindex=\"0\">\n\t\t\t\t\t<div class=\"informacoes\">\n<p class=\"nome_professor\"><a title=\"Joseli Maria Silva\" href=\"http:\/\/buscatextual.cnpq.br\/buscatextual\/visualizacv.do?id=K4708694T6\" target=\"_blank\" rel=\"noopener\"> Joseli Maria Silva <\/a><\/p>\n<p>\u00c1rea de interesse:<\/p>\n<ul>\n<li>G\u00eanero,<\/li>\n<li>Sexualidades<\/li>\n<li>Racialidades,<\/li>\n<li>Corporalidades<\/li>\n<li>Hist\u00f3ria do pensamento geogr\u00e1fico<\/li>\n<li>Educa\u00e7\u00e3o geogr\u00e1fica<\/li>\n<li>Linha de Pesquisa: An\u00e1lises Socioecon\u00f4micas e Din\u00e2micas Regionais e Urbanas<\/li>\n<li>Email: joseli.genero@gmail.com\n<div class=\"gmail_default\"><\/div>\n<\/li>\n<\/ul>\n<\/div>\n\t\t\t\t<\/div>\n\t\t\t<\/div>\n\t\t<\/div>\n\t\t\t<div class=\"sow-accordion-panel\"\n\t\t\t data-anchor=\"j%c3%balio-manoel-fran%c3%a7a-da-silva\">\n\t\t\t\t<div class=\"sow-accordion-panel-header-container\" role=\"heading\" aria-level=\"2\">\n\t\t\t\t\t<div class=\"sow-accordion-panel-header\" tabindex=\"0\" role=\"button\" id=\"accordion-label-j%c3%balio-manoel-fran%c3%a7a-da-silva\" aria-controls=\"accordion-content-j%c3%balio-manoel-fran%c3%a7a-da-silva\" aria-expanded=\"false\">\n\t\t\t\t\t\t<div class=\"sow-accordion-title sow-accordion-title-icon-left\">\n\t\t\t\t\t\t\t\t\t\t\t\t\t\tJ\u00falio Manoel Fran\u00e7a da Silva\t\t\t\t\t\t\t\t\t\t\t\t\t<\/div>\n\t\t\t\t\t\t<div class=\"sow-accordion-open-close-button\">\n\t\t\t\t\t\t\t<div class=\"sow-accordion-open-button\">\n\t\t\t\t\t\t\t\t<span class=\"sow-icon-ionicons\" data-sow-icon=\"&#xf218;\"\n\t\t \n\t\taria-hidden=\"true\"><\/span>\t\t\t\t\t\t\t<\/div>\n\t\t\t\t\t\t\t<div class=\"sow-accordion-close-button\">\n\t\t\t\t\t\t\t\t<span class=\"sow-icon-ionicons\" data-sow-icon=\"&#xf209;\"\n\t\t \n\t\taria-hidden=\"true\"><\/span>\t\t\t\t\t\t\t<\/div>\n\t\t\t\t\t\t<\/div>\n\t\t\t\t\t<\/div>\n\t\t\t\t<\/div>\n\n\t\t\t<div\n\t\t\t\tclass=\"sow-accordion-panel-content\"\n\t\t\t\trole=\"region\"\n\t\t\t\taria-labelledby=\"accordion-label-j%c3%balio-manoel-fran%c3%a7a-da-silva\"\n\t\t\t\tid=\"accordion-content-j%c3%balio-manoel-fran%c3%a7a-da-silva\"\n\t\t\t\tstyle=\"display: none;\">\n\t\t\t\t<div class=\"sow-accordion-panel-border\" tabindex=\"0\">\n\t\t\t\t\t<p><a href=\"http:\/\/lattes.cnpq.br\/5242007553597888\" target=\"_blank\" rel=\"noopener\">J\u00fali<del>o Manoel Fran\u00e7a da Silva<\/del><\/a><\/p>\n<p>\u00c1reas de Interesse:<\/p>\n<ul>\n<li>\u00a0Geodiversidade<\/li>\n<li>Geoconserva\u00e7\u00e3o;<\/li>\n<li>Mapeamento Geomorfol\u00f3gico;<\/li>\n<li>Geomorfometria<\/li>\n<li>Educa\u00e7\u00e3o Geogr\u00e1fica<\/li>\n<li>Linha de Pesquisa: Din\u00e2micas Naturais e An\u00e1lise Socioambiental<\/li>\n<li>E-mail: jmsilva@unicentro.br<\/li>\n<\/ul>\n<p>&nbsp;<\/p>\n<p><\/p><\/div><\/div><\/div><\/div><\/div><\/div><\/div><\/div><\/div><\/div><\/div><p> <a href=\"https:\/\/www2.uepg.br\/ppgg\/mestrado\/#more-125\" class=\"more-link\">Leia mais<\/a><\/p>","protected":false},"excerpt":{"rendered":"<p>Docentes Alides Baptista Chimin Junior Alides Baptista Chimin Junior \u00c1reas de Interesse: Geografia e G\u00eanero Geografia e Pol\u00edticas P\u00fablicas Instrumenta\u00e7\u00e3o Geogr\u00e1fica voltada para o Planejamento P\u00fablico Linha de Pesquisa: An\u00e1lises Socioecon\u00f4micas e Din\u00e2micas Regionais e Urbanas E-mail: alides.territoriolivre@gmail.com Almir Nabozny Almir Nabozny \u00c1rea de interesse: Geografia Social, Geografia Cultural Hist\u00f3ria da Geografia e do Pensamento&nbsp;&hellip;<\/p>\n","protected":false},"author":24,"featured_media":0,"parent":0,"menu_order":0,"comment_status":"closed","ping_status":"closed","template":"","meta":[],"_links":{"self":[{"href":"https:\/\/www2.uepg.br\/ppgg\/wp-json\/wp\/v2\/pages\/125"}],"collection":[{"href":"https:\/\/www2.uepg.br\/ppgg\/wp-json\/wp\/v2\/pages"}],"about":[{"href":"https:\/\/www2.uepg.br\/ppgg\/wp-json\/wp\/v2\/types\/page"}],"author":[{"embeddable":true,"href":"https:\/\/www2.uepg.br\/ppgg\/wp-json\/wp\/v2\/users\/24"}],"replies":[{"embeddable":true,"href":"https:\/\/www2.uepg.br\/ppgg\/wp-json\/wp\/v2\/comments?post=125"}],"version-history":[{"count":149,"href":"https:\/\/www2.uepg.br\/ppgg\/wp-json\/wp\/v2\/pages\/125\/revisions"}],"predecessor-version":[{"id":2384,"href":"https:\/\/www2.uepg.br\/ppgg\/wp-json\/wp\/v2\/pages\/125\/revisions\/2384"}],"wp:attachment":[{"href":"https:\/\/www2.uepg.br\/ppgg\/wp-json\/wp\/v2\/media?parent=125"}],"curies":[{"name":"wp","href":"https:\/\/api.w.org\/{rel}","templated":true}]}}