{"id":204,"date":"2020-12-11T10:32:20","date_gmt":"2020-12-11T13:32:20","guid":{"rendered":"http:\/\/www2.uepg.br\/ppgg\/?page_id=204"},"modified":"2025-09-03T15:07:29","modified_gmt":"2025-09-03T18:07:29","slug":"formularios-e-modelos","status":"publish","type":"page","link":"https:\/\/www2.uepg.br\/ppgg\/formularios-e-modelos\/","title":{"rendered":"Formul\u00e1rios e Modelos"},"content":{"rendered":"<p><a href=\"http:\/\/www2.uepg.br\/ppgg\/wp-content\/uploads\/sites\/161\/2025\/06\/SEI_UEPG-2621836-Orientacoes-Gerais.pdf\">PROCEDIMENTO PARA ENTREGA DA DISSERTA\u00c7\u00c3O\/TESE<span style=\"color: #ff0000\"> (NOVO)<\/span><\/a><\/p>\n<p><a href=\"http:\/\/www2.uepg.br\/ppgg\/wp-content\/uploads\/sites\/161\/2025\/06\/Manual-5-ed-digital.pdf\">ANEXO I &#8211; MANUAL DE NORMALIZA\u00c7\u00c3O<\/a><\/p>\n<p><a href=\"https:\/\/tede2.uepg.br\/jspui\/\">ANEXO II &#8211; TERMO DE AUTORIZA\u00c7\u00c3O PARA PUBLICA\u00c7\u00c3O ELETR\u00d4NICA NA BDTD DA UEPG<\/a><\/p>\n<p><a href=\"http:\/\/www2.uepg.br\/ppgg\/wp-content\/uploads\/sites\/161\/2025\/06\/SEI_UEPG-1676907-Ordem-de-Servico-n-1.2023-estabelece-prazo-para-emissao-de-certificados-e-diplomas-de-pos-graduacao-3.pdf\">ORDEM DE SERVI\u00c7O N\u00ba 1\/2023<\/a><\/p>\n<p><a href=\"http:\/\/www2.uepg.br\/ppgg\/wp-content\/uploads\/sites\/161\/2025\/09\/Regime_Domiciliar__2_.pdf\">RESOLU\u00c7\u00c3O CEPE No 043, DE 21 DE AGOSTO DE 2018. Aprova Novo Regulamento do Regime de Exerc\u00edcios Domiciliares para os discentes dos Cursos e Programas de P\u00f3s-Gradua\u00e7\u00e3o, da UEPG.<\/a><\/p>\n<p>14\/03\/2024\u00a0 \u00a011:46 &#8211; <a href=\"http:\/\/www2.uepg.br\/ppgg\/wp-content\/uploads\/sites\/161\/2024\/03\/Qualificacao-Doutorado.doc\">Modelo de Requerimento para Solicita\u00e7\u00e3o de Banca &#8211; Qualifica\u00e7\u00e3o Doutorado<\/a><\/p>\n<p>14\/03\/2024\u00a0 \u00a011:46 &#8211; <a href=\"http:\/\/www2.uepg.br\/ppgg\/wp-content\/uploads\/sites\/161\/2024\/03\/Qualificacao-Mestrado.doc\">Modelo de Requerimento para Solicita\u00e7\u00e3o de Banca &#8211; Qualifica\u00e7\u00e3o Mestrado<\/a><\/p>\n<p>14\/03\/2024\u00a0 \u00a011:46 &#8211;\u00a0 <a href=\"http:\/\/www2.uepg.br\/ppgg\/wp-content\/uploads\/sites\/161\/2024\/03\/Defesa-Doutorado.doc\">Modelo de Requerimento para Solicita\u00e7\u00e3o de Banca &#8211; Defesa Doutorado<\/a><\/p>\n<p>14\/03\/2024 11:46 &#8211; <a href=\"http:\/\/www2.uepg.br\/ppgg\/wp-content\/uploads\/sites\/161\/2024\/03\/Defesa-Mestrado.doc\">Modelo de Requerimento para Solicita\u00e7\u00e3o de Banca &#8211; Defesa Mestrado<\/a><\/p>\n<p>28\/05\/2019 09:57 &#8211; <a href=\"http:\/\/www2.uepg.br\/ppgg\/wp-content\/uploads\/sites\/161\/2020\/12\/201fb4d4e4cf476648565e9994dd3600.doc\">OF\u00cdCIO APROVA\u00c7\u00c3O E ENTREGA DA VERS\u00c3O FINAL DISSERTA\u00c7\u00c3O\/TESE<\/a><\/p>\n<p>19\/06\/2017 14:12 &#8211; <a href=\"http:\/\/www2.uepg.br\/ppgg\/wp-content\/uploads\/sites\/161\/2020\/12\/55e97ea88aa5efd381418e848249ffbd.pdf\">Requisi\u00e7\u00e3o &#8211; Aux\u00edlio Financeiro<\/a><\/p>\n<p>16\/03\/2015 09:26 &#8211; <a href=\"http:\/\/www2.uepg.br\/ppgg\/wp-content\/uploads\/sites\/161\/2020\/12\/430a8e6727f01fa4cd30e31d582549fb.doc\">Modelo de Requerimento Matr\u00edcula Aluno Especial &#8211; Disciplina Isolada<\/a><\/p>\n<p>16\/06\/2014 16:13 &#8211; <a href=\"http:\/\/www2.uepg.br\/ppgg\/wp-content\/uploads\/sites\/161\/2020\/12\/221deebc6ad5be3eb7cfa20fff2bf6b4.doc\">Carta de especifica\u00e7\u00e3o de idioma oficial<\/a><\/p>\n<p>06\/06\/2014 11:46 &#8211; <a href=\"http:\/\/www2.uepg.br\/ppgg\/wp-content\/uploads\/sites\/161\/2020\/12\/860432b774b7e235150bcc09a247a497.doc\">Modelo Anteprojeto &#8211; Aluno Estrangeiro<\/a><\/p>\n<p>14\/04\/2014 15:02 &#8211; <a href=\"http:\/\/www2.uepg.br\/ppgg\/wp-content\/uploads\/sites\/161\/2020\/12\/19b634055305b192edd14b4624b8abd1.doc\">Modelo de Programa de Disciplina<\/a><\/p>\n<p>14\/04\/2014 15:02 &#8211; <a href=\"http:\/\/www2.uepg.br\/ppgg\/wp-content\/uploads\/sites\/161\/2020\/12\/531db41fe4853a806a3c57eb6b521e5f.doc\">Modelo de Relat\u00f3rio de Atividades de Bolsistas<\/a><\/p>\n<p>14\/04\/2014 15:01 &#8211; <a href=\"http:\/\/www2.uepg.br\/ppgg\/wp-content\/uploads\/sites\/161\/2020\/12\/5b20a3b5951c2443a76f6dd6b2534405.doc\">Modelo de Relat\u00f3rio de Qualifica\u00e7\u00e3o<\/a><\/p>\n<p>14\/04\/2014 14:58 &#8211; <a href=\"http:\/\/www2.uepg.br\/ppgg\/wp-content\/uploads\/sites\/161\/2020\/12\/6cb00559badc71e06236ce2f727f8eb6.doc\">Of\u00edcio de pedido de prorroga\u00e7\u00e3o de prazo para Banca de Defesa &#8211; Mestrado<\/a><\/p>\n<p>&nbsp;<\/p>\n<p>&nbsp;<\/p>\n<p>&nbsp;<\/p>\n","protected":false},"excerpt":{"rendered":"<p>PROCEDIMENTO PARA ENTREGA DA DISSERTA\u00c7\u00c3O\/TESE (NOVO) ANEXO I &#8211; MANUAL DE NORMALIZA\u00c7\u00c3O ANEXO II &#8211; TERMO DE AUTORIZA\u00c7\u00c3O PARA PUBLICA\u00c7\u00c3O ELETR\u00d4NICA NA BDTD DA UEPG ORDEM DE SERVI\u00c7O N\u00ba 1\/2023 RESOLU\u00c7\u00c3O CEPE No 043, DE 21 DE AGOSTO DE 2018. Aprova Novo Regulamento do Regime de Exerc\u00edcios Domiciliares para os discentes dos Cursos e Programas&nbsp;&hellip;<\/p>\n","protected":false},"author":24,"featured_media":0,"parent":0,"menu_order":0,"comment_status":"closed","ping_status":"closed","template":"","meta":[],"_links":{"self":[{"href":"https:\/\/www2.uepg.br\/ppgg\/wp-json\/wp\/v2\/pages\/204"}],"collection":[{"href":"https:\/\/www2.uepg.br\/ppgg\/wp-json\/wp\/v2\/pages"}],"about":[{"href":"https:\/\/www2.uepg.br\/ppgg\/wp-json\/wp\/v2\/types\/page"}],"author":[{"embeddable":true,"href":"https:\/\/www2.uepg.br\/ppgg\/wp-json\/wp\/v2\/users\/24"}],"replies":[{"embeddable":true,"href":"https:\/\/www2.uepg.br\/ppgg\/wp-json\/wp\/v2\/comments?post=204"}],"version-history":[{"count":19,"href":"https:\/\/www2.uepg.br\/ppgg\/wp-json\/wp\/v2\/pages\/204\/revisions"}],"predecessor-version":[{"id":2268,"href":"https:\/\/www2.uepg.br\/ppgg\/wp-json\/wp\/v2\/pages\/204\/revisions\/2268"}],"wp:attachment":[{"href":"https:\/\/www2.uepg.br\/ppgg\/wp-json\/wp\/v2\/media?parent=204"}],"curies":[{"name":"wp","href":"https:\/\/api.w.org\/{rel}","templated":true}]}}