{"id":1010,"date":"2023-11-09T11:12:38","date_gmt":"2023-11-09T14:12:38","guid":{"rendered":"https:\/\/www2.uepg.br\/ppgh\/?page_id=1010"},"modified":"2023-11-09T13:19:03","modified_gmt":"2023-11-09T16:19:03","slug":"edital-ppgh-uepg-18-2023","status":"publish","type":"page","link":"https:\/\/www2.uepg.br\/ppgh\/edital-ppgh-uepg-18-2023\/","title":{"rendered":"Edital PPGH UEPG 18\/2023"},"content":{"rendered":"<p><strong>EDITAL DE SELE\u00c7\u00c3O DE BOLSISTA DE P\u00d3S-DOUTORADO DO PROGRAMA DE DESENVOLVIMENTO DA P\u00d3S-GRADUA\u00c7\u00c3O (PDPG) \u2013 P\u00d3S-DOUTORADO ESTRAT\u00c9GICO &#8211; CAPES <\/strong><\/p>\n<p>&nbsp;<\/p>\n<p>A COORDENA\u00c7\u00c3O DO PROGRAMA DE P\u00d3S-GRADUA\u00c7\u00c3O EM HIST\u00d3RIA (PPGH) DA UNIVERSIDADE ESTADUAL DE PONTA GROSSA (UEPG), no uso de suas atribui\u00e7\u00f5es, torna p\u00fablico o processo de sele\u00e7\u00e3o de candidatos\/as para concess\u00e3o de uma bolsa de P\u00f3s-Doutorado vinculada ao Programa de Desenvolvimento da P\u00f3s-Gradua\u00e7\u00e3o (PDPG) \u2013 P\u00f3s-Doutorado Estrat\u00e9gico da Coordena\u00e7\u00e3o de Aperfei\u00e7oamento de Pessoal de N\u00edvel Superior (CAPES), no \u00e2mbito do Edital n. 16\/2022-CAPES.<\/p>\n<p>&nbsp;<\/p>\n<ol>\n<li><strong> DAS INSCRI\u00c7\u00d5ES: <\/strong><\/li>\n<\/ol>\n<p>1.1. As inscri\u00e7\u00f5es dever\u00e3o ser enviadas de 10 a 27\u00a0 de novembro\u00a0 de 2023, impreterivelmente, para o e-mail ppgh@uepg.br, com os seguintes documentos em anexo, com arquivos em formato .pdf:<\/p>\n<p style=\"padding-left: 40px\">a) Formul\u00e1rio preenchido de cadastro do\/a candidato\/a (ANEXO A);<\/p>\n<p style=\"padding-left: 40px\">b) C\u00f3pia do diploma de Doutorado ou documento comprobat\u00f3rio oficial da institui\u00e7\u00e3o atestando a condi\u00e7\u00e3o de doutor;<\/p>\n<p style=\"padding-left: 40px\">c) Plano de Estudo (ANEXO B) descrevendo as atividades a serem desenvolvidas durante o per\u00edodo da bolsa, em di\u00e1logo com o projeto do PPGH UEPG\/ Museu Campos Gerais (MCG) para o programa em tela (ANEXO D).<\/p>\n<p style=\"padding-left: 40px\">d) C\u00f3pia na vers\u00e3o completa do curr\u00edculo Lattes atualizado, ou an\u00e1logo em caso de candidato estrangeiro.<\/p>\n<p style=\"padding-left: 40px\">e) C\u00f3pia de RG e CPF, ou Carteira Nacional de Habilita\u00e7\u00e3o. Se estrangeiro, c\u00f3pia de Passaporte ou documento equivalente.<\/p>\n<p>&nbsp;<\/p>\n<p>1.2. O resultado do deferimento das inscri\u00e7\u00f5es ser\u00e1 divulgado na p\u00e1gina do PPGH\/UEPG conforme cronograma no item 6.<\/p>\n<p>&nbsp;<\/p>\n<p><strong>2- DOS OBJETIVOS <\/strong><\/p>\n<p>2.1. A concess\u00e3o da bolsa de P\u00f3s-Doutorado pelo PPGH UEPG visa apoiar pesquisadores para desenvolvimento de atividades de pesquisa, p\u00f3s-gradua\u00e7\u00e3o, extens\u00e3o e gest\u00e3o cient\u00edfica vinculadas ao Programa, utilizando a cota de bolsas de p\u00f3s-doutorado concedidas ao Programa no PDPG da CAPES, com os seguintes objetivos:<\/p>\n<p>&nbsp;<\/p>\n<p style=\"padding-left: 40px\">a) Aperfei\u00e7oar a atua\u00e7\u00e3o no ensino e na pesquisa de jovens doutores\/as;<\/p>\n<p style=\"padding-left: 40px\">b) Ampliar a produ\u00e7\u00e3o do conhecimento em \u00e1reas estrat\u00e9gicas do PPGH UEPG;<\/p>\n<p style=\"padding-left: 40px\">c) Refor\u00e7ar os grupos e linhas de pesquisa do PPGH UEPG por meio de interc\u00e2mbios nacionais e internacionais para fortalecer redes de pesquisa.<\/p>\n<p>&nbsp;<\/p>\n<ol start=\"3\">\n<li><strong> P\u00daBLICO-ALVO <\/strong><\/li>\n<\/ol>\n<p>3.1. Graduados em Hist\u00f3ria ou \u00e1reas afins com doutorado em Hist\u00f3ria ou nas demais \u00e1reas das Ci\u00eancias Humanas e Sociais.<\/p>\n<p>&nbsp;<\/p>\n<ol start=\"4\">\n<li><strong> DOS REQUISITOS E ATRIBUI\u00c7\u00d5ES DOS\/AS CANDIDATOS\/AS: <\/strong><\/li>\n<\/ol>\n<p>4.1 Do\/a candidato\/a a bolsista exige-se:<\/p>\n<p>&nbsp;<\/p>\n<p style=\"padding-left: 40px\">a) O t\u00edtulo de Doutor\/a, quando do in\u00edcio da bolsa, obtido em cursos avaliados pela CAPES e reconhecidos pelo Conselho Nacional de Educa\u00e7\u00e3o do Minist\u00e9rio da Educa\u00e7\u00e3o &#8211; CNE\/MEC;<\/p>\n<p style=\"padding-left: 40px\">b) Em caso de diploma obtido em institui\u00e7\u00e3o estrangeira, este dever\u00e1 ser analisado e aceito pelo PPGH UEPG, nos termos do Anexo 3 do Regulamento da Portaria 086\/2013-CAPES;<\/p>\n<p style=\"padding-left: 40px\">c) Disponibilizar curr\u00edculo atualizado na Plataforma Lattes do CNPq ou, se estrangeiro\/a, curr\u00edculo com hist\u00f3rico de registro de publica\u00e7\u00e3o de trabalhos cient\u00edficos e\/ou pr\u00eamios de m\u00e9rito acad\u00eamico;<\/p>\n<p style=\"padding-left: 40px\">d) N\u00e3o ser aposentado\/a ou estar em situa\u00e7\u00e3o equiparada;<\/p>\n<p style=\"padding-left: 40px\">e) Apresentar, no ato da inscri\u00e7\u00e3o, toda a documenta\u00e7\u00e3o listada no item 1 deste Edital.<\/p>\n<p>&nbsp;<\/p>\n<p>4.2 Do\/a bolsista exige-se, al\u00e9m do cumprimento de seu plano de estudos:<\/p>\n<p>&nbsp;<\/p>\n<p style=\"padding-left: 40px\">a) Elaborar Relat\u00f3rio de Atividades Anual a ser submetido \u00e0 aprova\u00e7\u00e3o do Colegiado do PPGH UEPG e encaminhar Relat\u00f3rio Final em at\u00e9 60 (sessenta) dias ap\u00f3s o encerramento da respectiva bolsa;<\/p>\n<p style=\"padding-left: 40px\">b) Dedicar-se \u00e0s atividades do projeto de pesquisa e as outras atividades acad\u00eamicas definidas pela Coordena\u00e7\u00e3o do PPGH UEPG em conson\u00e2ncia com as demandas acad\u00eamicas do Departamento de Hist\u00f3ria da UEPG;<\/p>\n<p style=\"padding-left: 40px\">c) Produzir, at\u00e9 o final da bolsa, no m\u00ednimo, dois artigos ligados \u00e0 tem\u00e1tica do projeto de pesquisa, em peri\u00f3dicos Qualis A ou B na \u00e1rea de Hist\u00f3ria ou afins;<\/p>\n<p style=\"padding-left: 40px\">d) Restituir \u00e0 CAPES os recursos recebidos irregularmente, quando apurada a n\u00e3o observ\u00e2ncia das normas do PDPG, salvo se motivada por caso fortuito, for\u00e7a maior, circunst\u00e2ncia alheia a sua vontade ou doen\u00e7a grave devidamente comprovada e fundamentada. A avalia\u00e7\u00e3o dessas situa\u00e7\u00f5es fica condicionada \u00e0 an\u00e1lise e delibera\u00e7\u00e3o pela Diretoria Executiva da CAPES, em despacho fundamentado.<\/p>\n<p>&nbsp;<\/p>\n<ol start=\"5\">\n<li><strong> DA SUSPENS\u00c3O E CANCELAMENTO DA BOLSA: <\/strong><\/li>\n<\/ol>\n<p>5.1. Os crit\u00e9rios relativos \u00e0 suspens\u00e3o e ao cancelamento da bolsa, bem como os demais regramentos correspondentes, constam na Portaria 086\/2013-CAPES.<\/p>\n<p>&nbsp;<\/p>\n<p><strong>6- CRONOGRAMA <\/strong><\/p>\n<p style=\"padding-left: 40px\">a) Prazo de inscri\u00e7\u00e3o: 10 a 27 de novembro de 2023.<\/p>\n<p style=\"padding-left: 40px\">b) Divulga\u00e7\u00e3o da lista das inscri\u00e7\u00f5es homologadas: 28 de novembro de 2023.<\/p>\n<p>\u00a0 \u00a0 \u00a0 \u00a0 \u00a0 c) Prazo para recursos: 29 e 30 de novembro de 2023<\/p>\n<p style=\"padding-left: 40px\">c) An\u00e1lise dos Planos de Estudo e do Curr\u00edculo Lattes: 28 de novembro a 01 de dezembro de 2023.<\/p>\n<p style=\"padding-left: 40px\">d) Divulga\u00e7\u00e3o dos resultados: 04 de dezembro de 2023.<\/p>\n<p style=\"padding-left: 40px\">e) Prazo para recursos: 05 e 06 de dezembro de 2023.<\/p>\n<p style=\"padding-left: 40px\">f) Implementa\u00e7\u00e3o da bolsa: a partir de 09 de dezembro de 2023.<\/p>\n<p style=\"padding-left: 40px\">g) Dura\u00e7\u00e3o do projeto de estudos: dez. 2023 a dez. 2025<\/p>\n<p>&nbsp;<\/p>\n<ol start=\"7\">\n<li><strong> DAS BOLSAS <\/strong><\/li>\n<\/ol>\n<p>7.1. Ser\u00e1 disponibilizada para este Edital uma (1) bolsa de p\u00f3s-doutorado do PDPG\/CAPES<\/p>\n<p>7.2 O valor da bolsa consiste no pagamento de mensalidades de R$ 5.200,00 (cinco mil eduzentos reais) diretamente ao bolsista.<\/p>\n<p>7.3. O per\u00edodo de dura\u00e7\u00e3o da bolsa ser\u00e1 de 24 (vinte e quatro) meses, improrrog\u00e1veis.<\/p>\n<p>&nbsp;<\/p>\n<ol start=\"8\">\n<li><strong> SELE\u00c7\u00c3O DOS\/AS CANDIDATOS \/AS <\/strong><\/li>\n<\/ol>\n<p>8.1. A sele\u00e7\u00e3o ser\u00e1 realizada por uma Comiss\u00e3o Examinadora composta por tr\u00eas docentes titulares e um\/a suplente, sendo membros do colegiado do PPGH UEPG.<\/p>\n<p>&nbsp;<\/p>\n<p>8.2 Os crit\u00e9rios de avalia\u00e7\u00e3o ser\u00e3o baseados em:<\/p>\n<p style=\"padding-left: 40px\">a) Curriculum Vitae.<br \/>\nb) Plano de Estudo.<\/p>\n<p>&nbsp;<\/p>\n<ol start=\"9\">\n<li><strong> IMPLEMENTA\u00c7\u00c3O DA BOLSA <\/strong><\/li>\n<\/ol>\n<p>9.1 O candidato\/a selecionado dever\u00e1 apresentar, em at\u00e9 tr\u00eas (3) dias \u00fateis a partir da data de divulga\u00e7\u00e3o do resultado, os seguintes documentos:<\/p>\n<p style=\"padding-left: 40px\">a) Formul\u00e1rio de Cadastramento de Bolsista preenchido e assinado (ANEXO A);<\/p>\n<p style=\"padding-left: 40px\">b) Plano de trabalho do Bolsista (ANEXO B)<\/p>\n<p style=\"padding-left: 40px\">c) Termo de Compromisso do Bolsista devidamente preenchido e assinado (ANEXO C).<\/p>\n<p style=\"padding-left: 40px\">d) Formul\u00e1rio de cadastramento de bolsista, a ser fornecido pela coordena\u00e7\u00e3o do Programa<\/p>\n<p>&nbsp;<\/p>\n<ol start=\"10\">\n<li><strong> DAS DISPOSI\u00c7\u00d5ES FINAIS<\/strong><\/li>\n<\/ol>\n<p>10.1. Todas as informa\u00e7\u00f5es e atos atinentes ao processo seletivo objeto do presente edital ser\u00e3o publicados no site do PPGH UEPG \u2013 dispon\u00edvel no seguinte endere\u00e7o eletr\u00f4nico: (https:\/\/www2.uepg.br\/ppgh).<\/p>\n<p>10.2. Os casos omissos no presente edital ser\u00e3o resolvidos pela comiss\u00e3o deste processo seletivo, juntamente com a Coordena\u00e7\u00e3o do PPGH UEPG.<\/p>\n<p>&nbsp;<\/p>\n<p style=\"text-align: right\">Ponta Grossa, 09 de novembro de 2023.<\/p>\n<p style=\"text-align: right\">A coordena\u00e7\u00e3o.<\/p>\n<h6>ANEXOS <span style=\"color: #ff0000\">(clique com o bot\u00e3o direito e pe\u00e7a para salvar o link como&#8230;)<\/span><\/h6>\n<p>ANEXO A &#8211; <a href=\"http:\/\/www2.uepg.br\/ppgh\/wp-content\/uploads\/sites\/131\/2022\/11\/Edital-PPGH-UEPG-16-2022-selecao-PNPD-1_2022-ANEXO-A.docx\">vers\u00e3o .docx<\/a>\u00a0 \u00a0<a href=\"http:\/\/www2.uepg.br\/ppgh\/wp-content\/uploads\/sites\/131\/2022\/11\/Edital-PPGH-UEPG-16-2022-selecao-PNPD-1_2022-ANEXO-B-modelo-de-plano-de-estudo.pdf\">vers\u00e3o .pdf<\/a><\/p>\n<p>ANEXO B &#8211; <a href=\"http:\/\/www2.uepg.br\/ppgh\/wp-content\/uploads\/sites\/131\/2022\/11\/Edital-PPGH-UEPG-16-2022-selecao-PNPD-1_2022-ANEXO-B-modelo-de-plano-de-estudo.docx\">vers\u00e3o .docx<\/a> \u00a0<a href=\"http:\/\/www2.uepg.br\/ppgh\/wp-content\/uploads\/sites\/131\/2022\/11\/Edital-PPGH-UEPG-16-2022-selecao-PNPD-1_2022-ANEXO-B-modelo-de-plano-de-estudo.pdf\">vers\u00e3o .pdf<\/a><\/p>\n<p>ANEXO C &#8211; <a href=\"http:\/\/www2.uepg.br\/ppgh\/wp-content\/uploads\/sites\/131\/2022\/11\/Edital-PPGH-UEPG-16-2022-selecao-PNPD-2022-ANEXO-C.docx\">vers\u00e3o .docx\u00a0<\/a> vers\u00e3o .pdf<\/p>\n<p>ANEXO D &#8211; <a href=\"http:\/\/www2.uepg.br\/ppgh\/wp-content\/uploads\/sites\/131\/2022\/11\/ANEXO-D-projeto-CAPES-PDPG-Pos_doc.pdf\">ANEXO D projeto CAPES PDPG Pos_doc<\/a><\/p>\n","protected":false},"excerpt":{"rendered":"<p>EDITAL DE SELE\u00c7\u00c3O DE BOLSISTA DE P\u00d3S-DOUTORADO DO PROGRAMA DE DESENVOLVIMENTO DA P\u00d3S-GRADUA\u00c7\u00c3O (PDPG) \u2013 P\u00d3S-DOUTORADO ESTRAT\u00c9GICO &#8211; CAPES &nbsp; A COORDENA\u00c7\u00c3O DO PROGRAMA DE P\u00d3S-GRADUA\u00c7\u00c3O EM HIST\u00d3RIA (PPGH) DA UNIVERSIDADE ESTADUAL DE PONTA GROSSA (UEPG), no uso de suas atribui\u00e7\u00f5es, torna p\u00fablico o processo de sele\u00e7\u00e3o de candidatos\/as para concess\u00e3o de uma bolsa de&nbsp;&hellip;<\/p>\n","protected":false},"author":188,"featured_media":0,"parent":0,"menu_order":0,"comment_status":"closed","ping_status":"closed","template":"","meta":[],"_links":{"self":[{"href":"https:\/\/www2.uepg.br\/ppgh\/wp-json\/wp\/v2\/pages\/1010"}],"collection":[{"href":"https:\/\/www2.uepg.br\/ppgh\/wp-json\/wp\/v2\/pages"}],"about":[{"href":"https:\/\/www2.uepg.br\/ppgh\/wp-json\/wp\/v2\/types\/page"}],"author":[{"embeddable":true,"href":"https:\/\/www2.uepg.br\/ppgh\/wp-json\/wp\/v2\/users\/188"}],"replies":[{"embeddable":true,"href":"https:\/\/www2.uepg.br\/ppgh\/wp-json\/wp\/v2\/comments?post=1010"}],"version-history":[{"count":1,"href":"https:\/\/www2.uepg.br\/ppgh\/wp-json\/wp\/v2\/pages\/1010\/revisions"}],"predecessor-version":[{"id":1011,"href":"https:\/\/www2.uepg.br\/ppgh\/wp-json\/wp\/v2\/pages\/1010\/revisions\/1011"}],"wp:attachment":[{"href":"https:\/\/www2.uepg.br\/ppgh\/wp-json\/wp\/v2\/media?parent=1010"}],"curies":[{"name":"wp","href":"https:\/\/api.w.org\/{rel}","templated":true}]}}