{"id":1071,"date":"2024-05-13T21:41:55","date_gmt":"2024-05-14T00:41:55","guid":{"rendered":"https:\/\/www2.uepg.br\/ppgh\/?page_id=1071"},"modified":"2024-05-13T21:41:55","modified_gmt":"2024-05-14T00:41:55","slug":"edital-ppgh-04-2024","status":"publish","type":"page","link":"https:\/\/www2.uepg.br\/ppgh\/edital-ppgh-04-2024\/","title":{"rendered":"Edital PPGH 04 2024"},"content":{"rendered":"<p><img loading=\"lazy\" class=\"alignright size-full wp-image-278\" src=\"http:\/\/www2.uepg.br\/ppgh\/wp-content\/uploads\/sites\/131\/2021\/02\/imagem_2021-02-17_133847.png\" alt=\"\" width=\"257\" height=\"67\" \/><\/p>\n<p>&nbsp;<\/p>\n<p>&nbsp;<\/p>\n<p>&nbsp;<\/p>\n<hr \/>\n<p><strong>EDITAL PPGH 04\/2024<\/strong><\/p>\n<p><strong>RESULTADO DA CLASSIFICA\u00c7\u00c3O DOS INSCRITOS PARA BOLSAS DE DEMANDA SOCIAL EVENTUALMENTE CONCEDIDAS DE AT\u00c9 JULHO DE 2024<\/strong><\/p>\n<div class=\"gmail_default\">1\u00ba lugar: Ariana Bel\u00e9n Fuentes<\/div>\n<p style=\"text-align: right\">Ponta Grossa, 13 de maio de 2024<\/p>\n","protected":false},"excerpt":{"rendered":"<p>&nbsp; &nbsp; &nbsp; EDITAL PPGH 04\/2024 RESULTADO DA CLASSIFICA\u00c7\u00c3O DOS INSCRITOS PARA BOLSAS DE DEMANDA SOCIAL EVENTUALMENTE CONCEDIDAS DE AT\u00c9 JULHO DE 2024 1\u00ba lugar: Ariana Bel\u00e9n Fuentes Ponta Grossa, 13 de maio de 2024<\/p>\n","protected":false},"author":188,"featured_media":0,"parent":0,"menu_order":0,"comment_status":"closed","ping_status":"closed","template":"","meta":[],"_links":{"self":[{"href":"https:\/\/www2.uepg.br\/ppgh\/wp-json\/wp\/v2\/pages\/1071"}],"collection":[{"href":"https:\/\/www2.uepg.br\/ppgh\/wp-json\/wp\/v2\/pages"}],"about":[{"href":"https:\/\/www2.uepg.br\/ppgh\/wp-json\/wp\/v2\/types\/page"}],"author":[{"embeddable":true,"href":"https:\/\/www2.uepg.br\/ppgh\/wp-json\/wp\/v2\/users\/188"}],"replies":[{"embeddable":true,"href":"https:\/\/www2.uepg.br\/ppgh\/wp-json\/wp\/v2\/comments?post=1071"}],"version-history":[{"count":1,"href":"https:\/\/www2.uepg.br\/ppgh\/wp-json\/wp\/v2\/pages\/1071\/revisions"}],"predecessor-version":[{"id":1072,"href":"https:\/\/www2.uepg.br\/ppgh\/wp-json\/wp\/v2\/pages\/1071\/revisions\/1072"}],"wp:attachment":[{"href":"https:\/\/www2.uepg.br\/ppgh\/wp-json\/wp\/v2\/media?parent=1071"}],"curies":[{"name":"wp","href":"https:\/\/api.w.org\/{rel}","templated":true}]}}