{"id":1077,"date":"2024-05-17T16:03:45","date_gmt":"2024-05-17T19:03:45","guid":{"rendered":"https:\/\/www2.uepg.br\/ppgh\/?page_id=1077"},"modified":"2024-05-17T16:04:33","modified_gmt":"2024-05-17T19:04:33","slug":"edital-ppgh-05-2024","status":"publish","type":"page","link":"https:\/\/www2.uepg.br\/ppgh\/edital-ppgh-05-2024\/","title":{"rendered":"Edital PPGH 05 2024"},"content":{"rendered":"<p><img loading=\"lazy\" class=\"alignright size-full wp-image-278\" src=\"http:\/\/www2.uepg.br\/ppgh\/wp-content\/uploads\/sites\/131\/2021\/02\/imagem_2021-02-17_133847.png\" alt=\"\" width=\"257\" height=\"67\" \/><\/p>\n<p>&nbsp;<\/p>\n<p>&nbsp;<\/p>\n<p>&nbsp;<\/p>\n<hr \/>\n<p><strong>EDITAL PPGH UEPG 05\/2024 &#8211; <\/strong><strong>SELE\u00c7\u00c3O PARA UMA BOLSA CNPq<\/strong><\/p>\n<p><strong>\u00a0<\/strong><\/p>\n<p>O Programa de Mestrado em Hist\u00f3ria, Cultura e Identidades realizar\u00e1 sele\u00e7\u00e3o de alunos para uma bolsa CNPq dispon\u00edvel no momento.<\/p>\n<p>N\u00e3o \u00e9 obrigat\u00f3ria a dedica\u00e7\u00e3o integral. \u00c9 obrigat\u00f3rio,\u00a0al\u00e9m do acompanhamento dos cr\u00e9ditos, 20 horas\u00a0semanais de perman\u00eancia nas depend\u00eancias do PPGH UEPG, distribu\u00eddas entre atividades de laborat\u00f3rio, de campo, de est\u00e1gio de doc\u00eancia e outras, atribu\u00eddas e supervisionadas pelo orientador.<\/p>\n<p>Os candidatos \u00e0 bolsa ser\u00e3o selecionados mediante inscri\u00e7\u00e3o junto ao PPGH \u2013 atrav\u00e9s, exclusivamente, do envio por e-mail (ppgh.uepg@gmail.com) \u2013\u00a0<strong>entre 20 a 24\/05\/2024<\/strong>, enviando na mensagem de inscri\u00e7\u00e3o os documentos e informa\u00e7\u00f5es informados no item 1 do documento \u201cCrit\u00e9rios para solicita\u00e7\u00e3o e concess\u00e3o de bolsas de estudo no Programa de P\u00f3s-gradua\u00e7\u00e3o em Hist\u00f3ria da UEPG\u201d, dispon\u00edvel no <a href=\"http:\/\/www2.uepg.br\/ppgh\/wp-content\/uploads\/sites\/131\/2023\/10\/Anexo-I-criterios-para-selecao-de-bolsistas-2023.pdf\">Anexo I<\/a> do presente edital, juntamente com\u00a0documenta\u00e7\u00e3o comprobat\u00f3ria, se for o caso, de participa\u00e7\u00e3o do(a) interessado(o) ou de sua fam\u00edlia em programas sociais p\u00fablicos de distribui\u00e7\u00e3o de renda e\/ou de haver sido admitido(a) na gradua\u00e7\u00e3o como cotista social ou racial.<\/p>\n<p>Os crit\u00e9rios de sele\u00e7\u00e3o est\u00e3o dispon\u00edveis no mesmo documento cujo link segue acima.<\/p>\n<p><strong>Obrigatoriamente o e-mail de inscri\u00e7\u00e3o dever\u00e1 apresentar no campo ASSUNTO o\u00a0<\/strong><strong>se<\/strong><strong>guinte texto: INSCRI\u00c7\u00c3O BOLSA<\/strong><\/p>\n<p>&nbsp;<\/p>\n<p style=\"text-align: right\">Ponta Grossa, 17 de maio de 2023<\/p>\n<p style=\"text-align: right\">Colegiado do PPGH<\/p>\n<p><a href=\"http:\/\/www2.uepg.br\/ppgh\/wp-content\/uploads\/sites\/131\/2023\/10\/Anexo-I-criterios-para-selecao-de-bolsistas-2023.pdf\">Anexo I &#8211; criterios para selecao de bolsistas &#8211; 2024<\/a><\/p>\n","protected":false},"excerpt":{"rendered":"<p>&nbsp; &nbsp; &nbsp; EDITAL PPGH UEPG 05\/2024 &#8211; SELE\u00c7\u00c3O PARA UMA BOLSA CNPq \u00a0 O Programa de Mestrado em Hist\u00f3ria, Cultura e Identidades realizar\u00e1 sele\u00e7\u00e3o de alunos para uma bolsa CNPq dispon\u00edvel no momento. N\u00e3o \u00e9 obrigat\u00f3ria a dedica\u00e7\u00e3o integral. \u00c9 obrigat\u00f3rio,\u00a0al\u00e9m do acompanhamento dos cr\u00e9ditos, 20 horas\u00a0semanais de perman\u00eancia nas depend\u00eancias do PPGH UEPG,&nbsp;&hellip;<\/p>\n","protected":false},"author":188,"featured_media":0,"parent":0,"menu_order":0,"comment_status":"closed","ping_status":"closed","template":"","meta":[],"_links":{"self":[{"href":"https:\/\/www2.uepg.br\/ppgh\/wp-json\/wp\/v2\/pages\/1077"}],"collection":[{"href":"https:\/\/www2.uepg.br\/ppgh\/wp-json\/wp\/v2\/pages"}],"about":[{"href":"https:\/\/www2.uepg.br\/ppgh\/wp-json\/wp\/v2\/types\/page"}],"author":[{"embeddable":true,"href":"https:\/\/www2.uepg.br\/ppgh\/wp-json\/wp\/v2\/users\/188"}],"replies":[{"embeddable":true,"href":"https:\/\/www2.uepg.br\/ppgh\/wp-json\/wp\/v2\/comments?post=1077"}],"version-history":[{"count":1,"href":"https:\/\/www2.uepg.br\/ppgh\/wp-json\/wp\/v2\/pages\/1077\/revisions"}],"predecessor-version":[{"id":1078,"href":"https:\/\/www2.uepg.br\/ppgh\/wp-json\/wp\/v2\/pages\/1077\/revisions\/1078"}],"wp:attachment":[{"href":"https:\/\/www2.uepg.br\/ppgh\/wp-json\/wp\/v2\/media?parent=1077"}],"curies":[{"name":"wp","href":"https:\/\/api.w.org\/{rel}","templated":true}]}}