{"id":1093,"date":"2024-05-27T09:30:05","date_gmt":"2024-05-27T12:30:05","guid":{"rendered":"https:\/\/www2.uepg.br\/ppgh\/?page_id=1093"},"modified":"2024-05-27T09:31:03","modified_gmt":"2024-05-27T12:31:03","slug":"edital-ppgh-08-2024","status":"publish","type":"page","link":"https:\/\/www2.uepg.br\/ppgh\/edital-ppgh-08-2024\/","title":{"rendered":"EDITAL PPGH 08 2024"},"content":{"rendered":"<p><img loading=\"lazy\" class=\"alignright size-full wp-image-278\" src=\"http:\/\/www2.uepg.br\/ppgh\/wp-content\/uploads\/sites\/131\/2021\/02\/imagem_2021-02-17_133847.png\" alt=\"\" width=\"257\" height=\"67\" \/><\/p>\n<p>&nbsp;<\/p>\n<p>&nbsp;<\/p>\n<p>&nbsp;<\/p>\n<hr \/>\n<p>EDITAL PPGH-UEPG 08\/2024<\/p>\n<p>INSCRI\u00c7\u00d5ES HOMOLOGADAS PARA O PROCESSO SELETIVO 2024, DE ACORDO COM OS EDITAIS PPGH-UEPG 03\/2024 e 06\/2024.<\/p>\n<p><strong>Candidaturas homologadas:<\/strong><\/p>\n<table>\n<tbody>\n<tr>\n<td width=\"240\">Nome<\/td>\n<td width=\"163\">Situa\u00e7\u00e3o da inscri\u00e7\u00e3o<\/td>\n<td width=\"163\">Op\u00e7\u00e3o de vaga<\/td>\n<\/tr>\n<tr>\n<td width=\"240\">Alessandro Ribeiro Lima<\/td>\n<td width=\"163\">Homologada<\/td>\n<td width=\"163\">Vaga de concorr\u00eancia geral<\/td>\n<\/tr>\n<tr>\n<td width=\"240\">Amanda Taeli Rodrigues dos Santos Rodrigues<\/td>\n<td width=\"163\">Homologada<\/td>\n<td width=\"163\">Vaga de concorr\u00eancia geral<\/td>\n<\/tr>\n<tr>\n<td width=\"240\">Barbara Bombasar Faria<\/td>\n<td width=\"163\">Homologada<\/td>\n<td width=\"163\">Vaga de concorr\u00eancia geral<\/td>\n<\/tr>\n<tr>\n<td width=\"240\">Beatriz De F\u00e1tima Santos Monteiro Maria<\/td>\n<td width=\"163\">Homologada<\/td>\n<td width=\"163\">Vaga de concorr\u00eancia geral<\/td>\n<\/tr>\n<tr>\n<td width=\"240\">Claudio Dos Santos Pereira De Oliveira<\/td>\n<td width=\"163\">Homologada<\/td>\n<td width=\"163\">Vaga de concorr\u00eancia geral<\/td>\n<\/tr>\n<tr>\n<td width=\"240\">Daniele Pereira Da Silva<\/td>\n<td width=\"163\">Homologada<\/td>\n<td width=\"163\">Vaga de concorr\u00eancia geral<\/td>\n<\/tr>\n<tr>\n<td width=\"240\">Danielle Ferreira Mendes<\/td>\n<td width=\"163\">Homologada<\/td>\n<td width=\"163\">Vaga de concorr\u00eancia geral<\/td>\n<\/tr>\n<tr>\n<td width=\"240\">Erickson Adriano Nunes Alves Batista<\/td>\n<td width=\"163\">Homologada<\/td>\n<td width=\"163\">Vaga de concorr\u00eancia geral<\/td>\n<\/tr>\n<tr>\n<td width=\"240\">Felipe Lomba Ferreira<\/td>\n<td width=\"163\">Homologada<\/td>\n<td width=\"163\">Vaga de concorr\u00eancia geral<\/td>\n<\/tr>\n<tr>\n<td width=\"240\">Fernando Cezar Czelusniak Costa<\/td>\n<td width=\"163\">Homologada<\/td>\n<td width=\"163\">Vaga de concorr\u00eancia geral<\/td>\n<\/tr>\n<tr>\n<td width=\"240\">Gabriel Lacerda De Souza<\/td>\n<td width=\"163\">Homologada<\/td>\n<td width=\"163\">Vaga de concorr\u00eancia geral<\/td>\n<\/tr>\n<tr>\n<td width=\"240\">Gabriel Oluwadamilare Ladipo<\/td>\n<td width=\"163\">Homologada<\/td>\n<td width=\"163\">Vaga de concorr\u00eancia geral<\/td>\n<\/tr>\n<tr>\n<td width=\"240\">Giovana Paganini<\/td>\n<td width=\"163\">Homologada<\/td>\n<td width=\"163\">Vaga de concorr\u00eancia geral<\/td>\n<\/tr>\n<tr>\n<td width=\"240\">Jacqueline Aparecida Bueno Machado<\/td>\n<td width=\"163\">Homologada<\/td>\n<td width=\"163\">Vaga de concorr\u00eancia geral<\/td>\n<\/tr>\n<tr>\n<td width=\"240\">Karen Cristina Barros Dos Santos<\/td>\n<td width=\"163\">Homologada<\/td>\n<td width=\"163\">Vaga de concorr\u00eancia geral<\/td>\n<\/tr>\n<tr>\n<td width=\"240\">Karine De Fatima Almeida<\/td>\n<td width=\"163\">Homologada<\/td>\n<td width=\"163\">Vaga de concorr\u00eancia geral<\/td>\n<\/tr>\n<tr>\n<td width=\"240\">Lauro Ferreira Junior<\/td>\n<td width=\"163\">Homologada<\/td>\n<td width=\"163\">Vaga de concorr\u00eancia geral<\/td>\n<\/tr>\n<tr>\n<td width=\"240\">Let\u00edcia Marques Almeida<\/td>\n<td width=\"163\">Homologada<\/td>\n<td width=\"163\">Vaga de concorr\u00eancia geral<\/td>\n<\/tr>\n<tr>\n<td width=\"240\">Miguel Willian Malacrida<\/td>\n<td width=\"163\">Homologada<\/td>\n<td width=\"163\">Vaga de concorr\u00eancia geral<\/td>\n<\/tr>\n<tr>\n<td width=\"240\">Millena Borcoski<\/td>\n<td width=\"163\">Homologada<\/td>\n<td width=\"163\">Vaga de concorr\u00eancia geral<\/td>\n<\/tr>\n<tr>\n<td width=\"240\">Pedro Luis Macedo Dalcol<\/td>\n<td width=\"163\">Homologada<\/td>\n<td width=\"163\">Vaga de concorr\u00eancia geral<\/td>\n<\/tr>\n<tr>\n<td width=\"240\">Rafaela Laurino Carvalho<\/td>\n<td width=\"163\">Homologada<\/td>\n<td width=\"163\">Vaga de concorr\u00eancia geral<\/td>\n<\/tr>\n<tr>\n<td width=\"240\">Raiane Aparecida Alves<\/td>\n<td width=\"163\">Homologada<\/td>\n<td width=\"163\">Vaga de concorr\u00eancia geral<\/td>\n<\/tr>\n<tr>\n<td width=\"240\">Uende Natane Silva Nascimento<\/td>\n<td width=\"163\">Homologada<\/td>\n<td width=\"163\">Vaga de concorr\u00eancia geral<\/td>\n<\/tr>\n<tr>\n<td width=\"240\">Vinicius Mendes Batista<\/td>\n<td width=\"163\">Homologada<\/td>\n<td width=\"163\">Vaga de concorr\u00eancia geral<\/td>\n<\/tr>\n<tr>\n<td width=\"240\">Wesley Igor R G Bueno Da Silva<\/td>\n<td width=\"163\">Homologada<\/td>\n<td width=\"163\">Vaga de concorr\u00eancia geral<\/td>\n<\/tr>\n<\/tbody>\n<\/table>\n<p>&nbsp;<\/p>\n<p><strong>Candidaturas n\u00e3o homologadas:<\/strong><\/p>\n<table>\n<tbody>\n<tr>\n<td width=\"313\">Nome<\/td>\n<td width=\"253\">Motivo<\/td>\n<\/tr>\n<tr>\n<td width=\"313\">Clareth De Lara<\/td>\n<td width=\"253\">N\u00e3o enviou a documenta\u00e7\u00e3o<\/td>\n<\/tr>\n<tr>\n<td width=\"313\">Eduardo Ricieri<\/td>\n<td width=\"253\">N\u00e3o preencheu o formul\u00e1rio e n\u00e3o enviou a documenta\u00e7\u00e3o<\/td>\n<\/tr>\n<tr>\n<td width=\"313\">Fernanda Ferreira R. dos Santos<\/td>\n<td width=\"253\">N\u00e3o enviou o projeto de pesquisa<\/td>\n<\/tr>\n<tr>\n<td width=\"313\">Marilda De Lourdes Adrianczyk Staszyszen<\/td>\n<td width=\"253\">N\u00e3o enviou a documenta\u00e7\u00e3o<\/td>\n<\/tr>\n<tr>\n<td width=\"313\">Mineia Braboza Jorge<\/td>\n<td width=\"253\">N\u00e3o enviou a documenta\u00e7\u00e3o<\/td>\n<\/tr>\n<\/tbody>\n<\/table>\n<p>&nbsp;<\/p>\n<p style=\"text-align: right\">Ponta Grossa, 27 de maio de 2024<\/p>\n<p style=\"text-align: right\">Coordena\u00e7\u00e3o do PPGH-UEPG<\/p>\n","protected":false},"excerpt":{"rendered":"<p>&nbsp; &nbsp; &nbsp; EDITAL PPGH-UEPG 08\/2024 INSCRI\u00c7\u00d5ES HOMOLOGADAS PARA O PROCESSO SELETIVO 2024, DE ACORDO COM OS EDITAIS PPGH-UEPG 03\/2024 e 06\/2024. Candidaturas homologadas: Nome Situa\u00e7\u00e3o da inscri\u00e7\u00e3o Op\u00e7\u00e3o de vaga Alessandro Ribeiro Lima Homologada Vaga de concorr\u00eancia geral Amanda Taeli Rodrigues dos Santos Rodrigues Homologada Vaga de concorr\u00eancia geral Barbara Bombasar Faria Homologada Vaga&nbsp;&hellip;<\/p>\n","protected":false},"author":188,"featured_media":0,"parent":0,"menu_order":0,"comment_status":"closed","ping_status":"closed","template":"","meta":[],"_links":{"self":[{"href":"https:\/\/www2.uepg.br\/ppgh\/wp-json\/wp\/v2\/pages\/1093"}],"collection":[{"href":"https:\/\/www2.uepg.br\/ppgh\/wp-json\/wp\/v2\/pages"}],"about":[{"href":"https:\/\/www2.uepg.br\/ppgh\/wp-json\/wp\/v2\/types\/page"}],"author":[{"embeddable":true,"href":"https:\/\/www2.uepg.br\/ppgh\/wp-json\/wp\/v2\/users\/188"}],"replies":[{"embeddable":true,"href":"https:\/\/www2.uepg.br\/ppgh\/wp-json\/wp\/v2\/comments?post=1093"}],"version-history":[{"count":2,"href":"https:\/\/www2.uepg.br\/ppgh\/wp-json\/wp\/v2\/pages\/1093\/revisions"}],"predecessor-version":[{"id":1096,"href":"https:\/\/www2.uepg.br\/ppgh\/wp-json\/wp\/v2\/pages\/1093\/revisions\/1096"}],"wp:attachment":[{"href":"https:\/\/www2.uepg.br\/ppgh\/wp-json\/wp\/v2\/media?parent=1093"}],"curies":[{"name":"wp","href":"https:\/\/api.w.org\/{rel}","templated":true}]}}