{"id":1132,"date":"2024-07-19T16:55:36","date_gmt":"2024-07-19T19:55:36","guid":{"rendered":"https:\/\/www2.uepg.br\/ppgh\/?page_id=1132"},"modified":"2024-07-19T16:55:36","modified_gmt":"2024-07-19T19:55:36","slug":"edital-ppgh-12-2024","status":"publish","type":"page","link":"https:\/\/www2.uepg.br\/ppgh\/edital-ppgh-12-2024\/","title":{"rendered":"Edital PPGH 12 2024"},"content":{"rendered":"<p><img class=\"alignright\" src=\"http:\/\/www2.uepg.br\/ppgh\/wp-content\/uploads\/sites\/131\/2021\/02\/imagem_2021-02-17_133847.png\" \/><\/p>\n<p>&nbsp;<\/p>\n<p>&nbsp;<\/p>\n<p>&nbsp;<\/p>\n<hr \/>\n<h3>APROVA\u00c7\u00c3O DE INSCRI\u00c7\u00d5ES DE ALUNOS ESPECIAIS EM DISCIPLINAS ISOLADAS NO MESTRADO EM HIST\u00d3RIA, CULTURA &amp; IDENTIDADES NO SEGUNDO SEMESTRE DE 2024<\/h3>\n<p><strong>N\u00facleo de Pesquisas em Hist\u00f3ria e Intelectuais I<\/strong><\/p>\n<p>Inscri\u00e7\u00f5es aprovadas:<\/p>\n<p>Ana Claudia Pereira Andruchiw<br \/>\nAna Fl\u00e1via Barboza Garcia<br \/>\nElaine Aparecida Mayer<br \/>\nFabiana Aparecida Bueno do Amaral<br \/>\nGabriel Henrique Divardim de Oliveira<\/p>\n<p>&nbsp;<\/p>\n<p><strong>N\u00facleo de Pesquisas em Did\u00e1tica da Hist\u00f3ria I<\/strong><\/p>\n<p>Inscri\u00e7\u00f5es aprovadas:<\/p>\n<p>Silvester de Carvalho Pereira<br \/>\nZeila de F\u00e1tima Lucas<\/p>\n<p>&nbsp;<\/p>\n<p><strong>Teoria da Hist\u00f3ria<\/strong><\/p>\n<p>Inscri\u00e7\u00f5es aprovadas:<\/p>\n<p>Jeanine Mafra Migliorini<\/p>\n<p>&nbsp;<\/p>\n<p>&nbsp;<\/p>\n<p style=\"text-align: right\">Ponta Grossa, 19 de julho de 2024.<br \/>\nCoordena\u00e7\u00e3o do PPGH<\/p>\n","protected":false},"excerpt":{"rendered":"<p>&nbsp; &nbsp; &nbsp; APROVA\u00c7\u00c3O DE INSCRI\u00c7\u00d5ES DE ALUNOS ESPECIAIS EM DISCIPLINAS ISOLADAS NO MESTRADO EM HIST\u00d3RIA, CULTURA &amp; IDENTIDADES NO SEGUNDO SEMESTRE DE 2024 N\u00facleo de Pesquisas em Hist\u00f3ria e Intelectuais I Inscri\u00e7\u00f5es aprovadas: Ana Claudia Pereira Andruchiw Ana Fl\u00e1via Barboza Garcia Elaine Aparecida Mayer Fabiana Aparecida Bueno do Amaral Gabriel Henrique Divardim de Oliveira&nbsp;&hellip;<\/p>\n","protected":false},"author":188,"featured_media":0,"parent":0,"menu_order":0,"comment_status":"closed","ping_status":"closed","template":"","meta":[],"_links":{"self":[{"href":"https:\/\/www2.uepg.br\/ppgh\/wp-json\/wp\/v2\/pages\/1132"}],"collection":[{"href":"https:\/\/www2.uepg.br\/ppgh\/wp-json\/wp\/v2\/pages"}],"about":[{"href":"https:\/\/www2.uepg.br\/ppgh\/wp-json\/wp\/v2\/types\/page"}],"author":[{"embeddable":true,"href":"https:\/\/www2.uepg.br\/ppgh\/wp-json\/wp\/v2\/users\/188"}],"replies":[{"embeddable":true,"href":"https:\/\/www2.uepg.br\/ppgh\/wp-json\/wp\/v2\/comments?post=1132"}],"version-history":[{"count":1,"href":"https:\/\/www2.uepg.br\/ppgh\/wp-json\/wp\/v2\/pages\/1132\/revisions"}],"predecessor-version":[{"id":1133,"href":"https:\/\/www2.uepg.br\/ppgh\/wp-json\/wp\/v2\/pages\/1132\/revisions\/1133"}],"wp:attachment":[{"href":"https:\/\/www2.uepg.br\/ppgh\/wp-json\/wp\/v2\/media?parent=1132"}],"curies":[{"name":"wp","href":"https:\/\/api.w.org\/{rel}","templated":true}]}}