{"id":1142,"date":"2024-08-08T09:20:12","date_gmt":"2024-08-08T12:20:12","guid":{"rendered":"https:\/\/www2.uepg.br\/ppgh\/?page_id=1142"},"modified":"2024-08-08T09:33:45","modified_gmt":"2024-08-08T12:33:45","slug":"edital-ppgh-14-2024","status":"publish","type":"page","link":"https:\/\/www2.uepg.br\/ppgh\/edital-ppgh-14-2024\/","title":{"rendered":"EDITAL PPGH 14 2024"},"content":{"rendered":"<p><img loading=\"lazy\" class=\"alignright size-full wp-image-278\" src=\"http:\/\/www2.uepg.br\/ppgh\/wp-content\/uploads\/sites\/131\/2021\/02\/imagem_2021-02-17_133847.png\" alt=\"\" width=\"257\" height=\"67\" \/><\/p>\n<p>&nbsp;<\/p>\n<p>&nbsp;<\/p>\n<p>&nbsp;<\/p>\n<hr \/>\n<p><strong>EDITAL PPGH 14\/2024<\/strong><\/p>\n<p><strong>Resultado da classifica\u00e7\u00e3o dos inscritos para bolsas eventualmente concedidas at\u00e9 fevereiro de 2025<\/strong><\/p>\n<p>&nbsp;<\/p>\n<p>1) Amanda T. R. Santos Rodrigues<br \/>\n2) Gabriel Lacerda de Souza<br \/>\n3) Barbara Bombasar Faria<br \/>\n4) Daniele Pereira da Silva<br \/>\n5) Giovana Paganini<br \/>\n6) Milena Borcoski<br \/>\n7) Eduardo Augusto de Mello<br \/>\n8) Rafaela Laurino Carvalho<\/p>\n<p>&nbsp;<\/p>\n<p style=\"text-align: right\">Ponta Grossa, 8 de agosto de 2024<\/p>\n<p>&nbsp;<\/p>\n<p style=\"text-align: right\">A coordena\u00e7\u00e3o<\/p>\n","protected":false},"excerpt":{"rendered":"<p>&nbsp; &nbsp; &nbsp; EDITAL PPGH 14\/2024 Resultado da classifica\u00e7\u00e3o dos inscritos para bolsas eventualmente concedidas at\u00e9 fevereiro de 2025 &nbsp; 1) Amanda T. R. Santos Rodrigues 2) Gabriel Lacerda de Souza 3) Barbara Bombasar Faria 4) Daniele Pereira da Silva 5) Giovana Paganini 6) Milena Borcoski 7) Eduardo Augusto de Mello 8) Rafaela Laurino Carvalho&nbsp;&hellip;<\/p>\n","protected":false},"author":188,"featured_media":0,"parent":0,"menu_order":0,"comment_status":"closed","ping_status":"closed","template":"","meta":[],"_links":{"self":[{"href":"https:\/\/www2.uepg.br\/ppgh\/wp-json\/wp\/v2\/pages\/1142"}],"collection":[{"href":"https:\/\/www2.uepg.br\/ppgh\/wp-json\/wp\/v2\/pages"}],"about":[{"href":"https:\/\/www2.uepg.br\/ppgh\/wp-json\/wp\/v2\/types\/page"}],"author":[{"embeddable":true,"href":"https:\/\/www2.uepg.br\/ppgh\/wp-json\/wp\/v2\/users\/188"}],"replies":[{"embeddable":true,"href":"https:\/\/www2.uepg.br\/ppgh\/wp-json\/wp\/v2\/comments?post=1142"}],"version-history":[{"count":3,"href":"https:\/\/www2.uepg.br\/ppgh\/wp-json\/wp\/v2\/pages\/1142\/revisions"}],"predecessor-version":[{"id":1145,"href":"https:\/\/www2.uepg.br\/ppgh\/wp-json\/wp\/v2\/pages\/1142\/revisions\/1145"}],"wp:attachment":[{"href":"https:\/\/www2.uepg.br\/ppgh\/wp-json\/wp\/v2\/media?parent=1142"}],"curies":[{"name":"wp","href":"https:\/\/api.w.org\/{rel}","templated":true}]}}