{"id":1256,"date":"2025-05-27T21:43:40","date_gmt":"2025-05-28T00:43:40","guid":{"rendered":"https:\/\/www2.uepg.br\/ppgh\/?page_id=1256"},"modified":"2025-05-27T21:44:55","modified_gmt":"2025-05-28T00:44:55","slug":"edital-ppgh-08-2025","status":"publish","type":"page","link":"https:\/\/www2.uepg.br\/ppgh\/edital-ppgh-08-2025\/","title":{"rendered":"Edital PPGH 08\/2025"},"content":{"rendered":"<p><img loading=\"lazy\" class=\"alignright size-full wp-image-278\" src=\"http:\/\/www2.uepg.br\/ppgh\/wp-content\/uploads\/sites\/131\/2021\/02\/imagem_2021-02-17_133847.png\" alt=\"\" width=\"257\" height=\"67\" \/><\/p>\n<p>&nbsp;<\/p>\n<p>&nbsp;<\/p>\n<p>&nbsp;<\/p>\n<hr \/>\n<p>INSCRI\u00c7\u00d5ES HOMOLOGADAS PARA O PROCESSO SELETIVO 2025, DE ACORDO COM OS EDITAIS PPGH-UEPG 07\/2025.<\/p>\n<p><strong>Candidaturas homologadas:<\/strong><\/p>\n<table>\n<tbody>\n<tr>\n<td width=\"240\">Nome<\/td>\n<td width=\"163\">Situa\u00e7\u00e3o da inscri\u00e7\u00e3o<\/td>\n<td width=\"163\">Op\u00e7\u00e3o de vaga<\/td>\n<\/tr>\n<tr>\n<td width=\"240\">Ana Clara Imianoski Jacopetti<\/td>\n<td width=\"163\">Homologada<\/td>\n<td width=\"163\">Vaga de concorr\u00eancia geral<\/td>\n<\/tr>\n<tr>\n<td width=\"240\">Ana Lucia da Silva<\/td>\n<td width=\"163\">Homologada<\/td>\n<td width=\"163\">Vaga de concorr\u00eancia geral<\/td>\n<\/tr>\n<tr>\n<td width=\"240\">Caio Francisco Leal de Macedo<\/td>\n<td width=\"163\">Homologada<\/td>\n<td width=\"163\">Vaga de concorr\u00eancia geral<\/td>\n<\/tr>\n<tr>\n<td width=\"240\">Denise de Cassia Baumann<\/td>\n<td width=\"163\">Homologada<\/td>\n<td width=\"163\">Vaga de concorr\u00eancia geral<\/td>\n<\/tr>\n<tr>\n<td width=\"240\">Eduardo Terleski<\/td>\n<td width=\"163\">Homologada<\/td>\n<td width=\"163\">Vaga de concorr\u00eancia geral<\/td>\n<\/tr>\n<tr>\n<td width=\"240\">Gabriel Cesar Brun\u00f3rio<\/td>\n<td width=\"163\">Homologada<\/td>\n<td width=\"163\">Vaga de concorr\u00eancia geral<\/td>\n<\/tr>\n<tr>\n<td width=\"240\">Helen Maria Caldas<\/td>\n<td width=\"163\">Homologada<\/td>\n<td width=\"163\">Vaga de concorr\u00eancia geral<\/td>\n<\/tr>\n<tr>\n<td width=\"240\">Hemerson Luiz de Oliveira Junior<\/td>\n<td width=\"163\">Homologada<\/td>\n<td width=\"163\">Vaga de concorr\u00eancia geral<\/td>\n<\/tr>\n<tr>\n<td width=\"240\">Isabela de Fatima Barboza de Melo<\/td>\n<td width=\"163\">Homologada<\/td>\n<td width=\"163\">Vaga de concorr\u00eancia geral<\/td>\n<\/tr>\n<tr>\n<td width=\"240\">Julia Graciela Machado<\/td>\n<td width=\"163\">Homologada<\/td>\n<td width=\"163\">Vaga de concorr\u00eancia geral<\/td>\n<\/tr>\n<tr>\n<td width=\"240\">Larissa Joly Souza<\/td>\n<td width=\"163\">Homologada<\/td>\n<td width=\"163\">Vaga de concorr\u00eancia geral<\/td>\n<\/tr>\n<tr>\n<td width=\"240\">Luana de Almeida Santos<\/td>\n<td width=\"163\">Homologada<\/td>\n<td width=\"163\">Vaga de concorr\u00eancia geral<\/td>\n<\/tr>\n<tr>\n<td width=\"240\">Maria Joaquina Leite da Silva<\/td>\n<td width=\"163\">Homologada<\/td>\n<td width=\"163\">Vaga para candidatos negros<\/td>\n<\/tr>\n<tr>\n<td width=\"240\">Maria Vitoria Cristina Dingueleski<\/td>\n<td width=\"163\">Homologada<\/td>\n<td width=\"163\">Vaga de concorr\u00eancia geral<\/td>\n<\/tr>\n<tr>\n<td width=\"240\">Matheus Wilson Silva Dos Santos<\/td>\n<td width=\"163\">Homologada<\/td>\n<td width=\"163\">Vaga de concorr\u00eancia geral<\/td>\n<\/tr>\n<tr>\n<td width=\"240\">Miguel Willian Malacrida<\/td>\n<td width=\"163\">Homologada<\/td>\n<td width=\"163\">Vaga de concorr\u00eancia geral<\/td>\n<\/tr>\n<tr>\n<td width=\"240\">Miriam Narok<\/td>\n<td width=\"163\">Homologada<\/td>\n<td width=\"163\">Vaga de concorr\u00eancia geral<\/td>\n<\/tr>\n<tr>\n<td width=\"240\">Nayara N Carneiro Roberto<\/td>\n<td width=\"163\">Homologada<\/td>\n<td width=\"163\">Vaga de concorr\u00eancia geral<\/td>\n<\/tr>\n<tr>\n<td width=\"240\">Paola Cesca Fauro<\/td>\n<td width=\"163\">Homologada<\/td>\n<td width=\"163\">Vaga de concorr\u00eancia geral<\/td>\n<\/tr>\n<tr>\n<td width=\"240\">Patricia de Campos Bida<\/td>\n<td width=\"163\">Homologada<\/td>\n<td width=\"163\">Vaga de concorr\u00eancia geral<\/td>\n<\/tr>\n<tr>\n<td width=\"240\">Reinaldo Glusczka<\/td>\n<td width=\"163\">Homologada<\/td>\n<td width=\"163\">Vaga de concorr\u00eancia geral<\/td>\n<\/tr>\n<tr>\n<td width=\"240\">Steli Furtado Cabral<\/td>\n<td width=\"163\">Homologada<\/td>\n<td width=\"163\">Vaga de concorr\u00eancia geral<\/td>\n<\/tr>\n<tr>\n<td width=\"240\">Vitoria Gabriela de Oliveira<\/td>\n<td width=\"163\">Homologada<\/td>\n<td width=\"163\">Vaga de concorr\u00eancia geral<\/td>\n<\/tr>\n<tr>\n<td width=\"240\">Wellington de Jesus Pinheiro<\/td>\n<td width=\"163\">Homologada<\/td>\n<td width=\"163\">Vaga de concorr\u00eancia geral<\/td>\n<\/tr>\n<tr>\n<td width=\"240\"><\/td>\n<td width=\"163\"><\/td>\n<td width=\"163\"><\/td>\n<\/tr>\n<tr>\n<td width=\"240\"><\/td>\n<td width=\"163\"><\/td>\n<td width=\"163\"><\/td>\n<\/tr>\n<\/tbody>\n<\/table>\n<p>&nbsp;<\/p>\n<p><strong>Candidaturas n\u00e3o homologadas:<\/strong><\/p>\n<table>\n<tbody>\n<tr>\n<td width=\"313\">Nome<\/td>\n<td width=\"253\">Motivo<\/td>\n<\/tr>\n<tr>\n<td width=\"313\">\u00a0Alessandro Ribeiro Lima<\/td>\n<td width=\"253\">N\u00e3o enviou a documenta\u00e7\u00e3o<\/td>\n<\/tr>\n<tr>\n<td width=\"313\">\u00a0Ana Kawane De Matos R dos Santos<\/td>\n<td width=\"253\">N\u00e3o enviou a documenta\u00e7\u00e3o<\/td>\n<\/tr>\n<tr>\n<td width=\"313\">\u00a0Cristiane Gon\u00e7alves de Campos<\/td>\n<td width=\"253\">Anexou pr\u00e9-projeto em vez do projeto<\/td>\n<\/tr>\n<tr>\n<td width=\"313\">\u00a0Daniel Lopes<\/td>\n<td width=\"253\">J\u00e1 tem matr\u00edcula no programa<\/td>\n<\/tr>\n<tr>\n<td width=\"313\">\u00a0Diego Costa Magalh\u00e3es<\/td>\n<td width=\"253\">N\u00e3o enviou a documenta\u00e7\u00e3o<\/td>\n<\/tr>\n<tr>\n<td width=\"313\">Maiane Gomes<\/td>\n<td width=\"253\">N\u00e3o enviou a documenta\u00e7\u00e3o<\/td>\n<\/tr>\n<tr>\n<td width=\"313\">Manuelle Lethicia da R F Moraes<\/td>\n<td width=\"253\">N\u00e3o enviou a documenta\u00e7\u00e3o<\/td>\n<\/tr>\n<tr>\n<td width=\"313\">Nicolly Monteiro de Oliveira<\/td>\n<td width=\"253\">N\u00e3o enviou a documenta\u00e7\u00e3o<\/td>\n<\/tr>\n<tr>\n<td width=\"313\">Victor Augusto Costa<\/td>\n<td width=\"253\">N\u00e3o enviou a documenta\u00e7\u00e3o<\/td>\n<\/tr>\n<\/tbody>\n<\/table>\n<p>&nbsp;<\/p>\n<p style=\"text-align: right\">Ponta Grossa, 27 de maio de 2025<\/p>\n<p style=\"text-align: right\">Coordena\u00e7\u00e3o do PPGH-UEPG<\/p>\n","protected":false},"excerpt":{"rendered":"<p>&nbsp; &nbsp; &nbsp; INSCRI\u00c7\u00d5ES HOMOLOGADAS PARA O PROCESSO SELETIVO 2025, DE ACORDO COM OS EDITAIS PPGH-UEPG 07\/2025. Candidaturas homologadas: Nome Situa\u00e7\u00e3o da inscri\u00e7\u00e3o Op\u00e7\u00e3o de vaga Ana Clara Imianoski Jacopetti Homologada Vaga de concorr\u00eancia geral Ana Lucia da Silva Homologada Vaga de concorr\u00eancia geral Caio Francisco Leal de Macedo Homologada Vaga de concorr\u00eancia geral Denise&nbsp;&hellip;<\/p>\n","protected":false},"author":188,"featured_media":0,"parent":0,"menu_order":0,"comment_status":"closed","ping_status":"closed","template":"","meta":[],"_links":{"self":[{"href":"https:\/\/www2.uepg.br\/ppgh\/wp-json\/wp\/v2\/pages\/1256"}],"collection":[{"href":"https:\/\/www2.uepg.br\/ppgh\/wp-json\/wp\/v2\/pages"}],"about":[{"href":"https:\/\/www2.uepg.br\/ppgh\/wp-json\/wp\/v2\/types\/page"}],"author":[{"embeddable":true,"href":"https:\/\/www2.uepg.br\/ppgh\/wp-json\/wp\/v2\/users\/188"}],"replies":[{"embeddable":true,"href":"https:\/\/www2.uepg.br\/ppgh\/wp-json\/wp\/v2\/comments?post=1256"}],"version-history":[{"count":1,"href":"https:\/\/www2.uepg.br\/ppgh\/wp-json\/wp\/v2\/pages\/1256\/revisions"}],"predecessor-version":[{"id":1257,"href":"https:\/\/www2.uepg.br\/ppgh\/wp-json\/wp\/v2\/pages\/1256\/revisions\/1257"}],"wp:attachment":[{"href":"https:\/\/www2.uepg.br\/ppgh\/wp-json\/wp\/v2\/media?parent=1256"}],"curies":[{"name":"wp","href":"https:\/\/api.w.org\/{rel}","templated":true}]}}