{"id":396,"date":"2021-07-27T13:49:53","date_gmt":"2021-07-27T16:49:53","guid":{"rendered":"https:\/\/www2.uepg.br\/ppgh\/?page_id=396"},"modified":"2021-07-28T10:40:22","modified_gmt":"2021-07-28T13:40:22","slug":"edital-ppgh-09-2021","status":"publish","type":"page","link":"https:\/\/www2.uepg.br\/ppgh\/edital-ppgh-09-2021\/","title":{"rendered":"EDITAL PPGH 09 2021"},"content":{"rendered":"<p><img loading=\"lazy\" class=\"alignnone size-full wp-image-278 alignright\" src=\"http:\/\/www2.uepg.br\/ppgh\/wp-content\/uploads\/sites\/131\/2021\/02\/imagem_2021-02-17_133847.png\" alt=\"\" width=\"257\" height=\"67\" \/><\/p>\n<p>&nbsp;<\/p>\n<p>&nbsp;<\/p>\n<p>&nbsp;<\/p>\n<hr \/>\n<p><strong>EDITAL PPGH 09\/2021<\/strong><\/p>\n<p><strong>RELA\u00c7\u00c3O DOS(AS) CANDIDATOS(AS) APROVADOS(AS) NO PROCESSO SELETIVO DE 2021<\/strong><\/p>\n<p>&nbsp;<\/p>\n<p>A Coordena\u00e7\u00e3o do Programa de P\u00f3s-Gradua\u00e7\u00e3o em Hist\u00f3ria (PPGH) da Universidade Estadual de Ponta Grossa, no uso de suas atribui\u00e7\u00f5es, considerando o que prev\u00ea o Edital PPGH 05\/2021 e em aten\u00e7\u00e3o \u00e0 delibera\u00e7\u00e3o da Comiss\u00e3o de Sele\u00e7\u00e3o e do Colegiado, torna p\u00fablico a rela\u00e7\u00e3o dos candidatos e candidatas aprovados(as) no processo seletivo com ingresso em setembro de 2020:<\/p>\n<p>&nbsp;<\/p>\n<table style=\"height: 1247px\" width=\"509\">\n<tbody>\n<tr>\n<td width=\"283\">Candidata(o)<\/td>\n<td width=\"283\">Orientador(a)\/ Coorientador(a)<\/td>\n<\/tr>\n<tr>\n<td width=\"283\">Alana Maria de Lima Barros<\/td>\n<td width=\"283\">Robson Laverdi\/ Ilton C\u00e9sar Martins<\/td>\n<\/tr>\n<tr>\n<td width=\"283\">Ana Regina Praxedes Fernandes<\/td>\n<td width=\"283\">Patr\u00edcia C. Varela<\/td>\n<\/tr>\n<tr>\n<td width=\"283\">Brenda Caroline Busato Rotter<\/td>\n<td width=\"283\">Alessandra Izabel de Carvalho\/ Evelyn Nimmo<\/td>\n<\/tr>\n<tr>\n<td width=\"283\">Bruno dos Santos Grube<\/td>\n<td width=\"283\">Ros\u00e2ngela Wosiack Zulian\/ Patr\u00edcia Carla de Melo Martins<\/td>\n<\/tr>\n<tr>\n<td width=\"283\">D\u00e9bora do Rocio Pacheco da Silva<\/td>\n<td width=\"283\">Niltonci B. Chaves\/ Edson A. Silva<\/td>\n<\/tr>\n<tr>\n<td width=\"283\">Edson Willian da Costa<\/td>\n<td width=\"283\">Maria Paula Costa<\/td>\n<\/tr>\n<tr>\n<td width=\"283\">Elaine Cristina Itner Voidelo<\/td>\n<td width=\"283\">Niltonci B. Chaves\/ Edson A. Silva<\/td>\n<\/tr>\n<tr>\n<td width=\"283\">Elter Taets Garcia<\/td>\n<td width=\"283\">Edson Armando Silva<\/td>\n<\/tr>\n<tr>\n<td width=\"283\">Frederico Renan Hilgenberg Gomes<\/td>\n<td width=\"283\">Georgiane G. V\u00e1zquez<\/td>\n<\/tr>\n<tr>\n<td width=\"283\">Luiz Eduardo Ferreira Palma<\/td>\n<td width=\"283\">Luis Fernando Cerri<\/td>\n<\/tr>\n<tr>\n<td width=\"283\">Luiz Ricardo Pauluk<\/td>\n<td width=\"283\">Ros\u00e2ngela Wosiack Zulian\/ Patr\u00edcia Carla de Melo Martins<\/td>\n<\/tr>\n<tr>\n<td width=\"283\">Mauro S\u00e9rgio Souza Pinto<\/td>\n<td width=\"283\">Robson Laverdi\/ Ilton C\u00e9sar Martins<\/td>\n<\/tr>\n<tr>\n<td width=\"283\">Paulo Henrique Taufer<\/td>\n<td width=\"283\">Erivan C. Karvat\/ Niltonci B. Chaves<\/td>\n<\/tr>\n<tr>\n<td width=\"283\">Ricardo Enguel Gon\u00e7alves<\/td>\n<td width=\"283\">Edson Armando Silva<\/td>\n<\/tr>\n<tr>\n<td width=\"283\">Thayn\u00e1 Guedes Assun\u00e7\u00e3o Martins<\/td>\n<td width=\"283\">Georgiane G. V\u00e1zquez<\/td>\n<\/tr>\n<tr>\n<td width=\"283\">Thiago de Paula<\/td>\n<td width=\"283\">Claudio L. Denipoti<\/td>\n<\/tr>\n<\/tbody>\n<\/table>\n<p>&nbsp;<\/p>\n<ol>\n<li>As matr\u00edculas dever\u00e3o ser realizadas entre os dias 02 e 06 de agosto de 2021, via sistema de matr\u00edculas, on-line na p\u00e1gina da UEPG.<\/li>\n<li>O in\u00edcio das aulas ser\u00e1 no dia 18 de agosto de 2021.<\/li>\n<li>A coordena\u00e7\u00e3o do PPGH entrar\u00e1 em contato antecipadamente com os\/as candidatos(as) aprovados(as) para instru\u00e7\u00f5es sobre as disciplinas a serem cursadas.<\/li>\n<\/ol>\n<p>&nbsp;<\/p>\n<p>Ponta Grossa, 27 de julho de 2021.<\/p>\n<p>Coordena\u00e7\u00e3o do PPGH<\/p>\n","protected":false},"excerpt":{"rendered":"<p>&nbsp; &nbsp; &nbsp; EDITAL PPGH 09\/2021 RELA\u00c7\u00c3O DOS(AS) CANDIDATOS(AS) APROVADOS(AS) NO PROCESSO SELETIVO DE 2021 &nbsp; A Coordena\u00e7\u00e3o do Programa de P\u00f3s-Gradua\u00e7\u00e3o em Hist\u00f3ria (PPGH) da Universidade Estadual de Ponta Grossa, no uso de suas atribui\u00e7\u00f5es, considerando o que prev\u00ea o Edital PPGH 05\/2021 e em aten\u00e7\u00e3o \u00e0 delibera\u00e7\u00e3o da Comiss\u00e3o de Sele\u00e7\u00e3o e do&nbsp;&hellip;<\/p>\n","protected":false},"author":188,"featured_media":0,"parent":0,"menu_order":0,"comment_status":"closed","ping_status":"closed","template":"","meta":[],"_links":{"self":[{"href":"https:\/\/www2.uepg.br\/ppgh\/wp-json\/wp\/v2\/pages\/396"}],"collection":[{"href":"https:\/\/www2.uepg.br\/ppgh\/wp-json\/wp\/v2\/pages"}],"about":[{"href":"https:\/\/www2.uepg.br\/ppgh\/wp-json\/wp\/v2\/types\/page"}],"author":[{"embeddable":true,"href":"https:\/\/www2.uepg.br\/ppgh\/wp-json\/wp\/v2\/users\/188"}],"replies":[{"embeddable":true,"href":"https:\/\/www2.uepg.br\/ppgh\/wp-json\/wp\/v2\/comments?post=396"}],"version-history":[{"count":3,"href":"https:\/\/www2.uepg.br\/ppgh\/wp-json\/wp\/v2\/pages\/396\/revisions"}],"predecessor-version":[{"id":402,"href":"https:\/\/www2.uepg.br\/ppgh\/wp-json\/wp\/v2\/pages\/396\/revisions\/402"}],"wp:attachment":[{"href":"https:\/\/www2.uepg.br\/ppgh\/wp-json\/wp\/v2\/media?parent=396"}],"curies":[{"name":"wp","href":"https:\/\/api.w.org\/{rel}","templated":true}]}}