{"id":417,"date":"2021-08-16T15:39:03","date_gmt":"2021-08-16T18:39:03","guid":{"rendered":"https:\/\/www2.uepg.br\/ppgh\/?page_id=417"},"modified":"2021-08-18T08:43:16","modified_gmt":"2021-08-18T11:43:16","slug":"edital-ppgh-11-2021","status":"publish","type":"page","link":"https:\/\/www2.uepg.br\/ppgh\/edital-ppgh-11-2021\/","title":{"rendered":"EDITAL PPGH 11 2021"},"content":{"rendered":"<p><img loading=\"lazy\" class=\"alignnone size-full wp-image-278 alignright\" src=\"http:\/\/www2.uepg.br\/ppgh\/wp-content\/uploads\/sites\/131\/2021\/02\/imagem_2021-02-17_133847.png\" alt=\"\" width=\"257\" height=\"67\" \/><\/p>\n<p>&nbsp;<\/p>\n<p>&nbsp;<\/p>\n<p>&nbsp;<\/p>\n<hr \/>\n<p><strong>EDITAL PPGH 11\/2021<\/strong><\/p>\n<p><strong>APROVA\u00c7\u00c3O DE INSCRI\u00c7\u00d5ES DE ALUNOS ESPECIAIS EM DISCIPLINAS ISOLADAS NO MESTRADO EM HIST\u00d3RIA, CULTURA E IDENTIDADES NO SEGUNDO SEMESTRE DE 2021<\/strong><\/p>\n<p>&nbsp;<\/p>\n<p><strong>M\u00e9todos e T\u00e9cnicas de Pesquisa em Hist\u00f3ria<\/strong><\/p>\n<p>Prof. Edson Armando Silva<\/p>\n<p><strong>Hor\u00e1rio<\/strong>: Quintas-feiras, das 8:00 \u00e0s 12:00 h, on-line<\/p>\n<p>INSCRI\u00c7\u00c3O APROVADA:<\/p>\n<p>&#8211; Denis Carlos Moser Ieni<\/p>\n<p>&nbsp;<\/p>\n<p><strong>N\u00facleo de Pesquisas em Did\u00e1tica da Hist\u00f3ria I<\/strong><\/p>\n<p>Prof. Luis Fernando Cerri<\/p>\n<p><strong>Hor\u00e1rio<\/strong>: Sextas-feiras, das 14h \u00e0s 18h, on-line.<\/p>\n<p>INSCRI\u00c7\u00d5ES APROVADAS:<\/p>\n<p>&#8211; Mayra Rodriguez Hern\u00e1ndez<\/p>\n<p>&#8211; Natal\u00edrio Cleto Cardoso J\u00fanior<\/p>\n<p>&nbsp;<\/p>\n<p>&nbsp;<\/p>\n<p>As aulas ter\u00e3o in\u00edcio no dia 18 de agosto (quarta\u2010feira).<\/p>\n<p>&nbsp;<\/p>\n<p>&nbsp;<\/p>\n<p>&nbsp;<\/p>\n<p style=\"text-align: right\">Ponta Grossa, 16 de agosto de 2021.<\/p>\n<p style=\"text-align: right\">Coordena\u00e7\u00e3o do PPGH<\/p>\n","protected":false},"excerpt":{"rendered":"<p>&nbsp; &nbsp; &nbsp; EDITAL PPGH 11\/2021 APROVA\u00c7\u00c3O DE INSCRI\u00c7\u00d5ES DE ALUNOS ESPECIAIS EM DISCIPLINAS ISOLADAS NO MESTRADO EM HIST\u00d3RIA, CULTURA E IDENTIDADES NO SEGUNDO SEMESTRE DE 2021 &nbsp; M\u00e9todos e T\u00e9cnicas de Pesquisa em Hist\u00f3ria Prof. Edson Armando Silva Hor\u00e1rio: Quintas-feiras, das 8:00 \u00e0s 12:00 h, on-line INSCRI\u00c7\u00c3O APROVADA: &#8211; Denis Carlos Moser Ieni &nbsp;&nbsp;&hellip;<\/p>\n","protected":false},"author":188,"featured_media":0,"parent":0,"menu_order":0,"comment_status":"closed","ping_status":"closed","template":"","meta":[],"_links":{"self":[{"href":"https:\/\/www2.uepg.br\/ppgh\/wp-json\/wp\/v2\/pages\/417"}],"collection":[{"href":"https:\/\/www2.uepg.br\/ppgh\/wp-json\/wp\/v2\/pages"}],"about":[{"href":"https:\/\/www2.uepg.br\/ppgh\/wp-json\/wp\/v2\/types\/page"}],"author":[{"embeddable":true,"href":"https:\/\/www2.uepg.br\/ppgh\/wp-json\/wp\/v2\/users\/188"}],"replies":[{"embeddable":true,"href":"https:\/\/www2.uepg.br\/ppgh\/wp-json\/wp\/v2\/comments?post=417"}],"version-history":[{"count":2,"href":"https:\/\/www2.uepg.br\/ppgh\/wp-json\/wp\/v2\/pages\/417\/revisions"}],"predecessor-version":[{"id":421,"href":"https:\/\/www2.uepg.br\/ppgh\/wp-json\/wp\/v2\/pages\/417\/revisions\/421"}],"wp:attachment":[{"href":"https:\/\/www2.uepg.br\/ppgh\/wp-json\/wp\/v2\/media?parent=417"}],"curies":[{"name":"wp","href":"https:\/\/api.w.org\/{rel}","templated":true}]}}