{"id":433,"date":"2021-09-02T11:35:52","date_gmt":"2021-09-02T14:35:52","guid":{"rendered":"https:\/\/www2.uepg.br\/ppgh\/?page_id=433"},"modified":"2026-02-13T16:42:26","modified_gmt":"2026-02-13T19:42:26","slug":"coloquio-do-ppgh","status":"publish","type":"page","link":"https:\/\/www2.uepg.br\/ppgh\/coloquio-do-ppgh\/","title":{"rendered":"Col\u00f3quio do PPGH"},"content":{"rendered":"<h1 style=\"text-align: center\"><span style=\"color: #ff6600\"><img src=\"https:\/\/images.even3.com\/Ly92uAGy3IFZWNanBa_TqoR40yY=\/1100x440\/smart\/https:\/\/static.even3.com\/banner\/Designsemnome3.5b9c28513e4a4a268ebc.png\" alt=\"5o. Col\u00f3quio do PPGH UEPG\" \/>5o. Col\u00f3quio do PPGH<\/span><\/h1>\n<h2><span style=\"color: #ff6600\"><a href=\"http:\/\/www2.uepg.br\/ppgh\/wp-content\/uploads\/sites\/131\/2026\/02\/Anais_V-Coloquio-PPGH_2025.pdf\">ANAIS<\/a> do V Col\u00f3quio do PPGH &#8211; <a href=\"http:\/\/www2.uepg.br\/ppgh\/wp-content\/uploads\/sites\/131\/2026\/02\/Anais_V-Coloquio-PPGH_2025.pdf\">clique aqui<\/a><\/span><\/h2>\n<h4><span style=\"color: #ff6600\">Sobre o V Col\u00f3quio do PPGH<\/span><\/h4>\n<p>O V Col\u00f3quio do PPGH da Universidade Estadual de Ponta Grossa, \u00e9 organizado pelo Programa de P\u00f3s-Gradua\u00e7\u00e3o em Hist\u00f3ria (PPGH-UEPG). O evento acontecer\u00e1 entre os dias 23 e 26 de Setembro de 2025, trazendo como tema Hist\u00f3ria em emerg\u00eancia: clima, regionalidades e museus.<\/p>\n<p>Em 2025 o Col\u00f3quio de Hist\u00f3ria chega \u00e0 sua quinta edi\u00e7\u00e3o e tem sido um espa\u00e7o privilegiado de debates e troca intensa de conhecimentos gra\u00e7as ao engajamento e integra\u00e7\u00e3o entre professores e estudantes da gradua\u00e7\u00e3o e p\u00f3s-gradua\u00e7\u00e3o. Neste ano o evento acontecer\u00e1 simultaneamente com a Primavera dos Museus, cujo tema \u00e9 \u201cMuseus e Mudan\u00e7as Clim\u00e1ticas\u201d. O evento contar\u00e1 com as sess\u00f5es de debate para apresenta\u00e7\u00e3o dos trabalhos, oficinas, palestras e visitas guiadas, e acontecer\u00e1 no Museu Campos Gerais, na sede do PPGH e tamb\u00e9m no Campus Uvaranas.<\/p>\n<h4><span style=\"color: #ff6600\">Cronograma<\/span><\/h4>\n<ul>\n<li><span style=\"font-family: Roboto Slab\">Inscri\u00e7\u00e3o de ouvintes e participa\u00e7\u00e3o em oficinas\/visitas guiadas: 28\/07 a 07\/09<\/span><\/li>\n<li><span style=\"font-family: Roboto Slab\">Inscri\u00e7\u00e3o de trabalhos: 28\/07 a 24\/08<br \/>\n<\/span><\/li>\n<li>Evento: 23\/09 a 26\/09<\/li>\n<\/ul>\n<h4><span style=\"color: #ff6600\">Taxas<\/span><\/h4>\n<ul>\n<li><span style=\"font-family: Roboto Slab\"><i>Ouvinte<\/i>\u00a0\u2013 R$ 11,00<\/span><\/li>\n<li><span style=\"font-family: Roboto Slab\"><i>Apresentador(a) de trabalho\u00a0<\/i>\u2013<i>\u00a0R$\u00a0<\/i>22,00<\/span><\/li>\n<\/ul>\n<div><span style=\"font-family: Roboto Slab\"><span style=\"color: #ff0000\"><b>ATEN\u00c7\u00c3O!<\/b>\u00a0<\/span><span style=\"color: #333333\">Para submiss\u00e3o de trabalhos a serem apresentados nas Sess\u00f5es de Debate, o apresentador deve se inscrever na categoria Ouvinte\/Apresentador pagando o valor de R$11,00 e no momento da submiss\u00e3o do resumo dever\u00e1 pagar o restante, completando os R$22,00.<\/span><\/span><\/div>\n<div><\/div>\n<h4><span style=\"color: #ff6600\">Inscri\u00e7\u00f5es e mais informa\u00e7\u00f5es<\/span><\/h4>\n<p>As inscri\u00e7\u00f5es devem ser realizadas no <strong><a href=\"https:\/\/www.even3.com.br\/5o-coloquio-do-ppgh-uepg-599481\/\">Even3<\/a><\/strong><\/p>\n<h4><span style=\"color: #ff6600\">Programa\u00e7\u00e3o<\/span><\/h4>\n<div>\n<div class=\"data first\">\n<h4>23\/09\/2025<\/h4>\n<\/div>\n<div class=\"\">\n<div class=\"panel panel-default panel-programacao\">\n<div class=\"panel-body\">\n<div class=\"col-md-3 horario-atividade\"><i class=\"fa fa-fw fa-circle\"><\/i>\u00a0<span class=\"horario\">09:00\u00a0&#8211;\u00a019:30<\/span><\/div>\n<div class=\"col-md-9\"><span class=\"atividade text-capitalize\">Credenciamento<\/span><br \/>\nSess\u00e3o de Debate (01 e 02)<\/div>\n<\/div>\n<\/div>\n<\/div>\n<div class=\"\">\n<div class=\"panel panel-default panel-programacao\">\n<div class=\"panel-body\"><\/div>\n<\/div>\n<\/div>\n<div class=\"\">\n<div class=\"panel panel-default panel-programacao\">\n<div class=\"panel-body\">\n<div class=\"col-md-9\">\u00a0<span class=\"horario\">14:00\u00a0&#8211;\u00a017:30<\/span><\/div>\n<\/div>\n<\/div>\n<\/div>\n<div class=\"\">\n<div class=\"panel panel-default panel-programacao\">\n<div class=\"panel-body\">\n<div class=\"col-md-9\"><span class=\"atividade text-capitalize\">Oficina &#8211; Metodologias para pesquisa em Literatura<\/span><br \/>\n<span class=\"desc-atividade text-muted\">Oficina<\/span>\u00a0<span class=\"desc-atividade text-muted\">Com\u00a0<\/span><span class=\"desc-atividade text-muted\">Eduardo Mello<\/span><\/div>\n<\/div>\n<\/div>\n<\/div>\n<div class=\"\">\n<div class=\"panel panel-default panel-programacao\">\n<div class=\"panel-body\">\n<div class=\"col-md-3 horario-atividade\"><i class=\"fa fa-fw fa-circle\"><\/i>\u00a0<span class=\"horario\">19:00\u00a0&#8211;\u00a022:00<\/span><\/div>\n<div class=\"col-md-9\"><span class=\"atividade text-capitalize\">Palestra de Abertura &#8211; <a href=\"https:\/\/www.youtube.com\/watch?v=6WH8pdL-FVg\">Regionalidades, ambiente amaz\u00f4nico e o historiador como criador de territ\u00f3rios<\/a><\/span><br \/>\n<span class=\"desc-atividade text-muted\">Palestra<\/span>\u00a0<span class=\"desc-atividade text-muted\">Com\u00a0<\/span><span class=\"desc-atividade text-muted\">Francivaldo Nunes (UFPA)<\/span><\/div>\n<\/div>\n<\/div>\n<\/div>\n<\/div>\n<div>\n<div class=\"data\">\n<h4>24\/09\/2025<\/h4>\n<\/div>\n<div class=\"\">\n<div class=\"panel panel-default panel-programacao\">\n<div class=\"panel-body\">\n<div class=\"col-md-3 horario-atividade\"><i class=\"fa fa-fw fa-circle\"><\/i>\u00a0<span class=\"horario\">09:00\u00a0&#8211;\u00a019:30<\/span><\/div>\n<div class=\"col-md-9\"><span class=\"atividade text-capitalize\">Credenciamento<\/span><br \/>\n<span class=\"horario\">09:00\u00a0&#8211;\u00a012:00<\/span><\/div>\n<\/div>\n<\/div>\n<\/div>\n<div class=\"\">\n<div class=\"panel panel-default panel-programacao\">\n<div class=\"panel-body\">\n<div class=\"col-md-9\"><span class=\"atividade text-capitalize\">Sess\u00e3o de Debate (03 e 04)<\/span><\/div>\n<\/div>\n<\/div>\n<\/div>\n<div class=\"\">\n<div class=\"panel panel-default panel-programacao\">\n<div class=\"panel-body\">\n<div class=\"col-md-3 horario-atividade\"><i class=\"fa fa-fw fa-circle\"><\/i>\u00a0<span class=\"horario\">13:30\u00a0&#8211;\u00a015:30<\/span><\/div>\n<div class=\"col-md-9\"><span class=\"atividade text-capitalize\">Oficina &#8211; O Notebook LM (IA) na pesquisa<\/span><br \/>\n<span class=\"desc-atividade text-muted\">Oficina<\/span>\u00a0<span class=\"desc-atividade text-muted\">Com\u00a0<\/span><span class=\"desc-atividade text-muted\">Robson Laverdi<\/span><\/div>\n<\/div>\n<\/div>\n<\/div>\n<div class=\"\">\n<div class=\"panel panel-default panel-programacao\">\n<div class=\"panel-body\">\n<div class=\"col-md-3 horario-atividade\"><i class=\"fa fa-fw fa-circle\"><\/i>\u00a0<span class=\"horario\">16:00\u00a0&#8211;\u00a018:00<\/span><\/div>\n<div class=\"col-md-9\"><span class=\"atividade text-capitalize\">LAMUHDI &#8211; Conhecendo a digitaliza\u00e7\u00e3o de acervos<\/span><br \/>\n<span class=\"desc-atividade text-muted\">Visita Guiada<\/span>\u00a0<span class=\"desc-atividade text-muted\">Com\u00a0<\/span><span class=\"desc-atividade text-muted\">Gabriel Lacerda,\u00a0<\/span><span class=\"desc-atividade text-muted\">Karine de Fatima Almeida,\u00a0<\/span><span class=\"desc-atividade text-muted\">Edson Silva,\u00a0<\/span><span class=\"desc-atividade text-muted\">Lucas Vinicius Kaspzack,\u00a0<\/span><span class=\"desc-atividade text-muted\">Giovana Ferreira,\u00a0<\/span><span class=\"desc-atividade text-muted\">Julia Graciela Machado,\u00a0<\/span><span class=\"desc-atividade text-muted\">Cloter Migliorini Filho,<\/span><\/div>\n<\/div>\n<\/div>\n<\/div>\n<div class=\"\">\n<div class=\"panel panel-default panel-programacao\">\n<div class=\"panel-body\">\n<div class=\"col-md-3 horario-atividade\"><i class=\"fa fa-fw fa-circle\"><\/i>\u00a0<span class=\"horario\">19:00\u00a0&#8211;\u00a022:00<\/span><\/div>\n<div class=\"col-md-9\"><span class=\"atividade text-capitalize\">Mesa-redonda &#8211; <a href=\"https:\/\/www.youtube.com\/watch?v=QhZyXfyF9I4\">N\u00facleos de P\u00f3s-Gradua\u00e7\u00e3o<\/a><\/span><\/div>\n<\/div>\n<\/div>\n<\/div>\n<\/div>\n<div>\n<div class=\"data\">\n<h4>25\/09\/2025<\/h4>\n<\/div>\n<div class=\"\">\n<div class=\"panel panel-default panel-programacao\">\n<div class=\"panel-body\">\n<div class=\"col-md-3 horario-atividade\"><i class=\"fa fa-fw fa-circle\"><\/i>\u00a0<span class=\"horario\">09:00\u00a0&#8211;\u00a019:30<\/span><\/div>\n<div class=\"col-md-9\"><span class=\"atividade text-capitalize\">Credenciamento<\/span><br \/>\n<span class=\"horario\">09:00\u00a0&#8211;\u00a012:00<\/span><\/div>\n<\/div>\n<\/div>\n<\/div>\n<div class=\"\">\n<div class=\"panel panel-default panel-programacao\">\n<div class=\"panel-body\">\n<div class=\"col-md-9\"><span class=\"atividade text-capitalize\">Sess\u00e3o de Debate (05 e 06)<\/span><\/div>\n<\/div>\n<\/div>\n<\/div>\n<div class=\"\">\n<div class=\"panel panel-default panel-programacao\">\n<div class=\"panel-body\">\n<div class=\"col-md-3 horario-atividade\"><i class=\"fa fa-fw fa-circle\"><\/i>\u00a0<span class=\"horario\">13:30\u00a0&#8211;\u00a017:30<\/span><\/div>\n<div class=\"col-md-9\"><span class=\"atividade text-capitalize\">Oficina &#8211; Hist\u00f3ria e Novas Tecnologias<\/span><br \/>\n<span class=\"desc-atividade text-muted\">Oficina<\/span>\u00a0<span class=\"desc-atividade text-muted\">Com\u00a0<\/span><span class=\"desc-atividade text-muted\">Edson Silva<\/span><\/div>\n<\/div>\n<\/div>\n<\/div>\n<div class=\"\">\n<div class=\"panel panel-default panel-programacao\">\n<div class=\"panel-body\">\n<div class=\"col-md-3 horario-atividade\"><i class=\"fa fa-fw fa-circle\"><\/i>\u00a0<span class=\"horario\">19:00\u00a0&#8211;\u00a021:00<\/span><\/div>\n<div class=\"col-md-9\"><span class=\"atividade text-capitalize\">Sess\u00e3o de Debate (07 e 08) &#8211; Remota<\/span><\/div>\n<\/div>\n<\/div>\n<\/div>\n<div class=\"\">\n<div class=\"panel panel-default panel-programacao\">\n<div class=\"panel-body\">\n<div class=\"col-md-9\">\u00a0<span class=\"horario\">19:00\u00a0&#8211;\u00a022:00<\/span><\/div>\n<\/div>\n<\/div>\n<\/div>\n<div class=\"\">\n<div class=\"panel panel-default panel-programacao\">\n<div class=\"panel-body\">\n<div class=\"col-md-9\"><span class=\"atividade text-capitalize\">UEPG &#8211; Conhecendo os Centros de Documenta\u00e7\u00e3o (<\/span><span class=\"desc-atividade text-muted\">Visita Guiada)<\/span><\/div>\n<\/div>\n<\/div>\n<\/div>\n<\/div>\n<div>\n<div class=\"data\">\n<h4>26\/09\/2025<\/h4>\n<\/div>\n<div class=\"\">\n<div class=\"panel panel-default panel-programacao\">\n<div class=\"panel-body\">\n<div class=\"col-md-3 horario-atividade\"><i class=\"fa fa-fw fa-circle\"><\/i>\u00a0<span class=\"horario\">09:00\u00a0&#8211;\u00a019:30<\/span><\/div>\n<div class=\"col-md-9\"><span class=\"atividade text-capitalize\">Credenciamento<\/span><br \/>\n<span class=\"horario\">09:00\u00a0&#8211;\u00a012:00<\/span><\/div>\n<\/div>\n<\/div>\n<\/div>\n<div class=\"\">\n<div class=\"panel panel-default panel-programacao\">\n<div class=\"panel-body\">\n<div class=\"col-md-9\"><span class=\"atividade text-capitalize\">Sess\u00e3o de Debate (09 e 10)<\/span><\/div>\n<\/div>\n<\/div>\n<\/div>\n<div class=\"\">\n<div class=\"panel panel-default panel-programacao\">\n<div class=\"panel-body\">\n<div class=\"col-md-3 horario-atividade\"><i class=\"fa fa-fw fa-circle\"><\/i>\u00a0<span class=\"horario\">14:00\u00a0&#8211;\u00a017:00<\/span><\/div>\n<div class=\"col-md-9\"><span class=\"atividade text-capitalize\">Mesa-redonda &#8211; <a href=\"https:\/\/www.youtube.com\/watch?v=AX4WBe_od7k\">Cultura e Regionalidades<\/a> (Edson Silva, Erivan Karvat e Paulo Melo &#8211; UEPG)<\/span><br \/>\n<span class=\"horario\">19:00\u00a0&#8211;\u00a022:00<\/span><\/div>\n<\/div>\n<\/div>\n<\/div>\n<div class=\"\">\n<div class=\"panel panel-default panel-programacao\">\n<div class=\"panel-body\">\n<div class=\"col-md-9\"><span class=\"atividade text-capitalize\">Palestra de Encerramento &#8211; <a href=\"https:\/\/www.youtube.com\/watch?v=nd4-RN6ulBk\">Museus e Agenda 2030<\/a> &#8211; Paulo H. Martinez (UNESP Assis)<\/span><\/div>\n<div><\/div>\n<\/div>\n<\/div>\n<\/div>\n<\/div>\n<hr \/>\n<h3 style=\"text-align: center\"><span style=\"color: #333399\">Col\u00f3quios anteriores:<\/span><\/h3>\n<h5 style=\"text-align: right\"><a href=\"https:\/\/www2.uepg.br\/ppgh\/?page_id=638&amp;preview=true\">\u00a0<img loading=\"lazy\" class=\"alignnone size-medium wp-image-411\" src=\"http:\/\/www2.uepg.br\/ppgh\/wp-content\/uploads\/sites\/131\/2021\/08\/banner-300x67.jpg\" alt=\"\" width=\"300\" height=\"67\" srcset=\"https:\/\/www2.uepg.br\/ppgh\/wp-content\/uploads\/sites\/131\/2021\/08\/banner-300x67.jpg 300w, https:\/\/www2.uepg.br\/ppgh\/wp-content\/uploads\/sites\/131\/2021\/08\/banner-768x171.jpg 768w, https:\/\/www2.uepg.br\/ppgh\/wp-content\/uploads\/sites\/131\/2021\/08\/banner.jpg 793w\" sizes=\"(max-width: 300px) 100vw, 300px\" \/><\/a><\/h5>\n<h5 style=\"text-align: right\"><span style=\"color: #800080\"><a style=\"color: #800080\" href=\"http:\/\/www2.uepg.br\/ppgh\/wp-content\/uploads\/sites\/131\/2022\/08\/Anais-Coloquio-PPGH-UEPG-final-2.pdf\">Anais 1o. Coloquio PPGH-UEPG<\/a><\/span><\/h5>\n<hr \/>\n<h5><a href=\"https:\/\/www2.uepg.br\/ppgh\/2o-coloquio-do-ppgh\/ \u200e\"><img loading=\"lazy\" class=\"alignright wp-image-657\" src=\"http:\/\/www2.uepg.br\/ppgh\/wp-content\/uploads\/sites\/131\/2022\/08\/banner-2022.png\" alt=\"Banner do 2o. Col\u00f3quio do PPGH\" width=\"297\" height=\"67\" srcset=\"https:\/\/www2.uepg.br\/ppgh\/wp-content\/uploads\/sites\/131\/2022\/08\/banner-2022.png 1110w, https:\/\/www2.uepg.br\/ppgh\/wp-content\/uploads\/sites\/131\/2022\/08\/banner-2022-300x68.png 300w, https:\/\/www2.uepg.br\/ppgh\/wp-content\/uploads\/sites\/131\/2022\/08\/banner-2022-1024x231.png 1024w, https:\/\/www2.uepg.br\/ppgh\/wp-content\/uploads\/sites\/131\/2022\/08\/banner-2022-768x173.png 768w\" sizes=\"(max-width: 297px) 100vw, 297px\" \/><\/a><\/h5>\n<h5><\/h5>\n<h5><\/h5>\n<h5 style=\"text-align: right\"><span style=\"color: #339966\"><strong>\u00a0<\/strong><a style=\"color: #339966\" href=\"http:\/\/www2.uepg.br\/ppgh\/wp-content\/uploads\/sites\/131\/2023\/05\/Anais-II-Coloquio-rev.pdf\" target=\"_blank\" rel=\"noopener\">Anais 2o. Col\u00f3quio PPGH-UEPG<\/a><\/span><\/h5>\n<p>&nbsp;<\/p>\n<hr \/>\n<h5><a href=\"https:\/\/www2.uepg.br\/ppgh\/3o-coloquio-do-ppgh\/\" rel=\"attachment wp-att-943\"><img loading=\"lazy\" class=\"alignright wp-image-943\" src=\"http:\/\/www2.uepg.br\/ppgh\/wp-content\/uploads\/sites\/131\/2023\/08\/PPGH-1.png\" alt=\"\" width=\"299\" height=\"67\" \/><\/a><\/h5>\n<h5><\/h5>\n<h5><\/h5>\n<h5 style=\"text-align: right\"><span style=\"color: #ff6600\"><br \/>\n<a style=\"color: #ff6600\" href=\"https:\/\/www2.uepg.br\/ppgh\/3o-coloquio-do-ppgh\/anais-do-3o-coloquio-do-ppgh-ficha\/\" rel=\"attachment wp-att-1105\">Anais do 3o. Coloquio do PPGH<\/a><\/span><\/h5>\n<p>&nbsp;<\/p>\n<hr \/>\n<p><a href=\"https:\/\/www2.uepg.br\/ppgh\/4o-coloquio-do-ppgh\/\"><img loading=\"lazy\" class=\"alignright wp-image-1319\" src=\"http:\/\/www2.uepg.br\/ppgh\/wp-content\/uploads\/sites\/131\/2025\/07\/banner4oColoquio.jpg\" alt=\"\" width=\"308\" height=\"68\" srcset=\"https:\/\/www2.uepg.br\/ppgh\/wp-content\/uploads\/sites\/131\/2025\/07\/banner4oColoquio.jpg 1706w, https:\/\/www2.uepg.br\/ppgh\/wp-content\/uploads\/sites\/131\/2025\/07\/banner4oColoquio-300x66.jpg 300w, https:\/\/www2.uepg.br\/ppgh\/wp-content\/uploads\/sites\/131\/2025\/07\/banner4oColoquio-1024x226.jpg 1024w, https:\/\/www2.uepg.br\/ppgh\/wp-content\/uploads\/sites\/131\/2025\/07\/banner4oColoquio-768x170.jpg 768w, https:\/\/www2.uepg.br\/ppgh\/wp-content\/uploads\/sites\/131\/2025\/07\/banner4oColoquio-1536x339.jpg 1536w, https:\/\/www2.uepg.br\/ppgh\/wp-content\/uploads\/sites\/131\/2025\/07\/banner4oColoquio-1232x272.jpg 1232w\" sizes=\"(max-width: 308px) 100vw, 308px\" \/><\/a><\/p>\n<p>&nbsp;<\/p>\n<p>&nbsp;<\/p>\n<p style=\"text-align: right\"><a style=\"color: #008000\" href=\"http:\/\/www2.uepg.br\/ppgh\/wp-content\/uploads\/sites\/131\/2025\/03\/Anais-IV-Coloquio-PPGH-UEPG-capa-ISBN.pdf\">Anais do 4o. Col\u00f3quio<\/a><\/p>\n<p>&nbsp;<\/p>\n","protected":false},"excerpt":{"rendered":"<p>5o. Col\u00f3quio do PPGH ANAIS do V Col\u00f3quio do PPGH &#8211; clique aqui Sobre o V Col\u00f3quio do PPGH O V Col\u00f3quio do PPGH da Universidade Estadual de Ponta Grossa, \u00e9 organizado pelo Programa de P\u00f3s-Gradua\u00e7\u00e3o em Hist\u00f3ria (PPGH-UEPG). O evento acontecer\u00e1 entre os dias 23 e 26 de Setembro de 2025, trazendo como tema&nbsp;&hellip;<\/p>\n","protected":false},"author":378,"featured_media":0,"parent":0,"menu_order":0,"comment_status":"closed","ping_status":"closed","template":"","meta":[],"_links":{"self":[{"href":"https:\/\/www2.uepg.br\/ppgh\/wp-json\/wp\/v2\/pages\/433"}],"collection":[{"href":"https:\/\/www2.uepg.br\/ppgh\/wp-json\/wp\/v2\/pages"}],"about":[{"href":"https:\/\/www2.uepg.br\/ppgh\/wp-json\/wp\/v2\/types\/page"}],"author":[{"embeddable":true,"href":"https:\/\/www2.uepg.br\/ppgh\/wp-json\/wp\/v2\/users\/378"}],"replies":[{"embeddable":true,"href":"https:\/\/www2.uepg.br\/ppgh\/wp-json\/wp\/v2\/comments?post=433"}],"version-history":[{"count":90,"href":"https:\/\/www2.uepg.br\/ppgh\/wp-json\/wp\/v2\/pages\/433\/revisions"}],"predecessor-version":[{"id":1482,"href":"https:\/\/www2.uepg.br\/ppgh\/wp-json\/wp\/v2\/pages\/433\/revisions\/1482"}],"wp:attachment":[{"href":"https:\/\/www2.uepg.br\/ppgh\/wp-json\/wp\/v2\/media?parent=433"}],"curies":[{"name":"wp","href":"https:\/\/api.w.org\/{rel}","templated":true}]}}