{"id":593,"date":"2022-06-28T16:48:54","date_gmt":"2022-06-28T19:48:54","guid":{"rendered":"https:\/\/www2.uepg.br\/ppgh\/?page_id=593"},"modified":"2022-06-28T16:51:34","modified_gmt":"2022-06-28T19:51:34","slug":"edital-ppgh-uepg-09-2022","status":"publish","type":"page","link":"https:\/\/www2.uepg.br\/ppgh\/edital-ppgh-uepg-09-2022\/","title":{"rendered":"EDITAL PPGH UEPG 09 2022"},"content":{"rendered":"<p><img loading=\"lazy\" class=\"alignright size-full wp-image-278\" src=\"http:\/\/www2.uepg.br\/ppgh\/wp-content\/uploads\/sites\/131\/2021\/02\/imagem_2021-02-17_133847.png\" alt=\"\" width=\"257\" height=\"67\" \/><\/p>\n<p>&nbsp;<\/p>\n<p>&nbsp;<\/p>\n<p>&nbsp;<\/p>\n<hr \/>\n<p>EDITAL PPGH-UEPG 09\/2022<\/p>\n<p>INSCRI\u00c7\u00d5ES HOMOLOGADAS PARA O PROCESSO SELETIVO 2022, DE ACORDO COM OS EDITAIS PPGH-UEPG 05 e 08\/2022.<\/p>\n<table dir=\"ltr\" border=\"1\" cellspacing=\"0\" cellpadding=\"0\">\n<colgroup>\n<col width=\"290\" \/>\n<col width=\"245\" \/><\/colgroup>\n<tbody>\n<tr>\n<td data-sheets-value=\"{&quot;1&quot;:2,&quot;2&quot;:&quot;Nome completo&quot;}\">Nome completo<\/td>\n<td data-sheets-value=\"{&quot;1&quot;:2,&quot;2&quot;:&quot;Situa\u00e7\u00e3o da inscri\u00e7\u00e3o&quot;}\">Situa\u00e7\u00e3o da inscri\u00e7\u00e3o<\/td>\n<\/tr>\n<tr>\n<td data-sheets-value=\"{&quot;1&quot;:2,&quot;2&quot;:&quot;Alex Sandro Freitas&quot;}\">Alex Sandro Freitas<\/td>\n<td data-sheets-value=\"{&quot;1&quot;:2,&quot;2&quot;:&quot;Homologada&quot;}\">Homologada<\/td>\n<\/tr>\n<tr>\n<td data-sheets-value=\"{&quot;1&quot;:2,&quot;2&quot;:&quot;Amanda Caroline Teodoro&quot;}\">Amanda Caroline Teodoro<\/td>\n<td data-sheets-value=\"{&quot;1&quot;:2,&quot;2&quot;:&quot;Homologada&quot;}\">Homologada<\/td>\n<\/tr>\n<tr>\n<td data-sheets-value=\"{&quot;1&quot;:2,&quot;2&quot;:&quot;Analine Maquea Cardeal&quot;}\">Analine Maquea Cardeal<\/td>\n<td data-sheets-value=\"{&quot;1&quot;:2,&quot;2&quot;:&quot;Homologada&quot;}\">Homologada<\/td>\n<\/tr>\n<tr>\n<td data-sheets-value=\"{&quot;1&quot;:2,&quot;2&quot;:&quot;Arthur Ferreira Pinto&quot;}\">Arthur Ferreira Pinto<\/td>\n<td data-sheets-value=\"{&quot;1&quot;:2,&quot;2&quot;:&quot;Homologada&quot;}\">Homologada<\/td>\n<\/tr>\n<tr>\n<td data-sheets-value=\"{&quot;1&quot;:2,&quot;2&quot;:&quot;B\u00e1rbara do Carmo Noviski Gon\u00e7alves&quot;}\">B\u00e1rbara do Carmo Noviski Gon\u00e7alves<\/td>\n<td data-sheets-value=\"{&quot;1&quot;:2,&quot;2&quot;:&quot;Homologada&quot;}\">Homologada<\/td>\n<\/tr>\n<tr>\n<td data-sheets-value=\"{&quot;1&quot;:2,&quot;2&quot;:&quot;C\u00e1ssia Gabriel de Oliveira&quot;}\">C\u00e1ssia Gabriel de Oliveira<\/td>\n<td data-sheets-value=\"{&quot;1&quot;:2,&quot;2&quot;:&quot;Homologada&quot;}\">Homologada<\/td>\n<\/tr>\n<tr>\n<td data-sheets-value=\"{&quot;1&quot;:2,&quot;2&quot;:&quot;Elize Fadel&quot;}\">Elize Fadel<\/td>\n<td data-sheets-value=\"{&quot;1&quot;:2,&quot;2&quot;:&quot;Homologada&quot;}\">Homologada<\/td>\n<\/tr>\n<tr>\n<td data-sheets-value=\"{&quot;1&quot;:2,&quot;2&quot;:&quot;Erickson Adriano Nunes Alves Batista&quot;}\">Erickson Adriano Nunes Alves Batista<\/td>\n<td data-sheets-value=\"{&quot;1&quot;:2,&quot;2&quot;:&quot;Homologada&quot;}\">Homologada<\/td>\n<\/tr>\n<tr>\n<td data-sheets-value=\"{&quot;1&quot;:2,&quot;2&quot;:&quot;F\u00e1bio Ehlke Rodrigues&quot;}\">F\u00e1bio Ehlke Rodrigues<\/td>\n<td data-sheets-value=\"{&quot;1&quot;:2,&quot;2&quot;:&quot;Homologada&quot;}\">Homologada<\/td>\n<\/tr>\n<tr>\n<td data-sheets-value=\"{&quot;1&quot;:2,&quot;2&quot;:&quot;Fernanda Mauda &quot;}\">Fernanda Mauda<\/td>\n<td data-sheets-value=\"{&quot;1&quot;:2,&quot;2&quot;:&quot;Homologada&quot;}\">Homologada<\/td>\n<\/tr>\n<tr>\n<td data-sheets-value=\"{&quot;1&quot;:2,&quot;2&quot;:&quot;Fernando Cezar Czelusniak Costa&quot;}\">Fernando Cezar Czelusniak Costa<\/td>\n<td data-sheets-value=\"{&quot;1&quot;:2,&quot;2&quot;:&quot;Homologada&quot;}\">Homologada<\/td>\n<\/tr>\n<tr>\n<td data-sheets-value=\"{&quot;1&quot;:2,&quot;2&quot;:&quot;Giovana Rodrigues Martins &quot;}\">Giovana Rodrigues Martins<\/td>\n<td data-sheets-value=\"{&quot;1&quot;:2,&quot;2&quot;:&quot;Homologada&quot;}\">Homologada<\/td>\n<\/tr>\n<tr>\n<td data-sheets-value=\"{&quot;1&quot;:2,&quot;2&quot;:&quot;Giuliano Paulin Dias Martins&quot;}\">Giuliano Paulin Dias Martins<\/td>\n<td data-sheets-value=\"{&quot;1&quot;:2,&quot;2&quot;:&quot;Homologada&quot;}\">Homologada<\/td>\n<\/tr>\n<tr>\n<td data-sheets-value=\"{&quot;1&quot;:2,&quot;2&quot;:&quot;Guilherme Felipe Silva de Castro&quot;}\">Guilherme Felipe Silva de Castro<\/td>\n<td data-sheets-value=\"{&quot;1&quot;:2,&quot;2&quot;:&quot;Homologada&quot;}\">Homologada<\/td>\n<\/tr>\n<tr>\n<td data-sheets-value=\"{&quot;1&quot;:2,&quot;2&quot;:&quot;Jacqueline Aparecida Bueno Machado&quot;}\">Jacqueline Aparecida Bueno Machado<\/td>\n<td data-sheets-value=\"{&quot;1&quot;:2,&quot;2&quot;:&quot;Homologada&quot;}\">Homologada<\/td>\n<\/tr>\n<tr>\n<td data-sheets-value=\"{&quot;1&quot;:2,&quot;2&quot;:&quot;Jonathan Sergio de Freitas&quot;}\">Jonathan Sergio de Freitas<\/td>\n<td data-sheets-value=\"{&quot;1&quot;:2,&quot;2&quot;:&quot;Homologada&quot;}\">Homologada<\/td>\n<\/tr>\n<tr>\n<td data-sheets-value=\"{&quot;1&quot;:2,&quot;2&quot;:&quot;Lais Regina Rocha da Silva &quot;}\">Lais Regina Rocha da Silva<\/td>\n<td data-sheets-value=\"{&quot;1&quot;:2,&quot;2&quot;:&quot;Homologada&quot;}\">Homologada<\/td>\n<\/tr>\n<tr>\n<td data-sheets-value=\"{&quot;1&quot;:2,&quot;2&quot;:&quot;Laureen Silva&quot;}\">Laureen Silva<\/td>\n<td data-sheets-value=\"{&quot;1&quot;:2,&quot;2&quot;:&quot;Homologada&quot;}\">Homologada<\/td>\n<\/tr>\n<tr>\n<td data-sheets-value=\"{&quot;1&quot;:2,&quot;2&quot;:&quot;Miguel Willian Malacrida&quot;}\">Miguel Willian Malacrida<\/td>\n<td data-sheets-value=\"{&quot;1&quot;:2,&quot;2&quot;:&quot;Homologada&quot;}\">Homologada<\/td>\n<\/tr>\n<tr>\n<td data-sheets-value=\"{&quot;1&quot;:2,&quot;2&quot;:&quot;Mirielen Machado Rodrigues &quot;}\">Mirielen Machado Rodrigues<\/td>\n<td data-sheets-value=\"{&quot;1&quot;:2,&quot;2&quot;:&quot;Homologada&quot;}\">Homologada<\/td>\n<\/tr>\n<tr>\n<td data-sheets-value=\"{&quot;1&quot;:2,&quot;2&quot;:&quot;Nickson Claiter da Silva&quot;}\">Nickson Claiter da Silva<\/td>\n<td data-sheets-value=\"{&quot;1&quot;:2,&quot;2&quot;:&quot;Homologada&quot;}\">Homologada<\/td>\n<\/tr>\n<tr>\n<td data-sheets-value=\"{&quot;1&quot;:2,&quot;2&quot;:&quot;Osmara do Perp\u00e9tuo Zadvorne&quot;}\">Osmara do Perp\u00e9tuo Zadvorne<\/td>\n<td data-sheets-value=\"{&quot;1&quot;:2,&quot;2&quot;:&quot;Homologada&quot;}\">Homologada<\/td>\n<\/tr>\n<tr>\n<td data-sheets-value=\"{&quot;1&quot;:2,&quot;2&quot;:&quot;Rosana de F\u00e1tima Berton Bauer&quot;}\">Rosana de F\u00e1tima Berton Bauer<\/td>\n<td data-sheets-value=\"{&quot;1&quot;:2,&quot;2&quot;:&quot;Homologada&quot;}\">Homologada<\/td>\n<\/tr>\n<\/tbody>\n<\/table>\n<p style=\"text-align: right\">Ponta Grossa, 28 de junho de 2021<\/p>\n<p style=\"text-align: right\">Coordena\u00e7\u00e3o do PPGH-UEPG<\/p>\n","protected":false},"excerpt":{"rendered":"<p>&nbsp; &nbsp; &nbsp; EDITAL PPGH-UEPG 09\/2022 INSCRI\u00c7\u00d5ES HOMOLOGADAS PARA O PROCESSO SELETIVO 2022, DE ACORDO COM OS EDITAIS PPGH-UEPG 05 e 08\/2022. Nome completo Situa\u00e7\u00e3o da inscri\u00e7\u00e3o Alex Sandro Freitas Homologada Amanda Caroline Teodoro Homologada Analine Maquea Cardeal Homologada Arthur Ferreira Pinto Homologada B\u00e1rbara do Carmo Noviski Gon\u00e7alves Homologada C\u00e1ssia Gabriel de Oliveira Homologada Elize&nbsp;&hellip;<\/p>\n","protected":false},"author":188,"featured_media":0,"parent":0,"menu_order":0,"comment_status":"closed","ping_status":"closed","template":"","meta":[],"_links":{"self":[{"href":"https:\/\/www2.uepg.br\/ppgh\/wp-json\/wp\/v2\/pages\/593"}],"collection":[{"href":"https:\/\/www2.uepg.br\/ppgh\/wp-json\/wp\/v2\/pages"}],"about":[{"href":"https:\/\/www2.uepg.br\/ppgh\/wp-json\/wp\/v2\/types\/page"}],"author":[{"embeddable":true,"href":"https:\/\/www2.uepg.br\/ppgh\/wp-json\/wp\/v2\/users\/188"}],"replies":[{"embeddable":true,"href":"https:\/\/www2.uepg.br\/ppgh\/wp-json\/wp\/v2\/comments?post=593"}],"version-history":[{"count":2,"href":"https:\/\/www2.uepg.br\/ppgh\/wp-json\/wp\/v2\/pages\/593\/revisions"}],"predecessor-version":[{"id":596,"href":"https:\/\/www2.uepg.br\/ppgh\/wp-json\/wp\/v2\/pages\/593\/revisions\/596"}],"wp:attachment":[{"href":"https:\/\/www2.uepg.br\/ppgh\/wp-json\/wp\/v2\/media?parent=593"}],"curies":[{"name":"wp","href":"https:\/\/api.w.org\/{rel}","templated":true}]}}