{"id":638,"date":"2022-08-04T15:46:36","date_gmt":"2022-08-04T18:46:36","guid":{"rendered":"https:\/\/www2.uepg.br\/ppgh\/?page_id=638"},"modified":"2022-08-04T15:46:57","modified_gmt":"2022-08-04T18:46:57","slug":"1o-coloquio-do-ppgh-2021","status":"publish","type":"page","link":"https:\/\/www2.uepg.br\/ppgh\/1o-coloquio-do-ppgh-2021\/","title":{"rendered":"1o. Col\u00f3quio do PPGH &#8211; 2021"},"content":{"rendered":"<p><a href=\"https:\/\/www2.uepg.br\/ppgh\/?page_id=638&amp;preview=true\">\u00a0<img loading=\"lazy\" class=\"alignnone size-medium wp-image-411\" src=\"http:\/\/www2.uepg.br\/ppgh\/wp-content\/uploads\/sites\/131\/2021\/08\/banner-300x67.jpg\" alt=\"\" width=\"300\" height=\"67\" srcset=\"https:\/\/www2.uepg.br\/ppgh\/wp-content\/uploads\/sites\/131\/2021\/08\/banner-300x67.jpg 300w, https:\/\/www2.uepg.br\/ppgh\/wp-content\/uploads\/sites\/131\/2021\/08\/banner-768x171.jpg 768w, https:\/\/www2.uepg.br\/ppgh\/wp-content\/uploads\/sites\/131\/2021\/08\/banner.jpg 793w\" sizes=\"(max-width: 300px) 100vw, 300px\" \/><\/a><\/p>\n<p><em><span style=\"color: #800080\"><strong>Anais<\/strong> <\/span><\/em><span style=\"color: #000000\">&#8211; clique<\/span> <a href=\"http:\/\/www2.uepg.br\/ppgh\/wp-content\/uploads\/sites\/131\/2022\/08\/Anais-Coloquio-PPGH-UEPG-final-2.pdf\">neste link<\/a>\u00a0<span style=\"color: #000000\">com o bot\u00e3o direito do mouse e salve o arquivo\u00a0<\/span><\/p>\n<p><span style=\"color: #000000\"><a href=\"https:\/\/www2.uepg.br\/ppgh\/ppgh-anuncia-1o-coloquio\/\">Primeira Circular<\/a> (instru\u00e7\u00f5es para inscri\u00e7\u00e3o de trabalhos)<\/span><\/p>\n<p><a href=\"https:\/\/www2.uepg.br\/ppgh\/inscricoes-abertas-para-minicursos-no-1o-coloquio\/\">Formul\u00e1rio<\/a> para inscri\u00e7\u00e3o em minicursos (para alunos de gradua\u00e7\u00e3o)<\/p>\n<p><a href=\"https:\/\/forms.gle\/fQvx4cEqJkvTJVcj8\">Formul\u00e1rio<\/a> para inscri\u00e7\u00e3o de ouvintes<\/p>\n<p style=\"text-align: center\"><strong><u>Programa\u00e7\u00e3o<\/u><\/strong><\/p>\n<table>\n<tbody>\n<tr>\n<td width=\"132\"><\/td>\n<td width=\"146\">29\/09 &#8211; Quarta<\/td>\n<td width=\"145\">30\/09 \u2013 Quinta<\/td>\n<td width=\"144\">01\/10 &#8211; Sexta<\/td>\n<\/tr>\n<tr>\n<td width=\"132\">8:30 &#8211; 11:30 h<\/td>\n<td width=\"146\">&nbsp;<\/p>\n<p><strong>Oficina 1<\/strong> &#8211; Conserva\u00e7\u00e3o de fontes hist\u00f3ricas (Samara H. de Lima)<\/p>\n<p>&nbsp;<\/p>\n<p><strong>Minicurso 1<\/strong>\u00a0&#8211; Usos e abusos dos peri\u00f3dicos como fonte de pesquisa<br \/>\nhist\u00f3rica: di\u00e1logo entre a fonte f\u00edsica e a digitalizada (Frederico R. H. Gomes; Thayn\u00e1 G. A. Martins)<\/p>\n<p>&nbsp;<\/td>\n<td width=\"145\"><strong>Oficina 2<\/strong> &#8211; Tempo e Espa\u00e7o: os nuances da historicidade na materialidade<br \/>\nda paisagem &#8211; Jo\u00e3o Francisco M.M. Nogueira<strong>Minicurso 1 &#8211;<\/strong>\u00a0Usos e abusos dos peri\u00f3dicos como fonte de pesquisa<br \/>\nhist\u00f3rica: di\u00e1logo entre a fonte f\u00edsica e a digitalizada<strong>Minicurso 3<\/strong> &#8211; Das bichas militantes \u00e0 pesquisa acad\u00eamica: uma conversa<br \/>\nentre o movimento homossexual brasileiro e a produ\u00e7\u00e3o acad\u00eamica atual<br \/>\nsobre temas LGBTQIA+\u00a0 (Alisson Gon\u00e7alves; Mariana B. de Souza)<\/td>\n<td width=\"144\"><\/td>\n<\/tr>\n<tr>\n<td width=\"132\">14:00 \u2013 17:00 h<\/td>\n<td width=\"146\"><a href=\"https:\/\/www2.uepg.br\/ppgh\/449-2\/\">Sess\u00e3o de debates 1<\/a><\/p>\n<p><a href=\"https:\/\/www2.uepg.br\/ppgh\/449-2\/\">Sess\u00e3o de debates 2<\/a><\/td>\n<td width=\"145\"><a href=\"https:\/\/www2.uepg.br\/ppgh\/449-2\/\">Sess\u00e3o de debates 3<\/a><\/p>\n<p><a href=\"https:\/\/www2.uepg.br\/ppgh\/449-2\/\">Sess\u00e3o de debates 4<\/a><\/td>\n<td width=\"144\"><a href=\"https:\/\/www2.uepg.br\/ppgh\/449-2\/\">Sess\u00e3o de debates 5<\/a><\/p>\n<p><a href=\"https:\/\/www2.uepg.br\/ppgh\/449-2\/\">Sess\u00e3o de debates 6<\/a><\/td>\n<\/tr>\n<tr>\n<td width=\"132\">18:30 \u2013 21:30 h<\/td>\n<td width=\"146\">Abertura<\/p>\n<p>Confer\u00eancia: Os rumos da avalia\u00e7\u00e3o da \u00e1rea de Hist\u00f3ria na CAPES<\/p>\n<p>(Prof. Dr. Cl\u00e1udio Batalha &#8211; Unicamp)<\/td>\n<td width=\"145\">Painel: O PPGH-UEPG em Perspectiva: avalia\u00e7\u00f5es e metas futuras<\/p>\n<p>Colegiado do PPGH<\/p>\n<p>Convidado: Prof. Dr. Cl\u00e1udio Denipotti (UEL)<\/td>\n<td width=\"144\"><a href=\"https:\/\/www2.uepg.br\/ppgh\/449-2\/\">Sess\u00e3o de debates 7<\/a><\/p>\n<p><a href=\"https:\/\/www2.uepg.br\/ppgh\/449-2\/\">Sess\u00e3o de debates 8<\/a><\/p>\n<p><a href=\"https:\/\/www2.uepg.br\/ppgh\/449-2\/\">Sess\u00e3o de debates 9<\/a><\/td>\n<\/tr>\n<\/tbody>\n<\/table>\n<p>Trabalhos inscritos nas sess\u00f5es de debates: <a href=\"https:\/\/www2.uepg.br\/ppgh\/449-2\/\">&#8220;ensalamento&#8221;<\/a>.<\/p>\n","protected":false},"excerpt":{"rendered":"<p>\u00a0 Anais &#8211; clique neste link\u00a0com o bot\u00e3o direito do mouse e salve o arquivo\u00a0 Primeira Circular (instru\u00e7\u00f5es para inscri\u00e7\u00e3o de trabalhos) Formul\u00e1rio para inscri\u00e7\u00e3o em minicursos (para alunos de gradua\u00e7\u00e3o) Formul\u00e1rio para inscri\u00e7\u00e3o de ouvintes Programa\u00e7\u00e3o 29\/09 &#8211; Quarta 30\/09 \u2013 Quinta 01\/10 &#8211; Sexta 8:30 &#8211; 11:30 h &nbsp; Oficina 1 &#8211; Conserva\u00e7\u00e3o&nbsp;&hellip;<\/p>\n","protected":false},"author":188,"featured_media":0,"parent":0,"menu_order":0,"comment_status":"closed","ping_status":"closed","template":"","meta":[],"_links":{"self":[{"href":"https:\/\/www2.uepg.br\/ppgh\/wp-json\/wp\/v2\/pages\/638"}],"collection":[{"href":"https:\/\/www2.uepg.br\/ppgh\/wp-json\/wp\/v2\/pages"}],"about":[{"href":"https:\/\/www2.uepg.br\/ppgh\/wp-json\/wp\/v2\/types\/page"}],"author":[{"embeddable":true,"href":"https:\/\/www2.uepg.br\/ppgh\/wp-json\/wp\/v2\/users\/188"}],"replies":[{"embeddable":true,"href":"https:\/\/www2.uepg.br\/ppgh\/wp-json\/wp\/v2\/comments?post=638"}],"version-history":[{"count":2,"href":"https:\/\/www2.uepg.br\/ppgh\/wp-json\/wp\/v2\/pages\/638\/revisions"}],"predecessor-version":[{"id":640,"href":"https:\/\/www2.uepg.br\/ppgh\/wp-json\/wp\/v2\/pages\/638\/revisions\/640"}],"wp:attachment":[{"href":"https:\/\/www2.uepg.br\/ppgh\/wp-json\/wp\/v2\/media?parent=638"}],"curies":[{"name":"wp","href":"https:\/\/api.w.org\/{rel}","templated":true}]}}